{"id":9569,"date":"2025-03-31T11:05:24","date_gmt":"2025-03-31T14:05:24","guid":{"rendered":"https:\/\/www.infraestruturameioambiente.sp.gov.br\/pgibt\/?page_id=9569"},"modified":"2025-03-31T13:02:26","modified_gmt":"2025-03-31T16:02:26","slug":"filipe-pagin-claudio-ms","status":"publish","type":"page","link":"https:\/\/www.infraestruturameioambiente.sp.gov.br\/pgibt\/filipe-pagin-claudio-ms\/","title":{"rendered":"Filipe Pagin Cl\u00e1udio &#8211; MS"},"content":{"rendered":"<p><img decoding=\"async\" loading=\"lazy\" class=\"size-full wp-image-8353 aligncenter\" src=\"https:\/\/smastr16.blob.core.windows.net\/pgibt\/sites\/242\/2023\/01\/faixaposipa.jpg\" alt=\"\" width=\"950\" height=\"163\" srcset=\"https:\/\/smastr16.blob.core.windows.net\/pgibt\/sites\/242\/2023\/01\/faixaposipa.jpg 950w, https:\/\/smastr16.blob.core.windows.net\/pgibt\/sites\/242\/2023\/01\/faixaposipa-320x55.jpg 320w, https:\/\/smastr16.blob.core.windows.net\/pgibt\/sites\/242\/2023\/01\/faixaposipa-768x132.jpg 768w, https:\/\/smastr16.blob.core.windows.net\/pgibt\/sites\/242\/2023\/01\/faixaposipa-250x43.jpg 250w, https:\/\/smastr16.blob.core.windows.net\/pgibt\/sites\/242\/2023\/01\/faixaposipa-550x94.jpg 550w, https:\/\/smastr16.blob.core.windows.net\/pgibt\/sites\/242\/2023\/01\/faixaposipa-800x137.jpg 800w\" sizes=\"(max-width: 950px) 100vw, 950px\" \/><\/p>\n<hr align=\"center\" noshade=\"noshade\" size=\"1\" width=\"100%\" \/>\n<h2 style=\"text-align: center\">Filipe Pagin Cl\u00e1udio<\/h2>\n<hr align=\"center\" noshade=\"noshade\" size=\"1\" width=\"100%\" \/>\n<p style=\"text-align: center\">No dia 27 de setembro de 2023, em reuni\u00e3o virtual via plataforma Google Meet, o mestrando Filipe Pagin Cl\u00e1udio (bolsista Capes) do programa de p\u00f3s-gradua\u00e7\u00e3o <em>stricto sensu <\/em>em \u201cBiodiversidade Vegetal e Meio Ambiente\u201d, \u00e1rea de concentra\u00e7\u00e3o Plantas Avasculares e Fungos\u201d do Instituto de Pesquisas Ambientais da Secret\u00e1ria de Meio Ambiente, Infraestrutura e Log\u00edstica (IPA\/SEMIL), defendeu sua disserta\u00e7\u00e3o intitulada \u201cInvent\u00e1rio dos pol\u00edporos (Basidiomycota) em remanescentes florestais na Reserva da Biosfera do Cintur\u00e3o Verde de S\u00e3o Paulo, Juquitiba (SP, Brasil)\u201d.<\/p>\n<p style=\"text-align: center\">A banca examinadora foi presidida pela sua orientadora, Dra. Adriana de Mello Gugliotta do Instituto de Pesquisas Ambientais (IPA\/SEMIL), e composta pelo Dr. Francisco Kuhar, pesquisador associado ao Consejo Nacional de Investigaciones Cient\u00edficas y T\u00e9cnicas (CONICET) da Argentina, assim como pelo Dr. Nelson Menolli-J\u00fanior professor titular e pesquisador do Instituto Federal de S\u00e3o Paulo \u2013 Campus S\u00e3o Paulo (IFSP\/SP).<\/p>\n<hr align=\"center\" noshade=\"noshade\" size=\"1\" width=\"100%\" \/>\n<h3 style=\"text-align: center\">Invent\u00e1rio dos pol\u00edporos (Basidiomycota) em remanescentes florestais na Reserva da Biosfera do Cintur\u00e3o Verde de S\u00e3o Paulo, Juquitiba (SP, Brasil)<\/h3>\n<hr align=\"center\" noshade=\"noshade\" size=\"1\" width=\"100%\" \/>\n<h4 style=\"text-align: center\"><strong>RESUMO<\/strong><\/h4>\n<p style=\"text-align: justify\">Esse projeto apresenta metadados taxon\u00f4micos, ecol\u00f3gicos e educativos a partir de um invent\u00e1rio de pol\u00edporos (Basidiomycota) executado em remanescentes estrat\u00e9gicos da na Reserva da Biosfera do Cintur\u00e3o Verde de S\u00e3o Paulo (Floresta Atl\u00e2ntica brasileira) em Juquitiba, estado S\u00e3o Paulo, Brasil. Durante a pesquisa foram coletados, preservados e fotografados, 138 esp\u00e9cimes de pol\u00edporos, dos quais 62 esp\u00e9cies, 48 g\u00eaneros, 12 fam\u00edlias e 5 ordens foram identificadas. <em>Antrodia gosssypium<\/em>, <em>Fomitiporia subtilissima<\/em>, <em>Fuscoporia marquesiana<\/em>, <em>Microporellus terrestris<\/em>, <em>Neodictyopus atlanticae<\/em> e <em>Perenniporia brasiliensis<\/em> representam novos registros para o estado de S\u00e3o Paulo e em conjunto com a an\u00e1lise contextual de literatura especializada foram utilizados para inferir prospetos da pesquisa micol\u00f3gica b\u00e1sica em \u201c<em>hotspots\u201d<\/em>da biodiversidade. Sobre os aspectos ecol\u00f3gicos dos pol\u00edporos foram registrados aproximadamente 2.000 metadados dos substratos colonizados (<em>e.g.<\/em>, classe vegetal, estado da casca, est\u00e1gio de decomposi\u00e7\u00e3o, di\u00e2metro) para verifica\u00e7\u00e3o de poss\u00edveis correla\u00e7\u00f5es e constri\u00e7\u00f5es em um modelo hipot\u00e9tico do comportamento dos pol\u00edporos no universo amostral. Na dimens\u00e3o educativa, foi aplicado um modelo educacional, de propriedade intelectual do autor, por um Instituto Socioambiental da regiao metropolitana de S\u00e3o Paulo que o implementou, para 32 participantes (26 crian\u00e7as e 6 educadores), a partir do nosso suporte que incluiu treinamento t\u00e9cnico-cient\u00edfico, disponibiliza\u00e7\u00e3o de material did\u00e1tico, assim como foi realizado um evento imersivo para ensino dos fungos em remanescentes da Reserva da Biosfera do Cintur\u00e3o Verde de S\u00e3o Paulo.<\/p>\n<p style=\"text-align: justify\"><strong>Palavras-chave:<\/strong> Am\u00e9rica tropical; pol\u00edporos, Micologia.<\/p>\n<p style=\"text-align: center\"><strong>ABSTRACT<\/strong><\/p>\n<p style=\"text-align: justify\">This project presents taxonomical, ecological and educational metadata from an inventory of polypores (Basidiomycota) carried out in strategical remnants of the S\u00e3o Paulo Green Belt Biosphere Reserve (Brazilian Atlantic Forest) at Juquitiba, S\u00e3o Paulo state, Brazil. During the research 138 polypore specimens were sampled, preserved and photographed, from it 62 species, 48 genera, 12 families and 5 orders were identified. <em>Antrodia gossypium<\/em>, <em>Fomitiporia subtilissima<\/em>, <em>Fuscoporia marquesiana<\/em>, <em>Microporellus terrestris<\/em>, <em>Neodictyopus atlanticae<\/em> and <em>Perenniporia brasiliensis<\/em> account as new records for S\u00e3o Paulo state and together with the contextual analysis of proper literature they were utilized for infer prospects within base mycological research in biodiversity hotspots. About the ecological aspects of polypores, 2,000 metadata of the colonized substrates were surveyed (e.g., plant class, bark state, decay state, diameter) for the verification of possible correlations and constrictions in a hypothetical model of polypores behaviour in the sampled universe. In the educational dimension, an educational model, of intellectual property of the first author, was applied by socio environmental institute of the metropolitan region of S\u00e3o Paulo for 32 participants (26 children and 6 educators) with our support which included a technical-scientific training, availability of didactic material, as well as meetings for the logistical treatment of an immersive event for teaching fungi and nature in the strategic remnants of the S\u00e3o Paulo Green Belt Biosphere Reserve.<\/p>\n<p style=\"text-align: justify\"><strong>Keywords:<\/strong> polypores, Tropical America, Mycology.<\/p>\n<hr align=\"center\" noshade=\"noshade\" size=\"1\" width=\"100%\" \/>\n<p style=\"text-align: center\"><img decoding=\"async\" loading=\"lazy\" class=\"aligncenter\" src=\"https:\/\/smastr16.blob.core.windows.net\/pgibt\/2013\/09\/pdf_grande.gif\" alt=\"pdf_grande\" width=\"60\" height=\"60\" \/>(indispon\u00edvel para consulta)<\/p>\n<p style=\"text-align: center\"><strong>Filipe Pagin Cl\u00e1udio<\/strong><br \/>\nInvent\u00e1rio dos pol\u00edporos (Basidiomycota) em remanescentes florestais na Reserva da Biosfera do Cintur\u00e3o Verde de S\u00e3o Paulo, Juquitiba (SP, Brasil)<\/p>\n<hr align=\"center\" noshade=\"noshade\" size=\"1\" width=\"100%\" \/>\n<p style=\"text-align: center\"><strong>\u00a0<a href=\"www.infraestruturameioambiente.sp.gov.br\/pgibt\/dissertacoesteses\/\">VOLTAR AS DISSERTA\u00c7\u00d5ES E TESES<\/a><\/strong><\/p>\n<hr align=\"center\" noshade=\"noshade\" size=\"1\" width=\"&quot;10&lt;\/p\" \/>\n","protected":false},"excerpt":{"rendered":"<p>Filipe Pagin Cl\u00e1udio No dia 27 de setembro de 2023, em reuni\u00e3o virtual via plataforma Google Meet, o mestrando Filipe Pagin Cl\u00e1udio (bolsista Capes) do programa de p\u00f3s-gradua\u00e7\u00e3o stricto sensu em \u201cBiodiversidade Vegetal e Meio Ambiente\u201d, \u00e1rea de concentra\u00e7\u00e3o Plantas Avasculares e Fungos\u201d do Instituto de Pesquisas Ambientais da Secret\u00e1ria de Meio Ambiente, Infraestrutura e [&hellip;]<\/p>\n","protected":false},"author":187,"featured_media":0,"parent":0,"menu_order":0,"comment_status":"closed","ping_status":"closed","template":"","meta":[],"_links":{"self":[{"href":"https:\/\/www.infraestruturameioambiente.sp.gov.br\/pgibt\/wp-json\/wp\/v2\/pages\/9569"}],"collection":[{"href":"https:\/\/www.infraestruturameioambiente.sp.gov.br\/pgibt\/wp-json\/wp\/v2\/pages"}],"about":[{"href":"https:\/\/www.infraestruturameioambiente.sp.gov.br\/pgibt\/wp-json\/wp\/v2\/types\/page"}],"author":[{"embeddable":true,"href":"https:\/\/www.infraestruturameioambiente.sp.gov.br\/pgibt\/wp-json\/wp\/v2\/users\/187"}],"replies":[{"embeddable":true,"href":"https:\/\/www.infraestruturameioambiente.sp.gov.br\/pgibt\/wp-json\/wp\/v2\/comments?post=9569"}],"version-history":[{"count":5,"href":"https:\/\/www.infraestruturameioambiente.sp.gov.br\/pgibt\/wp-json\/wp\/v2\/pages\/9569\/revisions"}],"predecessor-version":[{"id":9589,"href":"https:\/\/www.infraestruturameioambiente.sp.gov.br\/pgibt\/wp-json\/wp\/v2\/pages\/9569\/revisions\/9589"}],"wp:attachment":[{"href":"https:\/\/www.infraestruturameioambiente.sp.gov.br\/pgibt\/wp-json\/wp\/v2\/media?parent=9569"}],"curies":[{"name":"wp","href":"https:\/\/api.w.org\/{rel}","templated":true}]}}