{"id":9565,"date":"2025-03-31T10:54:34","date_gmt":"2025-03-31T13:54:34","guid":{"rendered":"https:\/\/www.infraestruturameioambiente.sp.gov.br\/pgibt\/?page_id=9565"},"modified":"2025-03-31T10:54:34","modified_gmt":"2025-03-31T13:54:34","slug":"helena-rodrigues-fragoso-ms","status":"publish","type":"page","link":"https:\/\/www.infraestruturameioambiente.sp.gov.br\/pgibt\/helena-rodrigues-fragoso-ms\/","title":{"rendered":"Helena Rodrigues Fragoso &#8211; MS"},"content":{"rendered":"<p><img decoding=\"async\" loading=\"lazy\" class=\"size-full wp-image-8353 aligncenter\" src=\"https:\/\/smastr16.blob.core.windows.net\/pgibt\/sites\/242\/2023\/01\/faixaposipa.jpg\" alt=\"\" width=\"950\" height=\"163\" srcset=\"https:\/\/smastr16.blob.core.windows.net\/pgibt\/sites\/242\/2023\/01\/faixaposipa.jpg 950w, https:\/\/smastr16.blob.core.windows.net\/pgibt\/sites\/242\/2023\/01\/faixaposipa-320x55.jpg 320w, https:\/\/smastr16.blob.core.windows.net\/pgibt\/sites\/242\/2023\/01\/faixaposipa-768x132.jpg 768w, https:\/\/smastr16.blob.core.windows.net\/pgibt\/sites\/242\/2023\/01\/faixaposipa-250x43.jpg 250w, https:\/\/smastr16.blob.core.windows.net\/pgibt\/sites\/242\/2023\/01\/faixaposipa-550x94.jpg 550w, https:\/\/smastr16.blob.core.windows.net\/pgibt\/sites\/242\/2023\/01\/faixaposipa-800x137.jpg 800w\" sizes=\"(max-width: 950px) 100vw, 950px\" \/><\/p>\n<hr align=\"center\" noshade=\"noshade\" size=\"1\" width=\"100%\" \/>\n<h2 style=\"text-align: center\">Helena Rodrigues Fragoso<\/h2>\n<hr align=\"center\" noshade=\"noshade\" size=\"1\" width=\"100%\" \/>\n<p style=\"text-align: center\">Em 29 de Abril de 2022, Helena Rodrigues Fragoso, aluna de mestrado do Programa de P\u00f3s-Gradua\u00e7\u00e3o em Biodiversidade Vegetal e Meio Ambiente do Instituto de Pesquisas Ambientais, defendeu sua Disserta\u00e7\u00e3o de Mestrado intitulada, \u201cReavalia\u00e7\u00e3o molecular de macroalgas verdes monostrom\u00e1ticas (Ulvophyceae, Chlorophyta) com \u00eanfase em esp\u00e9cies brasileiras e ant\u00e1rticas\u201d, por videoconfer\u00eancia atrav\u00e9s da plataforma Microsoft Teams.<\/p>\n<p style=\"text-align: center\">A banca examinadora foi presidida por sua orientadora, Dra. Mutue Toyota Fujii (Instituto de Pesquisas Ambientais), e composta pela Dra. Priscila Barreto de Jesus (Universidade Federal do ABC, Centro de Ci\u00eancias Naturais e Humanas) e pelo Dr. Carlos Frederico Deluqui Gurgel (Instituto de Biodiversidade e Sustentabilidade, NUPEM\/UFRJ).<\/p>\n<p>&nbsp;<\/p>\n<hr align=\"center\" noshade=\"noshade\" size=\"1\" width=\"100%\" \/>\n<h3 style=\"text-align: center\">Reavalia\u00e7\u00e3o molecular de macroalgas verdes monostrom\u00e1ticas (Ulvophyceae, Chlorophyta) com \u00eanfase em esp\u00e9cies brasileiras e ant\u00e1rticas<\/h3>\n<hr align=\"center\" noshade=\"noshade\" size=\"1\" width=\"100%\" \/>\n<h4 style=\"text-align: center\"><strong>RESUMO<\/strong><\/h4>\n<p style=\"text-align: justify\">As macroalgas verdes monostrom\u00e1ticas s\u00e3o esp\u00e9cies foli\u00e1ceas com apenas uma camada de c\u00e9lulas em espessura, pertencentes aos g\u00eaneros <em>Gayralia<\/em>, <em>Monostroma<\/em> e <em>Protomonostroma<\/em> (Ulotrichales), <em>Kornmannia<\/em> e <em>Ulvaria <\/em>(Ulvales). No Brasil, as esp\u00e9cies de <em>Gayralia\/Monostroma<\/em> s\u00e3o comuns em manguezais, estu\u00e1rios e, eventualmente, em ambiente marinho. No sudeste asi\u00e1tico, as macroalgas verdes monostrom\u00e1ticas s\u00e3o conhecidas como \u201cparae\u201d, \u201chitoegusa\u201d e possuem elevado valor comercial por serem utilizadas na culin\u00e1ria tradicional e s\u00e3o cultivadas h\u00e1 s\u00e9culos. Estudos recentes demonstraram grande potencial biotecnol\u00f3gico dessas macroalgas, agregando valor como mat\u00e9ria-prima para novos segmentos das ind\u00fastrias farmac\u00eautica e cosm\u00e9tica. Entretanto, como o talo dessas macroalgas possui morfologia simples, problemas taxon\u00f4micos s\u00e3o abundantes na literatura. Apesar do hist\u00f3rico de vida e ontogenia do talo auxiliarem a delimita\u00e7\u00e3o dos t\u00e1xons, nem sempre s\u00e3o conclusivos em n\u00edvel de g\u00eanero e esp\u00e9cie. O uso de t\u00e9cnicas de biologia molecular, associado a estudos de morfologia, vem demonstrando grande potencial para a correta identifica\u00e7\u00e3o dos t\u00e1xons e a descoberta de esp\u00e9cies cr\u00edpticas. Assim, este trabalho visou analisar a diversidade de algas verdes monostrom\u00e1ticas, por meio de estudos morfol\u00f3gicos e moleculares dos marcadores plastidiais <em>rbc<\/em>L-5P e <em>tuf<\/em>A e do nuclear ITS, para confirmar a identidade taxon\u00f4mica das amostras e avaliar as rela\u00e7\u00f5es filogen\u00e9ticas dentro do grupo. As algas foram coletadas aleatoriamente nas seguintes localidades: S\u00e3o Paulo &#8211; Rio Escuro, Praia do Lamberto e Lagoinha (Ubatuba, litoral norte), Praia das Cigarras (S\u00e3o Sebasti\u00e3o), Ilha do Cardoso e Canan\u00e9ia (litoral sul); Bahia &#8211; Estu\u00e1rio de Mara\u00fa (Itacar\u00e9) e Cear\u00e1 &#8211; Praia de Flecheiras (Trairi). Material proveniente da Coreia do Sul e Pen\u00ednsula Ant\u00e1rtica tamb\u00e9m foram inclu\u00eddas na an\u00e1lise. Quatro esp\u00e9cies foram identificadas neste estudo: <em>Gayralia brasiliensis, Monostroma oxyspermum, Monostroma hariotii<\/em> e <em>Monostroma kuroshiense<\/em>, mas somente as duas primeiras ocorrem no Brasil. <em>Monostroma oxyspermum<\/em> possui ampla distribui\u00e7\u00e3o nos dois hemisf\u00e9rios, mas no Brasil est\u00e1 mais restrita ao litoral sul e sudeste, nos ambientes estuarinos. <em>Gayralia brasiliensis <\/em>est\u00e1 mais bem distribu\u00edda nos ambientes estuarinos e marinhos do Brasil, desde Cear\u00e1 em dire\u00e7\u00e3o ao sul do pa\u00eds. Atrav\u00e9s dos marcadores <em>tuf<\/em>A e ITS, foi confirmada a primeira ocorr\u00eancia de <em>G. brasiliensis<\/em> no Oceano Pac\u00edfico (Hava\u00ed, EUA) e no Oceano \u00cdndico (\u00cdndia), uma esp\u00e9cie at\u00e9 ent\u00e3o end\u00eamica do Brasil. <em>M. kuroshiense <\/em>\u00e9 o nome correto das macroalgas verdes monostrom\u00e1ticas que ocorrem na Coreia do Sul e que vem sendo identificada com base em morfologia como <em>M. nitidum. <\/em>Pela primeira vez foram obtidas as sequ\u00eancias de ITS para <em>M. hariotii<\/em> da Pen\u00ednsula Ant\u00e1rtica (localidade tipo), <em>tuf<\/em>A para <em>G. brasiliensis <\/em>do Brasil e <em>tuf<\/em>A e <em>rbc<\/em>L-5P para <em>M. oxyspermum<\/em> do Brasil, e com base nas filogenias desses tr\u00eas marcadores confirmaram que o g\u00eanero <em>Monostroma<\/em> \u00e9 parafil\u00e9tico, estando presente em dois clados: um dos clados corresponde a <em>Ulvopsis<\/em> e o outro, que cont\u00e9m esp\u00e9cies identificadas como <em>Monostroma<\/em> e <em>Gayralia,<\/em> correspondem a um \u00fanico g\u00eanero, <em>Monostroma. <\/em>Os resultados obtidos no presente estudo confirmam que o g\u00eanero <em>Gayralia<\/em> \u00e9 parte do hist\u00f3rico de vida de <em>Monostroma<\/em>, como j\u00e1 havia sido apontado por outros autores. Ainda como resultado das an\u00e1lises filogen\u00e9ticas, novas combina\u00e7\u00f5es para <em>Monostroma hariotii<\/em> e <em>Gayralia brasiliensis<\/em> devem ser providenciadas dentro de <em>Ulvopsis<\/em> e <em>Monostroma<\/em>, respectivamente. Os resultados destacam tamb\u00e9m o potencial do uso de marcadores moleculares para auxiliar na identifica\u00e7\u00e3o taxon\u00f4mica de esp\u00e9cies de interesse comercial.<\/p>\n<p style=\"text-align: justify\"><strong>Palavras-chave:<\/strong> filogenia, ITS, <em>rbc<\/em>L-5P, <em>tuf<\/em>A, Ulotrichales, Ulvales.<\/p>\n<h4 style=\"text-align: center\"><strong>ABSTRACT<\/strong><\/h4>\n<p style=\"text-align: justify\">The monostromatic green macroalgae are blade-shaped species with only one layer of cells in thickness, belonging to the genera <em>Gayralia<\/em>, <em>Monostroma<\/em> and <em>Protomonostroma<\/em> (Ulotrichales), <em>Kornmannia<\/em> and <em>Ulvaria<\/em> (Ulvales). In Brazil, <em>Gayralia\/Monostroma<\/em> species are common in mangroves, estuaries and, eventually, in the marine environment. In Southeast Asia, monostromatic green macroalgae are known as <em>\u201cparae\u201d,<\/em> <em>\u201chitoegusa\u201d<\/em> and have high commercial value for being used in traditional cuisine and have been cultivated for centuries. Recent studies have shown great biotechnological potential of these macroalgae, adding value as a raw material for new segments of the pharmaceutical and cosmetic industries. However, as the thallus of these macroalgae has a simple morphology, taxonomic problems abound in the literature. Although the life history and ontogeny of the thallus help the delimitation of taxa, they are not always conclusive at the genus and species level. The use of molecular biology techniques, associated with morphology studies, has shown great potential for the correct identification of taxa and the discovery of cryptic species. Thus, this work aimed to analyze the diversity of monostromatic green algae, through morphological and molecular studies of the plastid markers <em>rbc<\/em>L-5P and <em>tuf<\/em>A and the nuclear ITS, to confirm the taxonomic identity of the samples and evaluate the phylogenetic relationships within the group. The algae were randomly collected in the following locations: S\u00e3o Paulo &#8211; Rio Escuro, Praia do Lamberto and Lagoinha (Ubatuba, north coast), Praia das Cigarras (S\u00e3o Sebasti\u00e3o), Ilha do Cardoso and Canan\u00e9ia (south coast); Bahia &#8211; Mara\u00fa Estuary (Itacar\u00e9) and Cear\u00e1 &#8211; Flecheiras Beach (Trairi). Material from South Korea and the Antarctic Peninsula was also included in the analysis. Four species were identified in this study: <em>Gayralia brasiliensis<\/em>, <em>Monostroma oxyspermum<\/em>, <em>Monostroma hariotii<\/em> and <em>Monostroma kuroshiense<\/em>, but only the first two occur in Brazil. <em>Monostroma oxyspermum<\/em> has a wide distribution in both hemispheres, but in Brazil it is restricted to the south and southeast coast, in estuarine environments. <em>Gayralia brasiliensis<\/em> is better distributed in the estuarine and marine environments of Brazil, from Cear\u00e1 towards the south of the country. Through the markers <em>tuf<\/em>A and ITS, the first occurrence of <em>G. brasiliensis<\/em> in the Pacific Ocean (Hawaii, USA) and in the Indian Ocean (India) was confirmed, a species until then endemic to Brazil. <em>M. kuroshiense<\/em> is the correct name for the monostromatic green macroalgae that occurs in South Korea and which has been identified based on morphology as <em>M. nitidum<\/em>. For the first time, ITS sequences were obtained for <em>M. hariotii<\/em> from the Antarctic Peninsula (type locality), <em>tuf<\/em>A for <em>G. brasiliensis<\/em> from Brazil and <em>tuf<\/em>A and <em>rbc<\/em>L-5P for <em>M. oxyspermum<\/em> from Brazil, and based on the phylogenies of these three markers confirmed that the genus <em>Monostroma<\/em> is paraphyletic, being present in two clades: one of the clades corresponds to <em>Ulvopsis<\/em> and the other, which contains species identified as <em>Monostroma<\/em> and <em>Gayralia<\/em>, correspond to a single genus, <em>Monostroma<\/em>. The results obtained in the present study confirm that the genus <em>Gayralia <\/em>is part of the life history of <em>Monostroma<\/em>, as had already been pointed out by other authors. Also, as a result of the phylogenetic analyses, new combinations for <em>Monostroma hariotii<\/em> and <em>Gayralia brasiliensis<\/em> should be provided within <em>Ulvopsis<\/em> and <em>Monostroma<\/em>, respectively. The results also highlight the potential of using molecular markers to assist in the taxonomic identification of species of commercial interest.<\/p>\n<p style=\"text-align: justify\"><strong>Keywords:<\/strong> phylogeny, ITS, <em>rbc<\/em>L-5P, <em>tuf<\/em>A, Ulotrichales, Ulvales.<\/p>\n<hr align=\"center\" noshade=\"noshade\" size=\"1\" width=\"100%\" \/>\n<p style=\"text-align: center\"><img decoding=\"async\" loading=\"lazy\" class=\"aligncenter\" src=\"https:\/\/smastr16.blob.core.windows.net\/pgibt\/2013\/09\/pdf_grande.gif\" alt=\"pdf_grande\" width=\"60\" height=\"60\" \/><strong>Helena Rodrigues Fragoso<\/strong><br \/>\nReavalia\u00e7\u00e3o molecular de macroalgas verdes monostrom\u00e1ticas (Ulvophyceae, Chlorophyta) com \u00eanfase em esp\u00e9cies brasileiras e ant\u00e1rticas<\/p>\n<hr align=\"center\" noshade=\"noshade\" size=\"1\" width=\"100%\" \/>\n<p style=\"text-align: center\"><strong>\u00a0<a href=\"www.infraestruturameioambiente.sp.gov.br\/pgibt\/dissertacoesteses\/\">VOLTAR AS DISSERTA\u00c7\u00d5ES E TESES<\/a><\/strong><\/p>\n<hr align=\"center\" noshade=\"noshade\" size=\"1\" width=\"&quot;10&lt;\/p\" \/>\n","protected":false},"excerpt":{"rendered":"<p>Helena Rodrigues Fragoso Em 29 de Abril de 2022, Helena Rodrigues Fragoso, aluna de mestrado do Programa de P\u00f3s-Gradua\u00e7\u00e3o em Biodiversidade Vegetal e Meio Ambiente do Instituto de Pesquisas Ambientais, defendeu sua Disserta\u00e7\u00e3o de Mestrado intitulada, \u201cReavalia\u00e7\u00e3o molecular de macroalgas verdes monostrom\u00e1ticas (Ulvophyceae, Chlorophyta) com \u00eanfase em esp\u00e9cies brasileiras e ant\u00e1rticas\u201d, por videoconfer\u00eancia atrav\u00e9s da [&hellip;]<\/p>\n","protected":false},"author":187,"featured_media":0,"parent":0,"menu_order":0,"comment_status":"closed","ping_status":"closed","template":"","meta":[],"_links":{"self":[{"href":"https:\/\/www.infraestruturameioambiente.sp.gov.br\/pgibt\/wp-json\/wp\/v2\/pages\/9565"}],"collection":[{"href":"https:\/\/www.infraestruturameioambiente.sp.gov.br\/pgibt\/wp-json\/wp\/v2\/pages"}],"about":[{"href":"https:\/\/www.infraestruturameioambiente.sp.gov.br\/pgibt\/wp-json\/wp\/v2\/types\/page"}],"author":[{"embeddable":true,"href":"https:\/\/www.infraestruturameioambiente.sp.gov.br\/pgibt\/wp-json\/wp\/v2\/users\/187"}],"replies":[{"embeddable":true,"href":"https:\/\/www.infraestruturameioambiente.sp.gov.br\/pgibt\/wp-json\/wp\/v2\/comments?post=9565"}],"version-history":[{"count":1,"href":"https:\/\/www.infraestruturameioambiente.sp.gov.br\/pgibt\/wp-json\/wp\/v2\/pages\/9565\/revisions"}],"predecessor-version":[{"id":9566,"href":"https:\/\/www.infraestruturameioambiente.sp.gov.br\/pgibt\/wp-json\/wp\/v2\/pages\/9565\/revisions\/9566"}],"wp:attachment":[{"href":"https:\/\/www.infraestruturameioambiente.sp.gov.br\/pgibt\/wp-json\/wp\/v2\/media?parent=9565"}],"curies":[{"name":"wp","href":"https:\/\/api.w.org\/{rel}","templated":true}]}}