{"id":9556,"date":"2025-03-31T10:43:39","date_gmt":"2025-03-31T13:43:39","guid":{"rendered":"https:\/\/www.infraestruturameioambiente.sp.gov.br\/pgibt\/?page_id=9556"},"modified":"2025-03-31T10:43:39","modified_gmt":"2025-03-31T13:43:39","slug":"fernanda-satori-petrongari-dr","status":"publish","type":"page","link":"https:\/\/www.infraestruturameioambiente.sp.gov.br\/pgibt\/fernanda-satori-petrongari-dr\/","title":{"rendered":"Fernanda Satori Petrongari &#8211; DR"},"content":{"rendered":"<p><a href=\"arquivos.ambiente.sp.gov.br\/pgibt\/2015\/02\/faixapos6.jpg\"><img decoding=\"async\" loading=\"lazy\" class=\"aligncenter wp-image-3777 size-full\" style=\"border: 0px\" src=\"https:\/\/smastr16.blob.core.windows.net\/pgibt\/2015\/02\/faixapos6.jpg\" alt=\"faixapos6\" width=\"950\" height=\"163\" srcset=\"https:\/\/smastr16.blob.core.windows.net\/pgibt\/2015\/02\/faixapos6.jpg 950w, https:\/\/smastr16.blob.core.windows.net\/pgibt\/2015\/02\/faixapos6-768x131.jpg 768w\" sizes=\"(max-width: 950px) 100vw, 950px\" \/><\/a><\/p>\n<hr align=\"center\" noshade=\"noshade\" size=\"1\" width=\"100%\" \/>\n<h2 style=\"text-align: center\">Fernanda Satori Petrongari<\/h2>\n<hr align=\"center\" noshade=\"noshade\" size=\"1\" width=\"100%\" \/>\n<p style=\"text-align: center\">Em 25 de fevereiro de 2021, por videoconfer\u00eancia, Fernanda Satori Petrongari, aluna de doutorado do Programa de P\u00f3s-gradua\u00e7\u00e3o em Biodiversidade Vegetal e Meio Ambiente e bolsista da Coordena\u00e7\u00e3o de Aperfei\u00e7oamento de Pessoal de N\u00edvel Superior (CAPES), defendeu a sua tese intitulada: <strong>\u201cRevis\u00e3o taxon\u00f4mica do complexo <em>Distimake digitatus<\/em> (Spreng.) A.R. Sim\u00f5es &amp; Staples (Convolvulaceae)\u201d.<\/strong><\/p>\n<p style=\"text-align: center\"><img decoding=\"async\" loading=\"lazy\" class=\"aligncenter size-full wp-image-9557\" src=\"https:\/\/smastr16.blob.core.windows.net\/pgibt\/sites\/242\/2025\/03\/fernanda-satori-petrongari-dr.jpg\" alt=\"\" width=\"567\" height=\"317\" srcset=\"https:\/\/smastr16.blob.core.windows.net\/pgibt\/sites\/242\/2025\/03\/fernanda-satori-petrongari-dr.jpg 567w, https:\/\/smastr16.blob.core.windows.net\/pgibt\/sites\/242\/2025\/03\/fernanda-satori-petrongari-dr-320x179.jpg 320w, https:\/\/smastr16.blob.core.windows.net\/pgibt\/sites\/242\/2025\/03\/fernanda-satori-petrongari-dr-250x140.jpg 250w, https:\/\/smastr16.blob.core.windows.net\/pgibt\/sites\/242\/2025\/03\/fernanda-satori-petrongari-dr-550x307.jpg 550w, https:\/\/smastr16.blob.core.windows.net\/pgibt\/sites\/242\/2025\/03\/fernanda-satori-petrongari-dr-322x180.jpg 322w, https:\/\/smastr16.blob.core.windows.net\/pgibt\/sites\/242\/2025\/03\/fernanda-satori-petrongari-dr-537x300.jpg 537w\" sizes=\"(max-width: 567px) 100vw, 567px\" \/>A banca examinadora foi presidida pela Profa. Dra. Ros\u00e2ngela Sim\u00e3o Bianchini (IBt-SP), tendo como membros externos a Profa. Dra. Maria Teresa Aureliano Buril (Universidade Federal Rural de Pernambuco \u2013 Pernambuco), o Dr. Gustavo Hiroaki Shimizu (Universidade de Campinas \u2013 S\u00e3o Paulo), o Prof. Dr. Allan Carlos Pscheidt (Faculdades Metropolitanas Unidas \u2013 S\u00e3o Paulo) e como membro interno a Profa. Dra. Maria Beatriz Rossi Caruzo (Universidade Federal de S\u00e3o Paulo \u2013 S\u00e3o Paulo).<\/p>\n<p style=\"text-align: center\">O trabalho focou na revis\u00e3o de esp\u00e9cies Neotropicais do g\u00eanero<em> Distimake <\/em>Raf. (Convolvulaceae: <em>Incertae sedis<\/em>), maior dos seis g\u00eaneros derivados da dissolu\u00e7\u00e3o do g\u00eanero Pantropical <em>Merremia<\/em> Dennst. ex Endl., com foco em espec\u00edfico nas esp\u00e9cies, as pertencentes ao complexo morfol\u00f3gico \u201c<em>Distimake digitatus\u201d<\/em>, com base na an\u00e1lise de exsicatas de herb\u00e1rios nacionais e internacionais, de todos os materiais tipos de nomes associados, e informa\u00e7\u00f5es coletadas durante trabalho de campo.<\/p>\n<p style=\"text-align: center\">Nesse trabalho, reconhecemos 32 esp\u00e9cies e 4 variedades de <em>Distimake <\/em>ocorrendo no continente americano, revisadas pelo meio de uma sinopse, contendo uma caracteriza\u00e7\u00e3o morfol\u00f3gica detalhada da varia\u00e7\u00e3o presente no g\u00eanero; e um tratamento taxon\u00f4mico detalhado para 22 t\u00e1xons do complexo morfol\u00f3gico <em>Distimake digitatus.<\/em> Foram realizadas tamb\u00e9m novas an\u00e1lises filogen\u00e9ticas, que contam com inclus\u00e3o de novos dados de 11 esp\u00e9cies, de dois marcadores (<em>matK e rps16), <\/em>mas mesmo com amplia\u00e7\u00e3o da amostragem de <em>Distimake,<\/em> n\u00e3o houve modifica\u00e7\u00e3o das hip\u00f3teses filogen\u00e9ticas propostas em Sim\u00f5es et al. (2015).<\/p>\n<hr align=\"center\" noshade=\"noshade\" size=\"1\" width=\"100%\" \/>\n<h3 style=\"text-align: center\">Revis\u00e3o taxon\u00f4mica do complexo <em>Distimake digitatus<\/em> (Spreng.) A.R. Sim\u00f5es &amp; Staples (Convolvulaceae)<\/h3>\n<hr align=\"center\" noshade=\"noshade\" size=\"1\" width=\"100%\" \/>\n<h4 style=\"text-align: center\"><strong>ABSTRACT<\/strong><\/h4>\n<p style=\"text-align: justify\"><em>Distimake<\/em> (Convolvulaceae), monophyletic genus with Pantropical distribution and greatest richness in the Neotropics, it has recently been re-delimited due to morphological and molecular evidence resulting from systematic studies in the dissolved tribe Merremieae and the polyphyletic and polymorphic genus <em>Merremia<\/em>, which most of its species were previously included in. The proposed re-delimitation of <em>Merremia<\/em> <em>s.l.<\/em> into four monophyletic genera (<em>Camonea<\/em>, <em>Decalobanthus<\/em>, <em>Distimake,<\/em> and <em>Merremia<\/em> <em>s.s.<\/em>) has improved the understanding of which morphological characters are diagnostic for each, as it has reduced the large morphological variation that was previously observed in <em>Merremia<\/em> s.l., but there are several problems of morphological delimitation among the taxa that make up each genus. In <em>Distimake<\/em>, one of the problems is the &#8220;<em>Merremia digitata<\/em> complex&#8221;, delimited by Austin &amp; Staples in 1983 based on 106 exsiccates of five taxa that occur in Brazilian grasslands and Cerrados and poorly studied by earlier authors due to the scarcity of specimens. However, with time and more available specimens, it was observed that the delimitation proposed by Austin &amp; Staples (three species and two varieties) did not cover the morphological diversity observed in herbaria, making it necessary to revise it. Therefore, we present the taxonomic revision of the &#8220;<em>Distimake digitatus<\/em> complex&#8221; based on the analysis of exsiccates, of all type specimens of associated names, and field information. From the morphological variation observed in the specimens of these five initial taxa, we recognized 11 taxa (<em>D. caespitosus<\/em> [sp. nov.], <em>D. cissoides<\/em>, <em>D. digitatus<\/em>, <em>D. ericoides<\/em> [comb. nov.], <em>D. ericoides<\/em> var. <em>divergens<\/em> [comb. nov, syn. nov.], <em>D. flagellaris<\/em>, <em>D. flagellaris <\/em>var. <em>glandulosissimus<\/em> [var. nov.], <em>D. hirsutus<\/em>, <em>D. laxiflorus<\/em> [sp. nov.], <em>D. maragniensis<\/em> [comb. nov.], <em>D. potentilloides<\/em> [comb. nov.]); supplement with the taxonomic treatment of seven morphologically related species. For contribution of taxonomic and systematic studies of <em>Distimake<\/em> a synopsis for the New World is being presented, where we recognize the occurrence of 36 taxa (32 species and four varieties), and the combination of <em>D. discoidespermus<\/em>, <em>D. dissectus<\/em> var. <em>subintegrus<\/em> (= <em>D. dissectus<\/em> var. <em>edentatus<\/em>), <em>D.<\/em> <em>platyphyllus<\/em>, and <em>D. pavonii<\/em> (= <em>D. macdonaldii<\/em>); and we also performed new phylogenetic analyses, with the inclusion of 28 sequences of the plastidial markers <em>matK<\/em> and <em>rps16<\/em> from 11 taxa, 8 of them sampled for the first time, which analyzed together with the data from the previous study, we reconfirm monophyly of <em>Distimake<\/em> and present a discussion on infrageneric classification.<\/p>\n<p style=\"text-align: justify\"><strong>Key words:<\/strong> Neotropical Flora, <em>Merremia<\/em>, nomenclature, taxonomy, climbers.<\/p>\n<h4 style=\"text-align: center\"><strong>RESUMO<\/strong><\/h4>\n<p style=\"text-align: justify\"><em>Distimake <\/em>(Convolvulaceae), g\u00eanero monofil\u00e9tico com distribui\u00e7\u00e3o Pantropical e maior riqueza nos Neotr\u00f3picos, foi recentemente re-delimitado devido a evid\u00eancias morfol\u00f3gicas e moleculares resultantes dos estudos sistem\u00e1ticos da dissolvida tribo Merremieae e do polifil\u00e9tico e polim\u00f3rfico g\u00eanero <em>Merremia<\/em>, o qual a maioria de suas esp\u00e9cies era anteriormente inclu\u00edda. A proposta re-delimita\u00e7\u00e3o <em>Merremia<\/em> <em>s.l.<\/em> em quatro g\u00eaneros monofil\u00e9ticos (<em>Camonea<\/em>, <em>Decalobanthus<\/em>, <em>Distimake<\/em> e <em>Merremia<\/em> s.s.) melhorou a compreens\u00e3o quais caracteres morfol\u00f3gicos s\u00e3o diagn\u00f3sticos para cada um deles, pois diminuiu a grande varia\u00e7\u00e3o morfol\u00f3gica que antes era observado em <em>Merremia s.l.<\/em>, por\u00e9m, ainda h\u00e1 diversos problemas de delimita\u00e7\u00e3o morfol\u00f3gica entre os t\u00e1xons que comp\u00f5e cada g\u00eanero. Em <em>Distimake,<\/em> um dos problemas \u00e9 o \u201ccomplexo <em>Merremia digitata<\/em>\u201d, delimitado por Austin &amp; Staples em 1983 baseado em 106 exsicatas de cinco t\u00e1xons que ocorrem nos campos e Cerrados Brasileiros e que foram pouco estudado por autores anteriores devido \u00e0 escassez de material. Por\u00e9m com o tempo e mais esp\u00e9cimes dispon\u00edveis, come\u00e7ou-se a observar que a delimita\u00e7\u00e3o proposta por Austin &amp; Staples (tr\u00eas esp\u00e9cies e duas variedades) n\u00e3o abrangiam a diversidade morfol\u00f3gica observada nos herb\u00e1rios, sendo necess\u00e1ria sua revis\u00e3o. Assim, apresentamos a revis\u00e3o taxon\u00f4mica do \u201ccomplexo <em>Distimake digitatus\u201d<\/em> com base na an\u00e1lise de exsicatas, de todos materiais tipos de nomes associados, e informa\u00e7\u00f5es de campo. A partir da variedade morfol\u00f3gica observada nos esp\u00e9cimes dos cinco t\u00e1xons iniciais, reconhecemos 11 t\u00e1xons (<em>D. caespitosus<\/em> [sp. nov.], <em>D. cissoides<\/em>, <em>D. digitatus,<\/em> <em>D. ericoides <\/em>[comb. nov.]<em>, D. ericoides<\/em> var. <em>divergens<\/em> [comb. nov., syn. nov.], <em>D. flagellaris, D.<\/em> <em>flagellaris var. glandulosissimus <\/em>[var. nov.], <em>D. hirsutus,<\/em> <em>D. laxiflorus<\/em> [sp. nov.], <em>D. maragniensis <\/em>[comb. nov.]<em>, D. potentilloides <\/em>[comb. nov.]); complementado com o tratamento taxon\u00f4mico de sete esp\u00e9cies morfologicamente relacionadas. Para contribui\u00e7\u00e3o nos estudos taxon\u00f4micos e sistem\u00e1ticos de <em>Distimake,<\/em> \u00e9 apresentada uma sinopse para o Novo Mundo, onde reconhecemos a ocorr\u00eancia de 36 t\u00e1xons (32 esp\u00e9cies e quatro variedades), e a combina\u00e7\u00e3o de <em>D. discoidespermus, D. dissectus <\/em>var. <em>subintegrus (<\/em>= <em>D. dissectus<\/em> var. <em>edentatus)<\/em>, <em>D. platyphyllus,<\/em> e <em>D. pavonii<\/em> (= <em>D<\/em>. <em>macdonaldii<\/em>); tamb\u00e9m realizamos novas an\u00e1lises filogen\u00e9ticas, com a inclus\u00e3o de 28 sequencias dos marcadores plastidiais <em>matK<\/em> e <em>rps16<\/em> de 11 t\u00e1xons, sendo 8 deles pela primeira vez amostrados, que analisados junto aos dados do estudo anterior, reconfirmamos o monofiletismo de <em>Distimake <\/em>e apresentamos uma discuss\u00e3o sobre classifica\u00e7\u00e3o infragen\u00e9rica.<\/p>\n<p style=\"text-align: justify\"><strong>Palavras-chave:<\/strong> Flora Neotropical, <em>Merremia<\/em>, nomenclatura, taxonomia, trepadeiras.<\/p>\n<hr align=\"center\" noshade=\"noshade\" size=\"1\" width=\"100%\" \/>\n<p style=\"text-align: center\"><img decoding=\"async\" loading=\"lazy\" class=\"aligncenter\" src=\"https:\/\/smastr16.blob.core.windows.net\/pgibt\/2013\/09\/pdf_grande.gif\" alt=\"pdf_grande\" width=\"60\" height=\"60\" \/><span style=\"color: #000000\">(indispon\u00edvel para consulta)<\/span><\/p>\n<p style=\"text-align: center\"><span style=\"color: #000000\">Fernanda Satori Petrongari<\/span><br \/>\nRevis\u00e3o taxon\u00f4mica do complexo <em>Distimake digitatus<\/em> (Spreng.) A.R. Sim\u00f5es &amp; Staples (Convolvulaceae)<\/p>\n<hr align=\"center\" noshade=\"noshade\" size=\"1\" width=\"100%\" \/>\n<p style=\"text-align: center\"><strong>\u00a0<a href=\"www.infraestruturameioambiente.sp.gov.br\/pgibt\/dissertacoesteses\/\">VOLTAR AS DISSERTA\u00c7\u00d5ES E TESES<\/a><\/strong><\/p>\n<hr align=\"center\" noshade=\"noshade\" size=\"1\" width=\"100%\" \/>\n","protected":false},"excerpt":{"rendered":"<p>Fernanda Satori Petrongari Em 25 de fevereiro de 2021, por videoconfer\u00eancia, Fernanda Satori Petrongari, aluna de doutorado do Programa de P\u00f3s-gradua\u00e7\u00e3o em Biodiversidade Vegetal e Meio Ambiente e bolsista da Coordena\u00e7\u00e3o de Aperfei\u00e7oamento de Pessoal de N\u00edvel Superior (CAPES), defendeu a sua tese intitulada: \u201cRevis\u00e3o taxon\u00f4mica do complexo Distimake digitatus (Spreng.) A.R. Sim\u00f5es &amp; Staples [&hellip;]<\/p>\n","protected":false},"author":187,"featured_media":0,"parent":0,"menu_order":0,"comment_status":"closed","ping_status":"closed","template":"","meta":[],"_links":{"self":[{"href":"https:\/\/www.infraestruturameioambiente.sp.gov.br\/pgibt\/wp-json\/wp\/v2\/pages\/9556"}],"collection":[{"href":"https:\/\/www.infraestruturameioambiente.sp.gov.br\/pgibt\/wp-json\/wp\/v2\/pages"}],"about":[{"href":"https:\/\/www.infraestruturameioambiente.sp.gov.br\/pgibt\/wp-json\/wp\/v2\/types\/page"}],"author":[{"embeddable":true,"href":"https:\/\/www.infraestruturameioambiente.sp.gov.br\/pgibt\/wp-json\/wp\/v2\/users\/187"}],"replies":[{"embeddable":true,"href":"https:\/\/www.infraestruturameioambiente.sp.gov.br\/pgibt\/wp-json\/wp\/v2\/comments?post=9556"}],"version-history":[{"count":1,"href":"https:\/\/www.infraestruturameioambiente.sp.gov.br\/pgibt\/wp-json\/wp\/v2\/pages\/9556\/revisions"}],"predecessor-version":[{"id":9558,"href":"https:\/\/www.infraestruturameioambiente.sp.gov.br\/pgibt\/wp-json\/wp\/v2\/pages\/9556\/revisions\/9558"}],"wp:attachment":[{"href":"https:\/\/www.infraestruturameioambiente.sp.gov.br\/pgibt\/wp-json\/wp\/v2\/media?parent=9556"}],"curies":[{"name":"wp","href":"https:\/\/api.w.org\/{rel}","templated":true}]}}