{"id":9547,"date":"2025-03-31T10:30:07","date_gmt":"2025-03-31T13:30:07","guid":{"rendered":"https:\/\/www.infraestruturameioambiente.sp.gov.br\/pgibt\/?page_id=9547"},"modified":"2025-03-31T10:30:07","modified_gmt":"2025-03-31T13:30:07","slug":"camila-barbosa-de-araujo-dr","status":"publish","type":"page","link":"https:\/\/www.infraestruturameioambiente.sp.gov.br\/pgibt\/camila-barbosa-de-araujo-dr\/","title":{"rendered":"Camila Barbosa de Ara\u00fajo &#8211; DR"},"content":{"rendered":"<p><a href=\"arquivos.ambiente.sp.gov.br\/pgibt\/2015\/02\/faixapos6.jpg\"><img decoding=\"async\" loading=\"lazy\" class=\"aligncenter wp-image-3777 size-full\" style=\"border: 0px\" src=\"https:\/\/smastr16.blob.core.windows.net\/pgibt\/2015\/02\/faixapos6.jpg\" alt=\"faixapos6\" width=\"950\" height=\"163\" srcset=\"https:\/\/smastr16.blob.core.windows.net\/pgibt\/2015\/02\/faixapos6.jpg 950w, https:\/\/smastr16.blob.core.windows.net\/pgibt\/2015\/02\/faixapos6-768x131.jpg 768w\" sizes=\"(max-width: 950px) 100vw, 950px\" \/><\/a><\/p>\n<hr align=\"center\" noshade=\"noshade\" size=\"1\" width=\"100%\" \/>\n<h2 style=\"text-align: center\">Camila Barbosa de Ara\u00fajo<\/h2>\n<hr align=\"center\" noshade=\"noshade\" size=\"1\" width=\"100%\" \/>\n<p style=\"text-align: center\">No dia 23 de fevereiro de 2017, com in\u00edcio \u00e0s 13:45, o aluno da p\u00f3s-gradua\u00e7\u00e3o em Biodiversidade Vegetal e Meio Ambiente do Instituto de Bot\u00e2nica, S\u00e3o Paulo (IBt), Watson Arantes Gama J\u00fanior (bolsista FAPESP) defendeu sua Tese de Doutorado intitulada \u201cEstudo polif\u00e1sico de cianobact\u00e9rias cocoides terrestres de \u00e1reas da Mata Atl\u00e2ntica, SP, Brasil\u201d. A banca examinadora foi composta pela Dra. C\u00e9lia L. Sant\u2019Anna (orientadora\/Instituto de Bot\u00e2nica), Dra. Marli F. Fiore (CENA\/USP), Dra Maria T. Paiva Azevedo (Bioalgas), Dr. Lu\u00eds Henrique Z. Branco (IBILCE\/UNESP) e Dra. Val\u00e9ria Cassano (Universidade de S\u00e3o Paulo).<\/p>\n<p style=\"text-align: center\">O trabalho avaliou cepas de cianobact\u00e9rias cocoides isoladas de ambientes terrestres da Mata Atl\u00e2ntica por meio de uma abordagem polif\u00e1sica, o que inclui estudos morfol\u00f3gicos, ultraestruturais e moleculares. Al\u00e9m disso, foi investigado o potencial de cepas selecionados para produ\u00e7\u00e3o de subst\u00e2ncias com atividade antioxidante e antif\u00fangica. Como resultados principais, obteve-se o seguinte: a defini\u00e7\u00e3o e proposi\u00e7\u00e3o de uma nova fam\u00edlia, a descoberta de quatro novos g\u00eaneros, a descri\u00e7\u00e3o de dez novas esp\u00e9cies e a primeira caracteriza\u00e7\u00e3o com base no DNAr 16S e ITS 16S-23S do g\u00eanero <em>Asterocapsa<\/em> e das esp\u00e9cies <em>Chroococcus subviolaceus<\/em> e<em> Gloeothece interspersa<\/em>. Al\u00e9m disso, as esp\u00e9cies tipo de dois dos g\u00eaneros novos propostos mostraram-se com grande potencial para produ\u00e7\u00e3o de antioxidantes e antif\u00fangicos. Tamb\u00e9m foi proposta a defini\u00e7\u00e3o e diferencia\u00e7\u00e3o dos termos nan\u00f3citos e bae\u00f3citos, o que tem efeitos diretos na considera\u00e7\u00e3o da ordem Pleurocapsales como um grupo monofil\u00e9tico.<\/p>\n<hr align=\"center\" noshade=\"noshade\" size=\"1\" width=\"100%\" \/>\n<h3 style=\"text-align: center\">Estudo polif\u00e1sico em<em> Micrasterias arcuata<\/em> (Desmidiaceae, Zygnematophyceae) e suas implica\u00e7\u00f5es taxon\u00f4micas e nomenclaturais<\/h3>\n<hr align=\"center\" noshade=\"noshade\" size=\"1\" width=\"100%\" \/>\n<h4 style=\"text-align: center\"><strong>ABSTRACT<\/strong><\/h4>\n<p style=\"text-align: justify\"><em>Micrasterias arcuata<\/em> Bailey (Desmidiaceae, Zygnematophyceae) includes a wide morphometrical variability and a high number of often poorly circumscribed infraspecific categories that makes it a species with an extremely problematic taxonomy and nomenclature. Data availability on the influence of environmental variables on the polymorphism and autoecology of this species is yet incipient. In addition, its phylogenetic position in relation to the genus <em>Micrasterias<\/em> and other close related taxonomic categories remains unknown. Present Doctoral Dissertation aims at expanding the knowledge of the morphological characterization of <em>M. arcuata<\/em> and some infraspecific taxa both in observational and experimental conditions. In addition, to carry out the first phylogenetic study on the species. Chapter 1 includes traditional, geometric morphometric analyses and SEM performed on natural populations collected from a reservoir at the Itirapina Experimental Station, S\u00e3o Paulo State, Brazil. The main objective of this chapter is to evaluate the <em>M. arcuata<\/em> morphotypes, and to identify possible diagnostic characteristics capable of differentiated them. In chapter 2, the first phylogenetic study carried out for the species in question. Therefore, morphotypes of <em>M. arcuata<\/em> were collected, isolated and kept under ideal culturing conditions. Three strains of previous identified morphotypes were studied. For extraction of genetic material, three molecular markers were used: nuclear SSU rDNA and two chloplastid ones, <em>psa<\/em>A and <em>rbc<\/em>L. Results obtained show a great genetic diversity in <em>M. arcuata<\/em> species, as well as the proposition of a new genus and three new species belonging Desmidiaceae.<\/p>\n<p style=\"text-align: justify\"><strong>Key words: <\/strong>culturing, desmid, phylogeny, polyphasic taxonomy, polymorphism.<\/p>\n<h4 style=\"text-align: center\"><strong>RESUMO<\/strong><\/h4>\n<p style=\"text-align: justify\"><em>Micrasterias arcuata <\/em>Bailey (Desmidiaceae, Zygnematophyceae) apresenta ampla variabilidade morfom\u00e9trica e um elevado n\u00famero de categorias infraspec\u00edficas muitas vezes mal circunscritas, o que a torna uma esp\u00e9cie de taxonomia e nomenclatura extremamente problem\u00e1ticas. Informa\u00e7\u00e3o em literatura sobre a influ\u00eancia das vari\u00e1veis ambientais no polimorfismo e na autecologia dessa esp\u00e9cie \u00e9 bastante incipiente. Al\u00e9m disso, seu posicionamento filogen\u00e9tico em rela\u00e7\u00e3o ao g\u00eanero <em>Micrasterias<\/em>, assim como a outros g\u00eaneros e \u00e0s categorias taxon\u00f4micas infragen\u00e9ricas pr\u00f3ximas permanece desconhecido. A presente tese visa a ampliar o conhecimento da caracteriza\u00e7\u00e3o morfol\u00f3gica de <em>M. arcuata <\/em>e de suas categorias infraspec\u00edficas (morfotipos) <em>in situ<\/em> e em condi\u00e7\u00f5es de cultivo, al\u00e9m de realizar o primeiro estudo filogen\u00e9tico sobre a esp\u00e9cie. No cap\u00edtulo 1, foram realizadas an\u00e1lises morfol\u00f3gicas com base na morfometria tradicional, morfometria geom\u00e9trica e MEV em popula\u00e7\u00f5es naturais coletadas em um a\u00e7ude situado na Esta\u00e7\u00e3o Experimental de Itirapina, Estado de S\u00e3o Paulo, Brasil. O principal objetivo desse cap\u00edtulo foi avaliar os morfotipos de <em>M<\/em>. <em>arcuata<\/em> documentados para a \u00e1rea estudada e identificar poss\u00edveis caracter\u00edsticas diagn\u00f3sticas para diferenci\u00e1-los. No cap\u00edtulo 2, foi realizado o primeiro estudo filogen\u00e9tico para a esp\u00e9cie em quest\u00e3o. Para isso, morfotipos de <em>M. arcuata<\/em> previamente identificados e coletados na \u00e1rea de estudo foram isolados e mantidos em condi\u00e7\u00f5es ideais de cultivo. Foram usadas tr\u00eas cepas de morfotipos e\/ou categorias infraspec\u00edficas de <em>M. arcuata<\/em>. Para a extra\u00e7\u00e3o do material gen\u00e9tico foram utilizados tr\u00eas marcadores moleculares, o nuclear SSU rDNA e dois plastidiais, <em>psa<\/em>A e <em>rbc<\/em>L. Os resultados obtidos neste cap\u00edtulo mostraram grande diversidade gen\u00e9tica em <em>M. arcuata<\/em>, com a proposi\u00e7\u00e3o de um novo g\u00eanero e tr\u00eas esp\u00e9cies pertencentes \u00e0 fam\u00edlia Desmidiaceae.<\/p>\n<p style=\"text-align: justify\"><strong>Palavras-chave: <\/strong>cultivo, desm\u00eddia, filogenia, polimorfismo, taxonomia polif\u00e1sica.<\/p>\n<hr align=\"center\" noshade=\"noshade\" size=\"1\" width=\"100%\" \/>\n<p style=\"text-align: center\"><img decoding=\"async\" loading=\"lazy\" class=\"aligncenter\" src=\"https:\/\/smastr16.blob.core.windows.net\/pgibt\/2013\/09\/pdf_grande.gif\" alt=\"pdf_grande\" width=\"60\" height=\"60\" \/><span style=\"color: #000000\">(indispon\u00edvel para consulta)<\/span><\/p>\n<p style=\"text-align: center\"><span style=\"color: #000000\">Camila Barbosa de Ara\u00fajo<\/span><br \/>\nEstudo polif\u00e1sico em <em>Micrasterias arcuata<\/em> (Desmidiaceae, Zygnematophyceae) e suas implica\u00e7\u00f5es taxon\u00f4micas e nomenclaturais<\/p>\n<hr align=\"center\" noshade=\"noshade\" size=\"1\" width=\"100%\" \/>\n<p style=\"text-align: center\"><strong>\u00a0<a href=\"www.infraestruturameioambiente.sp.gov.br\/pgibt\/dissertacoesteses\/\">VOLTAR AS DISSERTA\u00c7\u00d5ES E TESES<\/a><\/strong><\/p>\n<hr align=\"center\" noshade=\"noshade\" size=\"1\" width=\"100%\" \/>\n","protected":false},"excerpt":{"rendered":"<p>Camila Barbosa de Ara\u00fajo No dia 23 de fevereiro de 2017, com in\u00edcio \u00e0s 13:45, o aluno da p\u00f3s-gradua\u00e7\u00e3o em Biodiversidade Vegetal e Meio Ambiente do Instituto de Bot\u00e2nica, S\u00e3o Paulo (IBt), Watson Arantes Gama J\u00fanior (bolsista FAPESP) defendeu sua Tese de Doutorado intitulada \u201cEstudo polif\u00e1sico de cianobact\u00e9rias cocoides terrestres de \u00e1reas da Mata Atl\u00e2ntica, [&hellip;]<\/p>\n","protected":false},"author":187,"featured_media":0,"parent":0,"menu_order":0,"comment_status":"closed","ping_status":"closed","template":"","meta":[],"_links":{"self":[{"href":"https:\/\/www.infraestruturameioambiente.sp.gov.br\/pgibt\/wp-json\/wp\/v2\/pages\/9547"}],"collection":[{"href":"https:\/\/www.infraestruturameioambiente.sp.gov.br\/pgibt\/wp-json\/wp\/v2\/pages"}],"about":[{"href":"https:\/\/www.infraestruturameioambiente.sp.gov.br\/pgibt\/wp-json\/wp\/v2\/types\/page"}],"author":[{"embeddable":true,"href":"https:\/\/www.infraestruturameioambiente.sp.gov.br\/pgibt\/wp-json\/wp\/v2\/users\/187"}],"replies":[{"embeddable":true,"href":"https:\/\/www.infraestruturameioambiente.sp.gov.br\/pgibt\/wp-json\/wp\/v2\/comments?post=9547"}],"version-history":[{"count":1,"href":"https:\/\/www.infraestruturameioambiente.sp.gov.br\/pgibt\/wp-json\/wp\/v2\/pages\/9547\/revisions"}],"predecessor-version":[{"id":9548,"href":"https:\/\/www.infraestruturameioambiente.sp.gov.br\/pgibt\/wp-json\/wp\/v2\/pages\/9547\/revisions\/9548"}],"wp:attachment":[{"href":"https:\/\/www.infraestruturameioambiente.sp.gov.br\/pgibt\/wp-json\/wp\/v2\/media?parent=9547"}],"curies":[{"name":"wp","href":"https:\/\/api.w.org\/{rel}","templated":true}]}}