{"id":9161,"date":"2024-05-22T11:04:01","date_gmt":"2024-05-22T14:04:01","guid":{"rendered":"https:\/\/www.infraestruturameioambiente.sp.gov.br\/pgibt\/?page_id=9161"},"modified":"2024-05-22T11:04:01","modified_gmt":"2024-05-22T14:04:01","slug":"iago-alonso-guedes-martins-ms","status":"publish","type":"page","link":"https:\/\/www.infraestruturameioambiente.sp.gov.br\/pgibt\/iago-alonso-guedes-martins-ms\/","title":{"rendered":"Iago Alonso Guedes Martins &#8211; MS"},"content":{"rendered":"<p><img decoding=\"async\" loading=\"lazy\" class=\"size-full wp-image-8353 aligncenter\" src=\"https:\/\/smastr16.blob.core.windows.net\/pgibt\/sites\/242\/2023\/01\/faixaposipa.jpg\" alt=\"\" width=\"950\" height=\"163\" srcset=\"https:\/\/smastr16.blob.core.windows.net\/pgibt\/sites\/242\/2023\/01\/faixaposipa.jpg 950w, https:\/\/smastr16.blob.core.windows.net\/pgibt\/sites\/242\/2023\/01\/faixaposipa-320x55.jpg 320w, https:\/\/smastr16.blob.core.windows.net\/pgibt\/sites\/242\/2023\/01\/faixaposipa-768x132.jpg 768w, https:\/\/smastr16.blob.core.windows.net\/pgibt\/sites\/242\/2023\/01\/faixaposipa-250x43.jpg 250w, https:\/\/smastr16.blob.core.windows.net\/pgibt\/sites\/242\/2023\/01\/faixaposipa-550x94.jpg 550w, https:\/\/smastr16.blob.core.windows.net\/pgibt\/sites\/242\/2023\/01\/faixaposipa-800x137.jpg 800w\" sizes=\"(max-width: 950px) 100vw, 950px\" \/><\/p>\n<hr align=\"center\" noshade=\"noshade\" size=\"1\" width=\"100%\" \/>\n<h2 style=\"text-align: center\">Iago Alonso Guedes Martins<\/h2>\n<hr align=\"center\" noshade=\"noshade\" size=\"1\" width=\"100%\" \/>\n<p style=\"text-align: center\">Este estudo se insere num projeto maior do Instituto Federal do Esp\u00edrito Santo (IFES), cujo principal objetivo foi a elabora\u00e7\u00e3o de um bioestimulante \u00e0 base de algas marinhas acess\u00edvel e f\u00e1cil de produzir. Neste trabalho, o foco foi entender a diversidade de esp\u00e9cies de algas marinhas arribadas \u2013 algas presentes em praias na forma de massas de aglomerados de esp\u00e9cies trazidos pelas ondas e mar\u00e9s \u2013 no litoral do estado do Esp\u00edrito Santo ao longo de um ano, buscando padr\u00f5es e diferen\u00e7as de distribui\u00e7\u00e3o das esp\u00e9cies entre o litoral norte e sul e entre os per\u00edodos de seca e de chuvas. Durante estas an\u00e1lises, o estado reprodutivo destas algas tamb\u00e9m foi observado, tanto para garantir que sua remo\u00e7\u00e3o para uso comercial n\u00e3o afete as popula\u00e7\u00f5es remanescentes de algas quanto para entender se o fen\u00f4meno de arribadas influencia no ciclo reprodutivo desses organismos, visto que ainda h\u00e1 poucos estudos que investigaram tal aspecto.<\/p>\n<p style=\"text-align: center\">Foram identificados 81 t\u00e1xons de algas marinhas arribadas, 54 delas sendo algas vermelhas, 16 algas verdes e 11 algas pardas. As an\u00e1lises comparativas revelaram pouca diferen\u00e7a entre as diferentes regi\u00f5es estudadas, por\u00e9m h\u00e1 uma vis\u00edvel sazonalidade, onde o per\u00edodo chuvoso \u00e9 mais rico em esp\u00e9cies. De todas as esp\u00e9cies encontradas, apenas 17 apresentaram estruturas reprodutivas durante o per\u00edodo estudado. Contudo, destas, apenas quatro esp\u00e9cies corriqueiramente estavam em estado reprodutivo, portanto, indicando que n\u00e3o h\u00e1 papel significativo dessas algas arribadas na manuten\u00e7\u00e3o de suas respectivas comunidades.<\/p>\n<hr align=\"center\" noshade=\"noshade\" size=\"1\" width=\"100%\" \/>\n<h3 style=\"text-align: center\">Uso sustent\u00e1vel de macroalgas arribadas no litoral do Esp\u00edrito Santo: an\u00e1lise da biodiversidade e do estado reprodutivo<\/h3>\n<hr align=\"center\" noshade=\"noshade\" size=\"1\" width=\"100%\" \/>\n<h4 style=\"text-align: center\"><strong>ABSTRACT<\/strong><\/h4>\n<p style=\"text-align: justify\">There is a consensus that the planet has been undergoing significant climate change, and these changes have affected the intensity and frequency of tropical storms, a fact that contributes to the occurrence of the phenomenon of beach-cast seaweeds on tropical coasts, including the Brazilian coast. This phenomenon is characterized by the natural detachment of algae from their substrate and their subsequent deposition on beaches across the coast after a period of drifting. Brazilian beach-casts are multispecific, including economically interesting and viable species, which can be used in various industries for the production of pharmaceutical inputs, cosmetics, animal feed, fertilizers and foods, due to their diverse nutraceutical properties. The coast of Esp\u00edrito Santo stands out for its diversity of marine macroalgae and the frequent occurrence of beach-cast seaweeds. However, the biomass deposited on beaches is often considered a public sanitation problem, where local governments discard algae in an attempt to maintain the aesthetics of tourist beaches. This happens during a moment with growing demand for renewable and accessible natural resources. In this context, the present study, as part of a larger project \u201cDevelopment of Social Technologies for the Sustainable Use of Macroalgae on the Capixaba Coast\u201d, by the Federal Institute of Esp\u00edrito Santo &#8211; IFES, proposes to analyze the composition of macroalgae species thrown onto the beaches and the reproductive status of these specimens. The collections were carried out over 9 months in 5 locations on the coast of Esp\u00edrito Santo, 3 located in the north of the state and 2 in the south. During the analyses, 81 taxa distributed across 33 families were identified, of which 21 are red algae, with 54 species, 9 families of green algae, with 16 species and 3 families of brown algae, with 11 species. A comparative analysis of the material revealed little difference between the taxonomic compositions of the north and south coast, indicating relative uniformity in the diversity of algae in the two studied regions. The temporal analyzes revealed that there is a certain seasonality, where the rainy season represents the moment when the greatest diversity of algae arrives on the beaches. Of all the species identified, only 17 showed reproductive structures throughout the studied period. Of these, only four species frequently presented such structures: <em>Osmundaria obtusiloba<\/em>, <em>Sargassum stenophyllum<\/em>, <em>S. vulgare<\/em> and <em>Zonaria tournefortii<\/em>, suggesting that the reproductive role of the beach-cast seaweeds may not be significant for the maintenance of existing populations in the region.<\/p>\n<p style=\"text-align: justify\"><strong>Keywords:<\/strong> beach-cast seaweeds, Phaeophyceae, reproduction, Rhodophyta, Ulvophyceae.<\/p>\n<h4 style=\"text-align: center\"><strong>RESUMO<\/strong><\/h4>\n<p style=\"text-align: justify\">Existe um consenso de que o planeta vem passando por mudan\u00e7as clim\u00e1ticas significativas, e estas mudan\u00e7as t\u00eam afetado a intensidade e frequ\u00eancia de tempestades tropicais, fato que contribui para a ocorr\u00eancia do fen\u00f4meno de arribadas de algas em costas tropicais, inclusive no litoral brasileiro. O fen\u00f4meno de arribada de algas se caracteriza pelo desprendimento natural de algas de seu substrato e sua subsequente deposi\u00e7\u00e3o sobre praias ao longo da costa ap\u00f3s um per\u00edodo de deriva. As arribadas de algas que ocorrem no Brasil s\u00e3o multiespec\u00edficas, incluindo esp\u00e9cies economicamente interessantes e vi\u00e1veis, que podem ser utilizadas em diversas ind\u00fastrias para a produ\u00e7\u00e3o de insumos farmac\u00eauticos, cosm\u00e9ticos, ra\u00e7\u00e3o animal, fertilizantes e alimentos, devido \u00e0s diversas propriedades nutrac\u00eauticas. O litoral do Esp\u00edrito Santo se destaca pela sua diversidade de macroalgas marinhas e pela ocorr\u00eancia frequente de arribadas de algas. Contudo, a biomassa depositada sobre as praias \u00e9 frequentemente considerada um problema de saneamento p\u00fablico, onde os governos locais descartam as algas arribadas numa tentativa de manuten\u00e7\u00e3o est\u00e9tica das praias tur\u00edsticas. Isto ocorre durante um momento onde h\u00e1 uma crescente demanda por mat\u00e9rias-primas renov\u00e1veis e acess\u00edveis. Neste contexto, o presente estudo, como parte de um projeto maior \u201cDesenvolvimento de Tecnologias Sociais para o Uso Sustent\u00e1vel de Macroalgas do Litoral Capixaba\u201d, do Instituto Federal do Esp\u00edrito Santo- IFES, prop\u00f5e analisar a composi\u00e7\u00e3o das esp\u00e9cies de macroalgas arribadas sobre as praias e o estado reprodutivo desses esp\u00e9cimes. As coletas foram realizadas ao longo de nove meses em cinco localidades na costa do Esp\u00edrito Santo, tr\u00eas situadas ao norte do estado e duas ao sul. Durante as an\u00e1lises, foram identificados 81 t\u00e1xons distribu\u00eddos em 33 fam\u00edlias, das quais 21 s\u00e3o de algas vermelhas, com 54 esp\u00e9cies, 9 fam\u00edlias de algas verdes, com 16 esp\u00e9cies e 3 fam\u00edlias de algas pardas, com 11 esp\u00e9cies. Uma an\u00e1lise comparativa do material revelou pouca diferen\u00e7a entre as composi\u00e7\u00f5es taxon\u00f4micas do litoral norte e sul, indicando relativa uniformidade na diversidade de algas das duas regi\u00f5es estudadas. J\u00e1 as an\u00e1lises temporais, revelaram que h\u00e1 certa sazonalidade, onde o per\u00edodo chuvoso representa onde ocorre a maior diversidade de esp\u00e9cies de algas arribadas. De todas as esp\u00e9cies identificadas, apenas 17 apresentaram estruturas reprodutivas ao longo do per\u00edodo de estudo. Destas, somente quatro esp\u00e9cies apresentaram tais estruturas: <em>Osmundaria obtusiloba<\/em>, <em>Sargassum stenophyllum<\/em>, <em>S. vulgare<\/em> e <em>Zonaria tournefortii<\/em>, sugerindo que o papel reprodutivo do material arribado pode n\u00e3o ser significativo para a manuten\u00e7\u00e3o das popula\u00e7\u00f5es existentes na regi\u00e3o.<\/p>\n<p style=\"text-align: justify\"><strong>Palavras-chave:<\/strong> macroalgas arribadas, Phaeophyceae, reprodu\u00e7\u00e3o, Rhodophyta, Ulvophyceae.<\/p>\n<hr align=\"center\" noshade=\"noshade\" size=\"1\" width=\"100%\" \/>\n<p style=\"text-align: center\"><a href=\"https:\/\/smastr16.blob.core.windows.net\/pgibt\/sites\/242\/2024\/05\/iago_alonso_guedes_martins_ms.pdf\" target=\"_blank\" rel=\"noopener\"><img decoding=\"async\" loading=\"lazy\" class=\"aligncenter\" src=\"https:\/\/smastr16.blob.core.windows.net\/pgibt\/2013\/09\/pdf_grande.gif\" alt=\"pdf_grande\" width=\"60\" height=\"60\" \/><\/a><a href=\"https:\/\/smastr16.blob.core.windows.net\/pgibt\/sites\/242\/2024\/05\/iago_alonso_guedes_martins_ms.pdf\"><strong>Iago Alonso Guedes Martins<\/strong><\/a><br \/>\n<a href=\"https:\/\/smastr16.blob.core.windows.net\/pgibt\/sites\/242\/2024\/05\/iago_alonso_guedes_martins_ms.pdf\">Uso sustent\u00e1vel de macroalgas arribadas no litoral do Esp\u00edrito Santo: an\u00e1lise da biodiversidade e do estado reprodutivo<\/a><\/p>\n<hr align=\"center\" noshade=\"noshade\" size=\"1\" width=\"100%\" \/>\n<p style=\"text-align: center\"><strong>\u00a0<a href=\"www.infraestruturameioambiente.sp.gov.br\/pgibt\/dissertacoesteses\/\">VOLTAR AS DISSERTA\u00c7\u00d5ES E TESES<\/a><\/strong><\/p>\n<hr align=\"center\" noshade=\"noshade\" size=\"1\" width=\"&quot;10&lt;\/p\" \/>\n","protected":false},"excerpt":{"rendered":"<p>Iago Alonso Guedes Martins Este estudo se insere num projeto maior do Instituto Federal do Esp\u00edrito Santo (IFES), cujo principal objetivo foi a elabora\u00e7\u00e3o de um bioestimulante \u00e0 base de algas marinhas acess\u00edvel e f\u00e1cil de produzir. Neste trabalho, o foco foi entender a diversidade de esp\u00e9cies de algas marinhas arribadas \u2013 algas presentes em [&hellip;]<\/p>\n","protected":false},"author":187,"featured_media":0,"parent":0,"menu_order":0,"comment_status":"closed","ping_status":"closed","template":"","meta":[],"_links":{"self":[{"href":"https:\/\/www.infraestruturameioambiente.sp.gov.br\/pgibt\/wp-json\/wp\/v2\/pages\/9161"}],"collection":[{"href":"https:\/\/www.infraestruturameioambiente.sp.gov.br\/pgibt\/wp-json\/wp\/v2\/pages"}],"about":[{"href":"https:\/\/www.infraestruturameioambiente.sp.gov.br\/pgibt\/wp-json\/wp\/v2\/types\/page"}],"author":[{"embeddable":true,"href":"https:\/\/www.infraestruturameioambiente.sp.gov.br\/pgibt\/wp-json\/wp\/v2\/users\/187"}],"replies":[{"embeddable":true,"href":"https:\/\/www.infraestruturameioambiente.sp.gov.br\/pgibt\/wp-json\/wp\/v2\/comments?post=9161"}],"version-history":[{"count":1,"href":"https:\/\/www.infraestruturameioambiente.sp.gov.br\/pgibt\/wp-json\/wp\/v2\/pages\/9161\/revisions"}],"predecessor-version":[{"id":9163,"href":"https:\/\/www.infraestruturameioambiente.sp.gov.br\/pgibt\/wp-json\/wp\/v2\/pages\/9161\/revisions\/9163"}],"wp:attachment":[{"href":"https:\/\/www.infraestruturameioambiente.sp.gov.br\/pgibt\/wp-json\/wp\/v2\/media?parent=9161"}],"curies":[{"name":"wp","href":"https:\/\/api.w.org\/{rel}","templated":true}]}}