{"id":9073,"date":"2024-03-21T09:48:33","date_gmt":"2024-03-21T12:48:33","guid":{"rendered":"https:\/\/www.infraestruturameioambiente.sp.gov.br\/pgibt\/?page_id=9073"},"modified":"2024-08-01T12:31:19","modified_gmt":"2024-08-01T15:31:19","slug":"denis-augusto-zabin-ms","status":"publish","type":"page","link":"https:\/\/www.infraestruturameioambiente.sp.gov.br\/pgibt\/denis-augusto-zabin-ms\/","title":{"rendered":"Denis Augusto Zabin &#8211; MS"},"content":{"rendered":"<p><img decoding=\"async\" loading=\"lazy\" class=\"size-full wp-image-8353 aligncenter\" src=\"https:\/\/smastr16.blob.core.windows.net\/pgibt\/sites\/242\/2023\/01\/faixaposipa.jpg\" alt=\"\" width=\"950\" height=\"163\" srcset=\"https:\/\/smastr16.blob.core.windows.net\/pgibt\/sites\/242\/2023\/01\/faixaposipa.jpg 950w, https:\/\/smastr16.blob.core.windows.net\/pgibt\/sites\/242\/2023\/01\/faixaposipa-320x55.jpg 320w, https:\/\/smastr16.blob.core.windows.net\/pgibt\/sites\/242\/2023\/01\/faixaposipa-768x132.jpg 768w, https:\/\/smastr16.blob.core.windows.net\/pgibt\/sites\/242\/2023\/01\/faixaposipa-250x43.jpg 250w, https:\/\/smastr16.blob.core.windows.net\/pgibt\/sites\/242\/2023\/01\/faixaposipa-550x94.jpg 550w, https:\/\/smastr16.blob.core.windows.net\/pgibt\/sites\/242\/2023\/01\/faixaposipa-800x137.jpg 800w\" sizes=\"(max-width: 950px) 100vw, 950px\" \/><\/p>\n<hr align=\"center\" noshade=\"noshade\" size=\"1\" width=\"100%\" \/>\n<h2 style=\"text-align: center\"><span data-ogsc=\"black\"><b>Denis Augusto Zabin<br \/>\n<\/b><\/span><\/h2>\n<hr align=\"center\" noshade=\"noshade\" size=\"1\" width=\"100%\" \/>\n<p style=\"text-align: center\">Em 29 de Setembro de 2023, Denis Augusto Zabin defendeu sua disserta\u00e7\u00e3o de mestrado intitulada \u201cDiversidade e crescimento micelial in vitro de cogumelos comest\u00edveis silvestres <em>Favolus<\/em> spp. (Polyporaceae, Agaricomycetes)\u201d, no programa de p\u00f3s-gradua\u00e7\u00e3o em Biodiversidade Vegetal e Meio Ambiente do Instituto de Pesquisas Ambientais (IPA). A banca da defesa foi formada pelos pesquisadores: Dr. Nelson Menolli Junior (orientador), Dr. Elisandro Ricardo Drechsler-Santos e a Dra. Viviana Motato-V\u00e1squez.<\/p>\n<p style=\"text-align: center\">O estudo teve como objetivo a investiga\u00e7\u00e3o da diversidade e rela\u00e7\u00f5es filogen\u00e9ticas do g\u00eanero <em>Favolus <\/em>na Mata Atl\u00e2ntica da regi\u00e3o Sudeste do Brasil, com base em novas cole\u00e7\u00f5es e sequ\u00eancias. Al\u00e9m disso, a partir da obten\u00e7\u00e3o de novos isolados silvestres das esp\u00e9cies <em>Favolus brasiliensis<\/em>, <em>Favolus rugulosus<\/em> e <em>Favolus<\/em> sp. nov., foram avaliadas as melhores combina\u00e7\u00f5es de temperatura e meios de cultura s\u00f3lidos para o crescimento micelial em di\u00e2metro <em>in vitro <\/em>e a produ\u00e7\u00e3o de biomassa.<\/p>\n<hr align=\"center\" noshade=\"noshade\" size=\"1\" width=\"100%\" \/>\n<h3 style=\"text-align: center\">Diversidade e crescimento micelial<em> in vitro<\/em> de cogumelos comest\u00edveis silvestres <em>Favolus<\/em> spp. (<em>Polyporaceae, Agaricomycetes<\/em>)<\/h3>\n<hr align=\"center\" noshade=\"noshade\" size=\"1\" width=\"100%\" \/>\n<h4 style=\"text-align: center\"><strong>ABSTRACT<\/strong><\/h4>\n<p style=\"text-align: justify\"><span class=\"fontstyle0\">Favolus <\/span><span class=\"fontstyle2\">is a monophyletic genus of polypores with a worldwide distribution that causes white rot decomposition of dead wood of various plant species and that can be characterized macromorphologically by the fleshy and laterally stipitate basidiomata, with mostly angular and radially elongated pores. In addition to its ecological importance, the genus is economically important, being a source of food, as a wild edible mushroom for different traditional communities around the world, among them, the Yanomami people of the Brazilian Amazon, who make use of the species <\/span><span class=\"fontstyle0\">Favolus brasiliensis<\/span><span class=\"fontstyle2\">, <\/span><span class=\"fontstyle0\">F. radiatifibrillosus <\/span><span class=\"fontstyle2\">and <\/span><span class=\"fontstyle0\">F. yanomami <\/span><span class=\"fontstyle2\">in their diet. Considering the still little-explored fungal diversity in Brazil and the potential as food and for the commercial cultivation of <\/span><span class=\"fontstyle0\">Favolus <\/span><span class=\"fontstyle2\">species, collections were carried out in areas of the Atlantic Forest in southeastern Brazil to obtain new specimens and new isolates, aiming to elucidate the diversity of the genus in the region and for testing the effect of different growth factors on the <\/span><span class=\"fontstyle0\">in vitro <\/span><span class=\"fontstyle2\">mycelium growth. Morphological analyses of the collected materials and multigenic phylogenetic analyses (ITS, nucLSU, <\/span><span class=\"fontstyle0\">TEF1 <\/span><span class=\"fontstyle2\">and <\/span><span class=\"fontstyle0\">RPB1<\/span><span class=\"fontstyle2\">) were carried out. Eightyseven new sequences from <\/span><span class=\"fontstyle0\">Favolus <\/span><span class=\"fontstyle2\">spp. were generated (35 ITS, 25 nucLSU, 19 <\/span><span class=\"fontstyle0\">TEF1 <\/span><span class=\"fontstyle2\">and 8 <\/span><span class=\"fontstyle0\">RPB1<\/span><span class=\"fontstyle2\">). Two new species are proposed based on morphology and multigene phylogenies: <\/span><span class=\"fontstyle0\">Favolus brunneofibrillosus<\/span><span class=\"fontstyle2\">, which is phylogenetically and morphologically close to <\/span><span class=\"fontstyle0\">F. yanomamii<\/span><span class=\"fontstyle2\">, and <\/span><span class=\"fontstyle0\">F. glaucovelutinus<\/span><span class=\"fontstyle2\">, which forms a sister clade to <\/span><span class=\"fontstyle0\">F. rugulosus<\/span><span class=\"fontstyle2\">. Furthermore, based on type sequences deposited in GenBank, it was possible to elucidate the phylogenetic positioning of <\/span><span class=\"fontstyle0\">F. elongoporus <\/span><span class=\"fontstyle2\">and the combination of <\/span><span class=\"fontstyle0\">Polyporus laetiporoides <\/span><span class=\"fontstyle2\">in <\/span><span class=\"fontstyle0\">Favolus <\/span><span class=\"fontstyle2\">is proposed. Pure cultures of <\/span><span class=\"fontstyle0\">Favolus brasiliensis<\/span><span class=\"fontstyle2\">, <\/span><span class=\"fontstyle0\">F. rugulosus <\/span><span class=\"fontstyle2\">and <\/span><span class=\"fontstyle0\">F. brunneofibrillosus <\/span><span class=\"fontstyle2\">were tested to evaluate the mycelial growth velocity and biomass production at different temperatures (20 \u00baC, 25 \u00baC, 30 \u00baC and 35 \u00baC) and solid culture media (Potato Dextrose Agar, Malt Yeast Peptone Agar, Yeast Glucose Agar and Soy Agar). The best temperatures for the mycelium growth and biomass production for the studied strains were either 25 \u00b0C or 30 \u00b0C, and all the strains were able to grow on all tested solid culture media. The <\/span><span class=\"fontstyle0\">F. brasiliensis <\/span><span class=\"fontstyle2\">wild strain CCIBt 4770 achieved the best mycelium growth overall, with the best combinations of culture media and temperature being either MYPA or YGA at 25 \u00baC, and this strain should be prioritized for future domestication studies. For the <\/span><span class=\"fontstyle0\">F. brunneofibrillosus <\/span><span class=\"fontstyle2\">wild strain CCIBt 4769, the combinations related to the best growth were either MYPA or PDA at 25 \u00baC or 30 \u00baC. Finally, the <\/span><span class=\"fontstyle0\">F. rugulosus <\/span><span class=\"fontstyle2\">wild strain CCIBt 4784 performed at its best when growing on the SOY medium at 30 \u00baC. The results obtained in this work contributed to the understanding of the diversity of the genus <\/span><span class=\"fontstyle0\">Favolus <\/span><span class=\"fontstyle2\">in Brazil and may serve as a basis for future domestication studies for the edible species of the genus.<\/span><\/p>\n<p><strong><span class=\"fontstyle3\">Keywords: <\/span><\/strong><span class=\"fontstyle2\">Atlantic Forest; mushroom cultivation; phylogeny; taxonomy; <\/span><span class=\"fontstyle0\">Favolus brasiliensis<\/span><span class=\"fontstyle2\">; <\/span><span class=\"fontstyle0\">Favolus rugulosus<\/span><\/p>\n<h4 style=\"text-align: center\"><strong>RESUMO<\/strong><\/h4>\n<p style=\"text-align: justify\"><span class=\"fontstyle0\">Favolus <\/span><span class=\"fontstyle2\">\u00e9 um g\u00eanero monofil\u00e9tico de pol\u00edporos distribu\u00eddos mundialmente que causam a decomposi\u00e7\u00e3o do tipo podrid\u00e3o branca da madeira morta de diversas esp\u00e9cies vegetais, e cujos representantes podem ser caracterizados macromorfologicamente pelos basidiomas carnosos, lateralmente estipitados e, em sua maioria, pelo himen\u00f3foro com poros angulares e radialmente alongados<\/span><span class=\"fontstyle2\">. <\/span><span class=\"fontstyle2\">Al\u00e9m de sua import\u00e2ncia ecol\u00f3gica, o g\u00eanero \u00e9 importante economicamente, sendo fonte de alimento, como cogumelo comest\u00edvel silvestre, para diferentes comunidades tradicionais mundo afora, dentre elas, o povo Yanomami da Amaz\u00f4nia brasileira, que faz uso das esp\u00e9cies <\/span><span class=\"fontstyle0\">Favolus brasiliensis<\/span><span class=\"fontstyle2\">, <\/span><span class=\"fontstyle0\">F. radiatifibrillosus <\/span><span class=\"fontstyle2\">e <\/span><span class=\"fontstyle0\">F. yanomamii <\/span><span class=\"fontstyle2\">em sua dieta<\/span><span class=\"fontstyle0\">. <\/span><span class=\"fontstyle2\">Considerando a diversidade ainda pouco explorada dos fungos no Brasil e o potencial aliment\u00edcio e para o cultivo comercial de esp\u00e9cies de <\/span><span class=\"fontstyle0\">Favolus<\/span><span class=\"fontstyle2\">, coletas foram realizadas em \u00e1reas de Mata Atl\u00e2ntica do Sudeste brasileiro para obten\u00e7\u00e3o de novos esp\u00e9cimes e novos isolados miceliais visando a elucida\u00e7\u00e3o da diversidade do g\u00eanero na regi\u00e3o e a realiza\u00e7\u00e3o dos testes de crescimento micelial <\/span><span class=\"fontstyle0\">in vitro<\/span><span class=\"fontstyle2\">. An\u00e1lises morfol\u00f3gicas dos materiais coletados e an\u00e1lises filogen\u00e9ticas multig\u00eanicas (ITS, nucLSU, <\/span><span class=\"fontstyle0\">TEF1 <\/span><span class=\"fontstyle2\">e <\/span><span class=\"fontstyle0\">RPB1<\/span><span class=\"fontstyle2\">) foram realizadas visando a investiga\u00e7\u00e3o do \u201ccomplexo de esp\u00e9cies\u201d <\/span><span class=\"fontstyle0\">F. brasiliensis <\/span><span class=\"fontstyle2\">e a identifica\u00e7\u00e3o e o posicionamento filogen\u00e9tico dos materiais coletados e dos isolados obtidos. Foram geradas 87 novas sequ\u00eancias de <\/span><span class=\"fontstyle0\">Favolus <\/span><span class=\"fontstyle2\">spp. (35 ITS, 25 nucLSU, 19 <\/span><span class=\"fontstyle0\">TEF1 <\/span><span class=\"fontstyle2\">e 8 <\/span><span class=\"fontstyle0\">RPB1<\/span><span class=\"fontstyle2\">). Duas esp\u00e9cies novas s\u00e3o propostas com base em an\u00e1lises morfol\u00f3gicas e filogen\u00e9ticas moleculares: <\/span><span class=\"fontstyle0\">Favolus brunneofibrillosus<\/span><span class=\"fontstyle2\">, filogeneticamente e morfologicamente pr\u00f3xima a <\/span><span class=\"fontstyle0\">F. yanomamii<\/span><span class=\"fontstyle2\">, e <\/span><span class=\"fontstyle0\">F. glaucovelutinus<\/span><span class=\"fontstyle2\">, que forma um clado irm\u00e3o a <\/span><span class=\"fontstyle0\">F. rugulosus<\/span><span class=\"fontstyle2\">. Al\u00e9m disso, com base em sequ\u00eancias de tipos depositadas no GenBank, foi poss\u00edvel elucidar o posicionamento filogen\u00e9tico de <\/span><span class=\"fontstyle0\">F. elongoporus <\/span><span class=\"fontstyle2\">e propor a combina\u00e7\u00e3o de <\/span><span class=\"fontstyle0\">Polyporus laetiporoides <\/span><span class=\"fontstyle2\">em <\/span><span class=\"fontstyle0\">Favolus<\/span><span class=\"fontstyle2\">. Culturas puras de <\/span><span class=\"fontstyle0\">Favolus brasiliensis<\/span><span class=\"fontstyle2\">, <\/span><span class=\"fontstyle0\">F<\/span><span class=\"fontstyle2\">. <\/span><span class=\"fontstyle0\">brunneofibrillosus <\/span><span class=\"fontstyle2\">e <\/span><span class=\"fontstyle0\">F. rugulosus <\/span><span class=\"fontstyle2\">foram submetidas aos testes para avalia\u00e7\u00e3o da velocidade de crescimento micelial e produ\u00e7\u00e3o de biomassa <\/span><span class=\"fontstyle0\">in vitro <\/span><span class=\"fontstyle2\">em diferentes temperaturas (20 \u00baC, 25 \u00baC, 30 \u00baC e 35 \u00baC) e meios de cultura [Batata Dextrose \u00c1gar (BDA), Malte Levedura Peptona \u00c1gar (MLPA), Levedura Glicose \u00c1gar (LGA) e \u00c1gar Soja]. As melhores temperaturas para o crescimento micelial e produ\u00e7\u00e3o de biomassa para os isolados estudados foram 25 \u00b0C ou 30 \u00b0C, e todos foram capazes de crescer em todos os meios de cultura testados. O isolado de <\/span><span class=\"fontstyle0\">F. brasiliensis <\/span><span class=\"fontstyle2\">CCIBt 4770 obteve o melhor crescimento micelial em geral, com as melhores combina\u00e7\u00f5es de meio de cultura e temperatura sendo MLPA ou LGA a 25 \u00baC, e o isolado pode ser priorizado para futuros estudos de domestica\u00e7\u00e3o. Para o isolado CCIBt 4769 de <\/span><span class=\"fontstyle0\">F. brunneofibrillosus<\/span><span class=\"fontstyle2\">, as combina\u00e7\u00f5es relacionadas ao melhor crescimento foram MLPA ou BDA a 25 \u00baC ou 30 \u00baC. Finalmente, o isolado CCIBt 4784 de <\/span><span class=\"fontstyle0\">F. rugulosus <\/span><span class=\"fontstyle2\">apresentou seu melhor desempenho quando cultivado em meio \u00c1gar Soja a 30 \u00baC. Os resultados obtidos nesse trabalho contribu\u00edram com o entendimento da diversidade do g\u00eanero <\/span><span class=\"fontstyle0\">Favolus <\/span><span class=\"fontstyle2\">no Brasil e poder\u00e3o servir como base para pr\u00f3ximos estudos de domestica\u00e7\u00e3o para esp\u00e9cies comest\u00edveis do g\u00eanero.<\/span><\/p>\n<p><strong><span class=\"fontstyle3\">Palavras-chave: <\/span><\/strong><span class=\"fontstyle2\">cultivo de cogumelos; filogenia; Mata Atl\u00e2ntica; <\/span><span class=\"fontstyle0\">Polyporaceae<\/span><span class=\"fontstyle2\">; <\/span><span class=\"fontstyle0\">Favolus brasiliensis; Favolus rugulosus<\/span><span class=\"fontstyle2\">; taxonomia.<\/span><\/p>\n<hr align=\"center\" noshade=\"noshade\" size=\"1\" width=\"100%\" \/>\n<p style=\"text-align: center\"><a href=\"https:\/\/smastr16.blob.core.windows.net\/pgibt\/sites\/242\/2024\/03\/denis_augusto_zabin_ms.pdf\" target=\"_blank\" rel=\"noopener\"><strong><img decoding=\"async\" loading=\"lazy\" class=\"aligncenter\" src=\"https:\/\/smastr16.blob.core.windows.net\/pgibt\/2013\/09\/pdf_grande.gif\" alt=\"pdf_grande\" width=\"60\" height=\"60\" \/>D<\/strong><\/a><a href=\"https:\/\/smastr16.blob.core.windows.net\/pgibt\/sites\/242\/2024\/03\/denis_augusto_zabin_ms.pdf\"><strong><span data-ogsc=\"black\"><b>enis Augusto Zabin<\/b><\/span><\/strong><\/a><br \/>\n<a href=\"https:\/\/smastr16.blob.core.windows.net\/pgibt\/sites\/242\/2024\/03\/denis_augusto_zabin_ms.pdf\">Diversidade e crescimento micelial <em>in vitro<\/em> de cogumelos comest\u00edveis silvestres <em>Favolus<\/em> spp. (<em>Polyporaceae<\/em>, <em>Agaricomycetes<\/em>)<\/a><\/p>\n<hr align=\"center\" noshade=\"noshade\" size=\"1\" width=\"100%\" \/>\n<p style=\"text-align: center\"><strong>\u00a0<a href=\"www.infraestruturameioambiente.sp.gov.br\/pgibt\/dissertacoesteses\/\">VOLTAR AS DISSERTA\u00c7\u00d5ES E TESES<\/a><\/strong><\/p>\n<hr align=\"center\" noshade=\"noshade\" size=\"1\" width=\"100%\" \/>\n","protected":false},"excerpt":{"rendered":"<p>Denis Augusto Zabin Em 29 de Setembro de 2023, Denis Augusto Zabin defendeu sua disserta\u00e7\u00e3o de mestrado intitulada \u201cDiversidade e crescimento micelial in vitro de cogumelos comest\u00edveis silvestres Favolus spp. (Polyporaceae, Agaricomycetes)\u201d, no programa de p\u00f3s-gradua\u00e7\u00e3o em Biodiversidade Vegetal e Meio Ambiente do Instituto de Pesquisas Ambientais (IPA). A banca da defesa foi formada pelos [&hellip;]<\/p>\n","protected":false},"author":187,"featured_media":0,"parent":0,"menu_order":0,"comment_status":"closed","ping_status":"closed","template":"","meta":[],"_links":{"self":[{"href":"https:\/\/www.infraestruturameioambiente.sp.gov.br\/pgibt\/wp-json\/wp\/v2\/pages\/9073"}],"collection":[{"href":"https:\/\/www.infraestruturameioambiente.sp.gov.br\/pgibt\/wp-json\/wp\/v2\/pages"}],"about":[{"href":"https:\/\/www.infraestruturameioambiente.sp.gov.br\/pgibt\/wp-json\/wp\/v2\/types\/page"}],"author":[{"embeddable":true,"href":"https:\/\/www.infraestruturameioambiente.sp.gov.br\/pgibt\/wp-json\/wp\/v2\/users\/187"}],"replies":[{"embeddable":true,"href":"https:\/\/www.infraestruturameioambiente.sp.gov.br\/pgibt\/wp-json\/wp\/v2\/comments?post=9073"}],"version-history":[{"count":2,"href":"https:\/\/www.infraestruturameioambiente.sp.gov.br\/pgibt\/wp-json\/wp\/v2\/pages\/9073\/revisions"}],"predecessor-version":[{"id":9082,"href":"https:\/\/www.infraestruturameioambiente.sp.gov.br\/pgibt\/wp-json\/wp\/v2\/pages\/9073\/revisions\/9082"}],"wp:attachment":[{"href":"https:\/\/www.infraestruturameioambiente.sp.gov.br\/pgibt\/wp-json\/wp\/v2\/media?parent=9073"}],"curies":[{"name":"wp","href":"https:\/\/api.w.org\/{rel}","templated":true}]}}