{"id":870,"date":"2013-09-17T15:25:40","date_gmt":"2013-09-17T18:25:40","guid":{"rendered":"https:\/\/www.infraestruturameioambiente.sp.gov.br\/pgibt\/?page_id=870"},"modified":"2013-09-17T15:25:40","modified_gmt":"2013-09-17T18:25:40","slug":"2012-daiane-teixeira-da-silva","status":"publish","type":"page","link":"https:\/\/www.infraestruturameioambiente.sp.gov.br\/pgibt\/dissertacoesteses\/2012-daiane-teixeira-da-silva\/","title":{"rendered":"Daiane Teixeira da Silva-MS"},"content":{"rendered":"<h2 style=\"text-align: center\"><a href=\"https:\/\/smastr16.blob.core.windows.net\/pgibt\/2015\/02\/faixapos6.jpg\"><img decoding=\"async\" loading=\"lazy\" class=\"aligncenter size-full wp-image-3777\" style=\"border: 0px\" alt=\"faixapos6\" src=\"https:\/\/smastr16.blob.core.windows.net\/pgibt\/2015\/02\/faixapos6.jpg\" width=\"950\" height=\"163\" srcset=\"https:\/\/smastr16.blob.core.windows.net\/pgibt\/2015\/02\/faixapos6.jpg 950w, https:\/\/smastr16.blob.core.windows.net\/pgibt\/2015\/02\/faixapos6-768x131.jpg 768w\" sizes=\"(max-width: 950px) 100vw, 950px\" \/><\/a><\/h2>\n<hr align=\"center\" noshade=\"noshade\" size=\"1\" width=\"100%\" \/>\n<h2 style=\"text-align: center\">Daiane Teixeira da Silva<\/h2>\n<hr align=\"center\" noshade=\"noshade\" size=\"1\" width=\"100%\" \/>\n<p style=\"text-align: center\">No dia 23 de abril de 2012, a aluna do programa de P\u00f3s-gradua\u00e7\u00e3o em Biodiversidade Vegetal e Meio Ambiente do Instituto de Bot\u00e2nica de\u00a0S\u00e3o Paulo (IBt),<br \/>\nDaiane Teixeira da Silva (Bolsista FAPESP), defendeu sua disserta\u00e7\u00e3o de mestrado intitulada<br \/>\n\u201cRespostas fisiol\u00f3gicas de indiv\u00edduos jovens de\u00a0<em>Tibouchina pulchra\u00a0<\/em>Cogn. expostos\u00a0\u00e0 contamina\u00e7\u00e3o atmosf\u00e9rica<br \/>\nno entorno de uma refinaria de petr\u00f3leo em Cubat\u00e3o, SP\u201d.<\/p>\n<p style=\"text-align: center\">O trabalho visou analisar se a mudan\u00e7a no modo de obten\u00e7\u00e3o de energia, de \u00f3leo combust\u00edvel para g\u00e1s natural,\u00a0utilizado por uma refinaria traria melhorias<br \/>\n\u00e0 vegeta\u00e7\u00e3o nativa do entorno. Para tanto, foi realizado um trabalho de<br \/>\nbiomonitoramento em \u00e1reas sob influ\u00eancia das emiss\u00f5es da refinara e uma \u00e1rea mais afastada. Nestas \u00e1reas,\u00a0indiv\u00edduos jovens de\u00a0<em>Tibouchina pulchra,<\/em>\u00a0esp\u00e9cie arb\u00f3rea mais importante da vegeta\u00e7\u00e3o do entorno foram expostos\u00a0de abril de 2009 a abril de 2011, em 8 per\u00edodos de tr\u00eas meses, ao longo dos quais foram avaliadas as trocas gasosas\u00a0de CO<sub>2<\/sub>\u00a0e H<sub>2<\/sub>O e o crescimento. A mudan\u00e7a de combust\u00edvel n\u00e3o resultou em ganho ambiental,\u00a0apenas numa mudan\u00e7a no perfil da contamina\u00e7\u00e3o atmosf\u00e9rica na regi\u00e3o.<\/p>\n<div id=\"attachment_872\" style=\"width: 160px\" class=\"wp-caption aligncenter\"><a href=\"https:\/\/smastr16.blob.core.windows.net\/pgibt\/2013\/09\/daiane.jpg\"><img aria-describedby=\"caption-attachment-872\" decoding=\"async\" loading=\"lazy\" class=\"size-thumbnail wp-image-872\" alt=\"A banca examinadora foi composta pela Dr.\u00aa Regina Maria de Moraes (orientadora\/IBt),\u00a0 Dr.\u00aa Mirian Cilene Spasiani Rinaldi (IBt) e Dr. Marcos Pereira Marinho Aidar(IBt).\" src=\"https:\/\/smastr16.blob.core.windows.net\/pgibt\/2013\/09\/daiane-150x150.jpg\" width=\"150\" height=\"150\" \/><\/a><p id=\"caption-attachment-872\" class=\"wp-caption-text\">A banca examinadora foi composta pela Dr.\u00aa Regina Maria de Moraes (orientadora\/IBt),\u00a0<br \/>Dr.\u00aa Mirian Cilene Spasiani Rinaldi (IBt) e Dr. Marcos Pereira Marinho Aidar(IBt).<\/p><\/div>\n<hr align=\"center\" noshade=\"noshade\" size=\"1\" width=\"100%\" \/>\n<h3 style=\"text-align: center\"><strong>Respostas fisiol\u00f3gicas de indiv\u00edduos jovens de\u00a0<em>Tibouchina pulchra\u00a0<\/em>Cogn. expostos\u00a0\u00e0 contamina\u00e7\u00e3o atmosf\u00e9rica<br \/>\nno entorno de uma refinaria de petr\u00f3leo em Cubat\u00e3o, SP<\/strong><\/h3>\n<hr align=\"center\" noshade=\"noshade\" size=\"1\" width=\"100%\" \/>\n<h4 style=\"text-align: center\"><strong>RESUMO<\/strong><\/h4>\n<p style=\"text-align: justify\">As grandes concentra\u00e7\u00f5es de poluentes a\u00e9reos emitidos pelo complexo industrial de Cubat\u00e3o, SP\/Brasil, t\u00eam causado severos danos \u00e0 Floresta Atl\u00e2ntica naquela regi\u00e3o desde a d\u00e9cada de 1950, quando foi inaugurada a Refinaria Presidente Bernardes de Cubat\u00e3o (RPBC).\u00a0 Devido a utiliza\u00e7\u00e3o de um sistema de produ\u00e7\u00e3o de energia com queima de \u00f3leo em caldeiras, a refinaria referida emitia \u00e0 atmosfera cerca de 16 ton\/ano de SO<sub>2<\/sub>. A fim de reduzir o impacto ambiental, a RPBC decidiu trocar este sistema por uma usina termoel\u00e9trica (UTE) movida a g\u00e1s natural. Desta forma, a fim de avaliar a influ\u00eancia deste novo combust\u00edvel nos esp\u00e9cimes vegetais da floresta adjacente, indiv\u00edduos de\u00a0<em>Tibouchina pulchra<\/em>, esp\u00e9cie nativa da regi\u00e3o, foram distribu\u00eddos em diferentes \u00e1reas no entorno da refinaria (CM1, CM5, CEPEMA, Centro) e uma \u00e1rea mais afastada (RP), longe das emiss\u00f5es. Um experimento adicional foi conduzido em c\u00e2maras de topo aberto supridas com ar filtrado (AF) e ar ambiente (NF), estas estiveram localizadas no CEPEMA. Ao longo das etapas de modifica\u00e7\u00e3o do sistema (A: 4 caldeiras a \u00f3leo, B: UTE mais 3 caldeiras \u00f3leo e 1 a g\u00e1s, C: UTE mais 1 caldeira a \u00f3leo e 1 a g\u00e1s), lotes de plantas (n=12) foram distribu\u00eddos entre os pontos amostrais ou tratamento, permaneceram expostos por 12 semanas e ent\u00e3o foram avaliados par\u00e2metros de fotoss\u00edntese e de crescimento. Ao final da etapa C do experimento em campo, observou-se aumento nos valores de assimila\u00e7\u00e3o l\u00edquida de carbono (Asat) e condut\u00e2ncia estom\u00e1tica (gs), e com isso maiores valores de efici\u00eancia intr\u00ednseca do uso da \u00e1gua (EiUA) foram observados nas plantas mantidas no CM5 e CEPEMA, entretanto, a an\u00e1lise dos componentes principais indicou que os par\u00e2metros de maior explicabilidade na etapa A (biomassa seca total e raz\u00e3o raiz\/parte a\u00e9rea) n\u00e3o apresentaram aumento significativo na etapa C, sugerindo que os poluentes continuam atuando. No experimento em c\u00e2maras de topo aberto quando houve mudan\u00e7a no combust\u00edvel (etapa D) foi observada significativa redu\u00e7\u00e3o da Asat, menores valores da raz\u00e3o Fv\/Fm e acelera\u00e7\u00e3o da senesc\u00eancia foliar nas plantas mantidas no NF ao final da exposi\u00e7\u00e3o. A partir do in\u00edcio de funcionamento da UTE, observou-se redu\u00e7\u00e3o significativa das concentra\u00e7\u00f5es de SO<sub>2<\/sub>, devido ao desligamento das primeiras caldeiras, concomitantemente houve aumento significativo das concentra\u00e7\u00f5es de NO<sub>2<\/sub>, que al\u00e9m de ser um poluente oxidante \u00e9 um dos precursores do O<sub>3<\/sub>, poluente altamente oxidativo. Os resultados mostram que embora a redu\u00e7\u00e3o de SO<sub>2<\/sub>\u00a0tenha sido significativa para os indiv\u00edduos expostos no in\u00edcio da mudan\u00e7a, outros poluentes pareceram estar atuando sobre a fisiologia das plantas nas seguintes etapas.<\/p>\n<p style=\"text-align: justify\"><strong>Palavras-chave:\u00a0<\/strong>Melastomataceae. Cubat\u00e3o, SP. Fotoss\u00edntese.<\/p>\n<hr align=\"center\" noshade=\"noshade\" size=\"1\" width=\"100%\" \/>\n<p style=\"text-align: center\"><a href=\"https:\/\/smastr16.blob.core.windows.net\/pgibt\/2013\/09\/pdf_grande.gif\"><img decoding=\"async\" loading=\"lazy\" class=\"aligncenter size-full wp-image-2313\" style=\"border: 0px\" alt=\"pdf_grande\" src=\"https:\/\/smastr16.blob.core.windows.net\/pgibt\/2013\/09\/pdf_grande.gif\" width=\"60\" height=\"60\" \/><\/a><a href=\"https:\/\/smastr16.blob.core.windows.net\/pgibt\/2013\/09\/Daiane_Teixeira_da_Silva_MS.pdf\" target=\"_blank\">Daiane Teixeira da Silva<br \/>\nRespostas fisiol\u00f3gicas de indiv\u00edduos jovens de Tibouchina pulchra Cogn. expostos \u00e0 contamina\u00e7\u00e3o atmosf\u00e9rica<br \/>\nno entorno de uma refinaria de \u00a0petr\u00f3leo em Cubat\u00e3o, SP<\/a><\/p>\n<hr align=\"center\" noshade=\"noshade\" size=\"1\" width=\"100%\" \/>\n<p style=\"text-align: center\"><strong>\u00a0<a href=\"https:\/\/www.infraestruturameioambiente.sp.gov.br\/pgibt\/dissertacoesteses\/\">VOLTAR AS DISSERTA\u00c7\u00d5ES E TESES<\/a><\/strong><\/p>\n<hr align=\"center\" noshade=\"noshade\" size=\"1\" width=\"100%\" \/>\n","protected":false},"excerpt":{"rendered":"<p>Daiane Teixeira da Silva No dia 23 de abril de 2012, a aluna do programa de P\u00f3s-gradua\u00e7\u00e3o em Biodiversidade Vegetal e Meio Ambiente do Instituto de Bot\u00e2nica de\u00a0S\u00e3o Paulo (IBt), Daiane Teixeira da Silva (Bolsista FAPESP), defendeu sua disserta\u00e7\u00e3o de mestrado intitulada \u201cRespostas fisiol\u00f3gicas de indiv\u00edduos jovens de\u00a0Tibouchina pulchra\u00a0Cogn. expostos\u00a0\u00e0 contamina\u00e7\u00e3o atmosf\u00e9rica no entorno de [&hellip;]<\/p>\n","protected":false},"author":1,"featured_media":0,"parent":249,"menu_order":0,"comment_status":"closed","ping_status":"open","template":"fullpage.php","meta":[],"_links":{"self":[{"href":"https:\/\/www.infraestruturameioambiente.sp.gov.br\/pgibt\/wp-json\/wp\/v2\/pages\/870"}],"collection":[{"href":"https:\/\/www.infraestruturameioambiente.sp.gov.br\/pgibt\/wp-json\/wp\/v2\/pages"}],"about":[{"href":"https:\/\/www.infraestruturameioambiente.sp.gov.br\/pgibt\/wp-json\/wp\/v2\/types\/page"}],"author":[{"embeddable":true,"href":"https:\/\/www.infraestruturameioambiente.sp.gov.br\/pgibt\/wp-json\/wp\/v2\/users\/1"}],"replies":[{"embeddable":true,"href":"https:\/\/www.infraestruturameioambiente.sp.gov.br\/pgibt\/wp-json\/wp\/v2\/comments?post=870"}],"version-history":[{"count":0,"href":"https:\/\/www.infraestruturameioambiente.sp.gov.br\/pgibt\/wp-json\/wp\/v2\/pages\/870\/revisions"}],"up":[{"embeddable":true,"href":"https:\/\/www.infraestruturameioambiente.sp.gov.br\/pgibt\/wp-json\/wp\/v2\/pages\/249"}],"wp:attachment":[{"href":"https:\/\/www.infraestruturameioambiente.sp.gov.br\/pgibt\/wp-json\/wp\/v2\/media?parent=870"}],"curies":[{"name":"wp","href":"https:\/\/api.w.org\/{rel}","templated":true}]}}