{"id":8663,"date":"2023-04-18T13:18:38","date_gmt":"2023-04-18T16:18:38","guid":{"rendered":"https:\/\/www.infraestruturameioambiente.sp.gov.br\/pgibt\/?page_id=8663"},"modified":"2023-04-18T13:18:38","modified_gmt":"2023-04-18T16:18:38","slug":"bianca-kalinowski-canestraro-dr","status":"publish","type":"page","link":"https:\/\/www.infraestruturameioambiente.sp.gov.br\/pgibt\/bianca-kalinowski-canestraro-dr\/","title":{"rendered":"Bianca Kalinowski Canestraro &#8211; DR"},"content":{"rendered":"<h2 style=\"text-align: center\"><a href=\"https:\/\/www.infraestruturameioambiente.sp.gov.br\/pgibt\/\" target=\"_blank\" rel=\"noopener noreferrer\"><img decoding=\"async\" loading=\"lazy\" class=\"aligncenter wp-image-3777 size-full\" style=\"border: 0px\" src=\"https:\/\/smastr16.blob.core.windows.net\/pgibt\/2015\/02\/faixapos6.jpg\" alt=\"faixapos6\" width=\"950\" height=\"163\" srcset=\"https:\/\/smastr16.blob.core.windows.net\/pgibt\/2015\/02\/faixapos6.jpg 950w, https:\/\/smastr16.blob.core.windows.net\/pgibt\/2015\/02\/faixapos6-768x131.jpg 768w\" sizes=\"(max-width: 950px) 100vw, 950px\" \/><\/a><\/h2>\n<hr align=\"center\" noshade=\"noshade\" size=\"1\" width=\"100%\" \/>\n<h2 style=\"text-align: center\">Bianca Kalinowski Canestraro<\/h2>\n<hr \/>\n<p style=\"text-align: center\"><img decoding=\"async\" loading=\"lazy\" class=\"aligncenter size-full wp-image-8664\" src=\"https:\/\/smastr16.blob.core.windows.net\/pgibt\/sites\/242\/2023\/04\/bianca_kalinowski_canestraro-dr_01.jpg\" alt=\"\" width=\"999\" height=\"435\" srcset=\"https:\/\/smastr16.blob.core.windows.net\/pgibt\/sites\/242\/2023\/04\/bianca_kalinowski_canestraro-dr_01.jpg 999w, https:\/\/smastr16.blob.core.windows.net\/pgibt\/sites\/242\/2023\/04\/bianca_kalinowski_canestraro-dr_01-320x139.jpg 320w, https:\/\/smastr16.blob.core.windows.net\/pgibt\/sites\/242\/2023\/04\/bianca_kalinowski_canestraro-dr_01-768x334.jpg 768w, https:\/\/smastr16.blob.core.windows.net\/pgibt\/sites\/242\/2023\/04\/bianca_kalinowski_canestraro-dr_01-250x109.jpg 250w, https:\/\/smastr16.blob.core.windows.net\/pgibt\/sites\/242\/2023\/04\/bianca_kalinowski_canestraro-dr_01-550x239.jpg 550w, https:\/\/smastr16.blob.core.windows.net\/pgibt\/sites\/242\/2023\/04\/bianca_kalinowski_canestraro-dr_01-800x348.jpg 800w, https:\/\/smastr16.blob.core.windows.net\/pgibt\/sites\/242\/2023\/04\/bianca_kalinowski_canestraro-dr_01-413x180.jpg 413w, https:\/\/smastr16.blob.core.windows.net\/pgibt\/sites\/242\/2023\/04\/bianca_kalinowski_canestraro-dr_01-689x300.jpg 689w\" sizes=\"(max-width: 999px) 100vw, 999px\" \/>A defesa aconteceu \u00e0s 14:00 do dia 25 de fevereiro de 2021 via plataforma Google Meet, com a presen\u00e7a da banca de avalia\u00e7\u00e3o constitu\u00edda pelos doutores Denilson F. Peralta, Ju\u00e7ara Bordin, Rodrigo Rodrigues, F\u00e1tima Buturi, Adriana Gugliotta e Dimas Marchi do Carmo.<\/p>\n<p style=\"text-align: center\">O trabalho envolveu o tratamento taxon\u00f4mico das esp\u00e9cies de bri\u00f3fitas de <em>Anomobryum<\/em>, <em>Brachymenium <\/em>e <em>Bryum <\/em>(Bryaceae) ocorrentes no Brasil. Foram realizadas expedi\u00e7\u00f5es de coleta nos biomas Cerrado, Pantanal e, principalmente, na Mata Atl\u00e2ntica, o que enriqueceu o acervo de bri\u00f3fitas do herb\u00e1rio SP e ampliou a distribui\u00e7\u00e3o de diversos t\u00e1xons de Bryaceae.<\/p>\n<p style=\"text-align: center\">As expedi\u00e7\u00f5es a campo para as regi\u00f5es Sul, Sudeste e Centro Oeste realizadas durante o\u00a0 doutorado aumentaram a amostragem, distribui\u00e7\u00e3o e novos registros estaduais de v\u00e1rios t\u00e1xons, sendo sete novos registros para <em>Anomobryum<\/em>, 17 para <em>Brachymenium <\/em>e 37 para <em>Bryum<\/em>. Al\u00e9m disso, <em>Bryum pallescens<\/em> foi registrado pela primeira vez para o Brasil.<\/p>\n<p style=\"text-align: center\">Foi poss\u00edvel analisar um extenso n\u00famero de exsicatas depositadas no herb\u00e1rio SP provenientes de todas as regi\u00f5es do Brasil e inclusive de diferentes continentes. Durante a an\u00e1lise aprofundada das amostras, constatei que a maioria destas estava identificada at\u00e9 g\u00eanero ou ent\u00e3o com o nome mal aplicado. Assim, nosso trabalho permitiu realizar uma listagem atualizada de esp\u00e9cies de <em>Anomobryum<\/em>, <em>Bryum <\/em>e <em>Brachymenium <\/em>para o Brasil ao fazer uma an\u00e1lise criteriosa dos nomes e tipos nomenclaturais citados para o pa\u00eds.<\/p>\n<p style=\"text-align: center\">Obtivemos relevantes resultados taxon\u00f4micos e nomenclaturais. Com a an\u00e1lise meticulosa das esp\u00e9cies, compreendendo cerca de 1000 amostras apenas depositadas no herb\u00e1rio SP, percebemos a necessidade da lectotipifica\u00e7\u00e3o de <em>Rhodobryum horizontale<\/em>, processo que foi melhor descrito no cap\u00edtulo 1 da tese. Al\u00e9m disso, descrevemos duas novas esp\u00e9cies de <em>Brachymenium <\/em>(<em>B. elimbatum <\/em>e<em> B. sublinearis<\/em>) end\u00eamicas do Sul e do Sudeste do Brasil (Canestraro &amp; Peralta 2020; cap\u00edtulo 2). Registramos duas esp\u00e9cies de <em>Anomobryum<\/em>, nove de <em>Brachymenium <\/em>e 18 de <em>Bryum <\/em>para o Brasil (cap\u00edtulos 3 e 4). Cinco esp\u00e9cies s\u00e3o end\u00eamicas do Brasil: <em>Bryum riparioides, Brachymenium elimbatum, B. hornschuchianum, B. regnellii <\/em>e<em> B. sublinearis<\/em>. O nome <em>Bryum riparioides<\/em> foi restabelecido, pois era pouco utilizado na literatura. Foi apresentada a primeira descri\u00e7\u00e3o da sexualidade de <em>Bryum renauldii<\/em>. Todas as esp\u00e9cies registradas tamb\u00e9m ocorrem na Mata Atl\u00e2ntica e oito s\u00e3o exclusivas deste bioma.<\/p>\n<p style=\"text-align: center\">Com rela\u00e7\u00e3o \u00e0s novidades taxon\u00f4micas, para <em>Anomobryum <\/em>foi exclu\u00eddo um nome para o Brasil, para <em>Brachymenium<\/em>, foram listados tr\u00eas t\u00e1xons de ocorr\u00eancia duvidosa e quatro nomes exclu\u00eddos; e para e <em>Bryum<\/em>, foram citados 10 t\u00e1xons de ocorr\u00eancia duvidosa e 20 nomes exclu\u00eddos para o Brasil.<\/p>\n<p style=\"text-align: center\">\u00a0A condu\u00e7\u00e3o da tese possibilitou aumentar o conhecimento sobre a taxonomia, ecologia e distribui\u00e7\u00e3o do grupo para o Brasil.<\/p>\n<p style=\"text-align: center\"><img decoding=\"async\" loading=\"lazy\" class=\"aligncenter size-full wp-image-8665\" src=\"https:\/\/smastr16.blob.core.windows.net\/pgibt\/sites\/242\/2023\/04\/bianca_kalinowski_canestraro-dr_02.jpg\" alt=\"\" width=\"999\" height=\"562\" srcset=\"https:\/\/smastr16.blob.core.windows.net\/pgibt\/sites\/242\/2023\/04\/bianca_kalinowski_canestraro-dr_02.jpg 999w, https:\/\/smastr16.blob.core.windows.net\/pgibt\/sites\/242\/2023\/04\/bianca_kalinowski_canestraro-dr_02-320x180.jpg 320w, https:\/\/smastr16.blob.core.windows.net\/pgibt\/sites\/242\/2023\/04\/bianca_kalinowski_canestraro-dr_02-768x432.jpg 768w, https:\/\/smastr16.blob.core.windows.net\/pgibt\/sites\/242\/2023\/04\/bianca_kalinowski_canestraro-dr_02-250x141.jpg 250w, https:\/\/smastr16.blob.core.windows.net\/pgibt\/sites\/242\/2023\/04\/bianca_kalinowski_canestraro-dr_02-550x309.jpg 550w, https:\/\/smastr16.blob.core.windows.net\/pgibt\/sites\/242\/2023\/04\/bianca_kalinowski_canestraro-dr_02-800x450.jpg 800w, https:\/\/smastr16.blob.core.windows.net\/pgibt\/sites\/242\/2023\/04\/bianca_kalinowski_canestraro-dr_02-533x300.jpg 533w, https:\/\/smastr16.blob.core.windows.net\/pgibt\/sites\/242\/2023\/04\/bianca_kalinowski_canestraro-dr_02-889x500.jpg 889w\" sizes=\"(max-width: 999px) 100vw, 999px\" \/>Gostaria de agradecer ao Instituto de Bot\u00e2nica de S\u00e3o Paulo (IBt) pela infraestrutura prestada para a realiza\u00e7\u00e3o do trabalho e ao Conselho Nacional de Desenvolvimento Cient\u00edfico e Tecnol\u00f3gico (CNPq) pelo financiamento deste doutorado.<\/p>\n<p><strong>\u00a0<\/strong><strong>Refer\u00eancias<\/strong><\/p>\n<p><strong>Canestraro, B.K. &amp; Peralta, D.F. 2020.<\/strong> New and endemic species of <em>Brachymenium <\/em>(Bryaceae, Bryophyta) in the Atlantic Rainforest of Brazil. Phytotaxa 446(4):220-228.<\/p>\n<hr align=\"center\" noshade=\"noshade\" size=\"1\" width=\"100%\" \/>\n<h3 style=\"text-align: center\">Revis\u00e3o taxon\u00f4mica das esp\u00e9cies brasileiras de <em>Anomobryum<\/em>, <em>Brachymenium<\/em> e <em>Bryum<\/em> (<em>Bryaceae<\/em>)<\/h3>\n<hr align=\"center\" noshade=\"noshade\" size=\"1\" width=\"100%\" \/>\n<p style=\"text-align: center\"><strong>ABSTRACT<\/strong><\/p>\n<p style=\"text-align: justify\">Bryaceae Schw\u00e4gr. is a species rich moss family with ten genera and 660 species which has complicated taxa identification. For Brazil are listed 54 species in four genera, three of them are estudied in this thesis. <em>Bryum<\/em> Hedw., the largest genus of Bryaceae, has 440 cosmopolitan species, while <em>Anomobryum<\/em> Schimp. comprises 47 cosmopolitan species. <em>Brachymenium<\/em> Schw\u00e4gr. presents around 100 species, with distribution mostly Pantropical. The diagnostic features of <em>Anomobryum <\/em>are: plants with concave, imbricate to julaceous leaves and with median cells linear-vermicular, and of <em>Brachymenium<\/em> are: habit usually corticolous, erect capsules, high endostome membrane with a rudimentar distal portion. <em>Bryum<\/em> usually has pendent capsules and complete peristome, because the gametophyte characters are too plastic to define the genus. The complexity of taxa identification, especially due to the lack of the sporophyte in the samples and the poor sampling of Brazilian plants in the literature, it is necessary to perform the revision of the Bryaceae genera. Molecular studies have resolved <em>Brachymenium<\/em> and <em>Bryum<\/em> as paraphyletic, therefore their circumscription have been changing; however, the genera still need additional studies. This study aimed to provide a taxonomic treatment for the species of <em>Anomobryum<\/em>, <em>Brachymenium<\/em> and <em>Bryum<\/em> in Brazil. Field expeditions were performed in all Brazilian biomes and States, with specimens deposited in the SP herbarium. We examined type material and collections from national and international herbaria, but mostly from the SP herbarium. Two species of <em>Anomobryum<\/em>, nine of <em>Brachymenium<\/em> and 18 of <em>Bryum<\/em> were recorded for Brazil. We described two new species of <em>Brachymenium<\/em> endemic to the South and Southern regions of Brazil (<em>B. elimbatum<\/em> and <em>B. sublinearis<\/em>). Five species are endemic to Brazil: <em>Bryum riparioides, Brachymenium elimbatum, B. hornschuchianum, B. regnellii <\/em>and<em> B. sublinearis<\/em>. <em>Bryum pallescens<\/em> is a new record for Brazil and <em>B. riparioides<\/em> is a reestablished name. We present the first description of the sexuality of <em>Bryum renauldii<\/em>. All species also occur in the Atlantic Rainforest and eight species are exclusive to this biome. Regarding the taxonomic novelties, one name of <em>Anomobryum<\/em> was excluded for Brazil; three taxa of doubtful occurrence and four excluded names were listed for <em>Brachymenium<\/em>; and 20 excluded names for Brazil and 11 taxa of doubtful occurrence for <em>Bryum<\/em> were recorded.<\/p>\n<p style=\"text-align: justify\"><strong>Key words<\/strong>: Acrocarpous mosses, Bryales, Bryophytes, Bryology, Diplolepideous mosses, Neotropics.<\/p>\n<p style=\"text-align: center\"><strong>RESUMO<\/strong><\/p>\n<p style=\"text-align: justify\">Bryaceae Schw\u00e4gr. \u00e9 uma fam\u00edlia de musgos bastante rica contendo dez g\u00eaneros e 660 esp\u00e9cies cuja identifica\u00e7\u00e3o dos t\u00e1xons \u00e9 geralmente muito trabalhosa. Para o Brasil est\u00e3o listadas 54 esp\u00e9cies em quatro g\u00eaneros, sendo tr\u00eas estudados nesta tese. <em>Bryum<\/em> Hedw., que \u00e9 o maior g\u00eanero de Bryaceae, apresenta 440 esp\u00e9cies cosmopolitas e <em>Anomobryum<\/em> Schimp., 47 esp\u00e9cies cosmopolitas. <em>Brachymenium<\/em> Schw\u00e4gr. compreende cerca de 100 esp\u00e9cies com distribui\u00e7\u00e3o principalmente pantropical. As caracter\u00edsticas diagn\u00f3sticas de <em>Anomobryum:<\/em> s\u00e3o plantas com fil\u00eddios imbricados a jul\u00e1ceos, c\u00f4ncavos e com c\u00e9lulas medianas linear-vermiculares e de <em>Brachymenium<\/em> s\u00e3o: h\u00e1bito preferencialmente cortic\u00edcola, c\u00e1psulas eretas e membrana do end\u00f3stoma alta com a por\u00e7\u00e3o distal rudimentar. J\u00e1 <em>Bryum<\/em> geralmente apresenta c\u00e1psulas pendentes e perist\u00f4mio completo, pois as caracter\u00edsticas do gamet\u00f3fito s\u00e3o muito pl\u00e1sticas para definir o g\u00eanero. H\u00e1 a necessidade de revis\u00e3o dos g\u00eaneros em virtude da dificuldade de identifica\u00e7\u00e3o dos t\u00e1xons, especialmente quando o espor\u00f3fito \u00e9 ausente, e da sub-amostragem de plantas brasileiras na literatura. Estudos moleculares mostraram que <em>Brachymenium<\/em> e <em>Bryum<\/em> s\u00e3o parafil\u00e9ticos, por isso suas circunscri\u00e7\u00f5es t\u00eam passado por mudan\u00e7as recentes, entretanto os g\u00eaneros necessitam ser mais estudados. O objetivo deste estudo foi realizar um tratamento taxon\u00f4mico para as esp\u00e9cies de <em>Anomobryum<\/em>, <em>Brachymenium<\/em> e <em>Bryum<\/em> ocorrentes no Brasil. Foram realizadas expedi\u00e7\u00f5es de coleta em todos os biomas e estados brasileiros e as amostras foram depositadas no herb\u00e1rio SP. O estudo foi baseado na an\u00e1lise de esp\u00e9cimes-tipo e de material depositado em herb\u00e1rios nacionais e internacionais, principalmente no SP. Para o Brasil foram reconhecidas duas esp\u00e9cies de <em>Anomobryum<\/em>, nove de <em>Brachymenium<\/em> e 18 de <em>Bryum<\/em>. Foram descritas duas novas esp\u00e9cies de <em>Brachymenium<\/em> end\u00eamicas do Sul e do Sudeste do Brasil (<em>B. elimbatum <\/em>e<em> B. sublinearis<\/em>). Cinco esp\u00e9cies s\u00e3o end\u00eamicas do Brasil: <em>Bryum riparioides, Brachymenium elimbatum, B. hornschuchianum, B. regnellii <\/em>e<em> B. sublinearis<\/em>. <em>Bryum pallescens<\/em> foi registrado pela primeira vez no Brasil. O nome <em>Bryum riparioides<\/em> foi restabelecido. Foi apresentada a primeira descri\u00e7\u00e3o da sexualidade de <em>Bryum renauldii<\/em>. Todas as esp\u00e9cies registradas tamb\u00e9m ocorrem na Mata Atl\u00e2ntica e oito s\u00e3o exclusivas deste bioma. Com rela\u00e7\u00e3o \u00e0s novidades taxon\u00f4micas, para <em>Anomobryum<\/em> foi exclu\u00eddo um nome para o Brasil, para <em>Brachymenium<\/em>, foram listados tr\u00eas t\u00e1xons de ocorr\u00eancia duvidosa e quatro nomes exclu\u00eddos; e para e <em>Bryum<\/em>, foram citados 10 t\u00e1xons de ocorr\u00eancia duvidosa e 20 nomes exclu\u00eddos para o Brasil.<\/p>\n<p style=\"text-align: justify\"><strong>\u00a0<\/strong><strong>Palavras-chave<\/strong>: Bryales, Bri\u00f3fitas, Briologia, Musgos Acroc\u00e1rpicos, Musgos diplolep\u00eddeos, Neotr\u00f3pico.<\/p>\n<hr align=\"center\" noshade=\"noshade\" size=\"1\" width=\"100%\" \/>\n<p style=\"text-align: center\"><a href=\"https:\/\/smastr16.blob.core.windows.net\/pgibt\/sites\/242\/2023\/04\/bianca_kalinowski_canestraro-dr.pdf\" target=\"_blank\" rel=\"noopener noreferrer\"><img decoding=\"async\" loading=\"lazy\" class=\"aligncenter\" src=\"https:\/\/smastr16.blob.core.windows.net\/pgibt\/2013\/09\/pdf_grande.gif\" alt=\"pdf_grande\" width=\"60\" height=\"60\" \/><\/a><a href=\"https:\/\/smastr16.blob.core.windows.net\/pgibt\/sites\/242\/2023\/04\/bianca_kalinowski_canestraro-dr.pdf\"><strong>Bianca Kalinowski Canestraro<\/strong><\/a><br \/>\n<a href=\"https:\/\/smastr16.blob.core.windows.net\/pgibt\/sites\/242\/2023\/04\/bianca_kalinowski_canestraro-dr.pdf\">Revis\u00e3o taxon\u00f4mica das esp\u00e9cies brasileiras de <em>Anomobryum<\/em>, B<em>rachymenium<\/em> e <em>Bryum<\/em> (<em>Bryaceae<\/em>)<\/a><\/p>\n<hr align=\"center\" noshade=\"noshade\" size=\"1\" width=\"100%\" \/>\n<p style=\"text-align: center\"><strong>\u00a0<a href=\"https:\/\/www.infraestruturameioambiente.sp.gov.br\/pgibt\/dissertacoesteses\/\" target=\"_blank\" rel=\"noopener noreferrer\">VOLTAR AS DISSERTA\u00c7\u00d5ES E TESES<\/a><\/strong><\/p>\n<hr align=\"center\" noshade=\"noshade\" size=\"1\" width=\"100%\" \/>\n","protected":false},"excerpt":{"rendered":"<p>Bianca Kalinowski Canestraro A defesa aconteceu \u00e0s 14:00 do dia 25 de fevereiro de 2021 via plataforma Google Meet, com a presen\u00e7a da banca de avalia\u00e7\u00e3o constitu\u00edda pelos doutores Denilson F. Peralta, Ju\u00e7ara Bordin, Rodrigo Rodrigues, F\u00e1tima Buturi, Adriana Gugliotta e Dimas Marchi do Carmo. O trabalho envolveu o tratamento taxon\u00f4mico das esp\u00e9cies de bri\u00f3fitas [&hellip;]<\/p>\n","protected":false},"author":187,"featured_media":0,"parent":0,"menu_order":0,"comment_status":"closed","ping_status":"closed","template":"","meta":[],"_links":{"self":[{"href":"https:\/\/www.infraestruturameioambiente.sp.gov.br\/pgibt\/wp-json\/wp\/v2\/pages\/8663"}],"collection":[{"href":"https:\/\/www.infraestruturameioambiente.sp.gov.br\/pgibt\/wp-json\/wp\/v2\/pages"}],"about":[{"href":"https:\/\/www.infraestruturameioambiente.sp.gov.br\/pgibt\/wp-json\/wp\/v2\/types\/page"}],"author":[{"embeddable":true,"href":"https:\/\/www.infraestruturameioambiente.sp.gov.br\/pgibt\/wp-json\/wp\/v2\/users\/187"}],"replies":[{"embeddable":true,"href":"https:\/\/www.infraestruturameioambiente.sp.gov.br\/pgibt\/wp-json\/wp\/v2\/comments?post=8663"}],"version-history":[{"count":1,"href":"https:\/\/www.infraestruturameioambiente.sp.gov.br\/pgibt\/wp-json\/wp\/v2\/pages\/8663\/revisions"}],"predecessor-version":[{"id":8666,"href":"https:\/\/www.infraestruturameioambiente.sp.gov.br\/pgibt\/wp-json\/wp\/v2\/pages\/8663\/revisions\/8666"}],"wp:attachment":[{"href":"https:\/\/www.infraestruturameioambiente.sp.gov.br\/pgibt\/wp-json\/wp\/v2\/media?parent=8663"}],"curies":[{"name":"wp","href":"https:\/\/api.w.org\/{rel}","templated":true}]}}