{"id":8642,"date":"2023-04-12T09:33:57","date_gmt":"2023-04-12T12:33:57","guid":{"rendered":"https:\/\/www.infraestruturameioambiente.sp.gov.br\/pgibt\/?page_id=8642"},"modified":"2023-04-18T13:18:41","modified_gmt":"2023-04-18T16:18:41","slug":"krysna-stephanny-de-morais-ferreira-dr","status":"publish","type":"page","link":"https:\/\/www.infraestruturameioambiente.sp.gov.br\/pgibt\/krysna-stephanny-de-morais-ferreira-dr\/","title":{"rendered":"Krysna Stephanny de Morais Ferreira &#8211; DR"},"content":{"rendered":"<h2 style=\"text-align: center\"><a href=\"https:\/\/www.infraestruturameioambiente.sp.gov.br\/pgibt\/\" target=\"_blank\" rel=\"noopener noreferrer\"><img decoding=\"async\" loading=\"lazy\" class=\"aligncenter wp-image-3777 size-full\" style=\"border: 0px\" src=\"https:\/\/smastr16.blob.core.windows.net\/pgibt\/2015\/02\/faixapos6.jpg\" alt=\"faixapos6\" width=\"950\" height=\"163\" srcset=\"https:\/\/smastr16.blob.core.windows.net\/pgibt\/2015\/02\/faixapos6.jpg 950w, https:\/\/smastr16.blob.core.windows.net\/pgibt\/2015\/02\/faixapos6-768x131.jpg 768w\" sizes=\"(max-width: 950px) 100vw, 950px\" \/><\/a><\/h2>\n<hr align=\"center\" noshade=\"noshade\" size=\"1\" width=\"100%\" \/>\n<h2 style=\"text-align: center\">Krysna Stephanny de Morais Ferreira<\/h2>\n<hr align=\"center\" noshade=\"noshade\" size=\"1\" width=\"100%\" \/>\n<p style=\"text-align: center\">No dia 22 de Fevereiro de 2021, Krysna Stephanny de Morais Ferreira, aluna de Doutorado do Programa de P\u00f3s-gradua\u00e7\u00e3o em Biodiversidade Vegetal e Meio Ambiente do Instituto de Bot\u00e2nica e bolsista da CAPES, Coordena\u00e7\u00e3o de Aperfei\u00e7oamento de Pessoal de N\u00edvel Superior defendeu sua tese intitulada \u201cDistribui\u00e7\u00e3o estratigr\u00e1fica de diatom\u00e1ceas (Bacillariophyta) em sedimentos holoc\u00eanicos do rio Xingu (bacia Amaz\u00f4nica): reconstru\u00e7\u00e3o paleolimnol\u00f3gica\u201d, de forma remota atrav\u00e9s da plataforma Google Meet.<\/p>\n<p style=\"text-align: center\">A banca examinadora foi presidida pelo Dr. Carlos Eduardo de Mattos Bicudo (Instituto de Bot\u00e2nica), tendo como membros Dr. Andr\u00e9 Sawakuchi (Universidade de S\u00e3o Paulo), Dr\u00aa Carla Ferragut (Instituto de Bot\u00e2nica), Dr\u00aa L\u00facia Helena Sampaio da Silva (Universidade Federal do Rio de Janeiro) e Dr\u00aa Luciane Fontana (Universidade Federal do ABC).<\/p>\n<hr align=\"center\" noshade=\"noshade\" size=\"1\" width=\"100%\" \/>\n<h3 style=\"text-align: center\">Distribui\u00e7\u00e3o estratigr\u00e1fica de diatom\u00e1ceas (Bacillariophyta) em sedimentos holoc\u00eanicos do rio Xingu (bacia Amaz\u00f4nica): reconstru\u00e7\u00e3o paleolimnol\u00f3gica<\/h3>\n<hr align=\"center\" noshade=\"noshade\" size=\"1\" width=\"100%\" \/>\n<p style=\"text-align: center\"><strong>ABSTRACT<\/strong><\/p>\n<p style=\"text-align: justify\">Despite of considering \u201crecent\u201d on the geological time scale, the Holocene is characteristic by drier periods alternating with wetter ones observed across the Amazon basin. In order to understand the main environmental changes occurring in the eastern Amazon basin, a sediment core named XC-03 was retrieved in a region of <em>ria<\/em> in the lower Xingu River. Chapter 1 focused on the relationships between the diatom assemblage and the physical and chemical features available for the sediment core, in order to discuss the main changes that occurred during the Meghalayan Age (~4.000 cal yr BP). Climate changes were observed between 2,600 and 1,400 cal yr BP, which affected the discharge regime of the <em>ria<\/em> and, consequently, the diatom assemblage composition. <em>Aulacoseira granulata <\/em>responded for the main changes, reaching its maximum abundance between 2,470 and 779 cal yr BP (zone 3). Chapter 2 is the identification of the most abundant species in the sediment core, in order to complement the floristic survey already carried out for the study area. As a result, 16 taxa (species and taxonomic varieties) distributed in nine genera were identified and their ecological preferences discussed. Chapters 3 and 4 are the description of two new species, <em>Planothidium xinguensis<\/em> and <em>Psammothidium <\/em>sp., thus contributing to the knowledge of the diatoms diversity in <em>ria<\/em> ecosystems, as well as adding new records to the Amazonian clear water rivers. Finally, analysis of the diatoms associated with other sedimentary biomarkers (lithological, organic and inorganic geochemistry, and isotopic data) allowed expansion of the knowledge on the environmental changes occurred in the eastern Amazon.<\/p>\n<p style=\"text-align: justify\"><strong>Keywords:<\/strong> biodiversity, diatom, Meghalayan Age, paleohidrology, Amazonian<em> ria<\/em><\/p>\n<p style=\"text-align: center\"><strong>RESUMO<\/strong><\/p>\n<p style=\"text-align: justify\">Apesar de considerado \u201crecente\u201d na escala geol\u00f3gica, o Holoceno (~4.000 cal anos AP) \u00e9 caracterizado por per\u00edodos secos intercalados com outros mais \u00famidos observados em toda a bacia Amaz\u00f4nica. Com o objetivo de maximizar o entendimento sobre as principais mudan\u00e7as ambientais ocorridas na Amaz\u00f4nia Oriental, um testemunho intitulado XC-03 foi coletado em uma \u00e1rea de <em>ria<\/em> no baixo Xingu. No cap\u00edtulo 1, as assembleias de diatom\u00e1ceas foram relacionadas \u00e0 informa\u00e7\u00e3o f\u00edsica e qu\u00edmica dispon\u00edvel para o testemunho, a fim de discutir as principais mudan\u00e7as ocorridas durante a Idade Megalaiana. Verificou-se que as mudan\u00e7as ocorridas no clima no per\u00edodo entre 2.600 e 1.400 cal anos AP afetaram o regime de descarga da <em>ria<\/em> e, consequentemente, as assembleias de diatom\u00e1ceas. <em>Aulacoseira granulata<\/em> foi a esp\u00e9cie que mais respondeu \u00e0s mudan\u00e7as atingindo seus valores m\u00e1ximos entre 2.470 e 779 cal anos AP (zona 3). O cap\u00edtulo 2 apresentou as esp\u00e9cies mais abundantes identificadas do testemunho XC-03 com o objetivo de complementar a pesquisa flor\u00edstica realizada no local. Como resultado, 16 t\u00e1xons entre esp\u00e9cies e variedades taxon\u00f4micas distribu\u00eddos em nove g\u00eaneros foram inventariados e suas prefer\u00eancias ecol\u00f3gicas discutidas. Os cap\u00edtulos 3 e 4 descreveram duas esp\u00e9cies at\u00e9 ent\u00e3o in\u00e9ditas para Ci\u00eancia, <em>Planothidium xinguense<\/em> e <em>Psammothidium <\/em>sp., contribuindo assim para o conhecimento da diversidade de diatom\u00e1ceas em ecossistemas de <em>rias<\/em> e adicionando novos registros para os rios amaz\u00f4nicos de \u00e1guas claras. Finalmente, a an\u00e1lise das diatom\u00e1ceas associadas a outros multitra\u00e7adores ambientais (granulometria, geoqu\u00edmica org\u00e2nica e inorg\u00e2nica e dados isot\u00f3picos) permitiu expandir o conhecimento sobre as principais mudan\u00e7as ambientais ocorridas na Amaz\u00f4nia Oriental.<\/p>\n<p style=\"text-align: justify\"><strong>Palavras-chave: <\/strong>biodiversidade, diatom\u00e1cea, Idade Megalaiana, paleohidrologia, <em>ria<\/em> amaz\u00f4nica<\/p>\n<hr align=\"center\" noshade=\"noshade\" size=\"1\" width=\"100%\" \/>\n<p style=\"text-align: center\"><a href=\"https:\/\/smastr16.blob.core.windows.net\/pgibt\/sites\/242\/2023\/04\/krysna_stephanny_de_morais_ferreira-dr.pdf\" target=\"_blank\" rel=\"noopener noreferrer\"><img decoding=\"async\" loading=\"lazy\" class=\"aligncenter\" src=\"https:\/\/smastr16.blob.core.windows.net\/pgibt\/2013\/09\/pdf_grande.gif\" alt=\"pdf_grande\" width=\"60\" height=\"60\" \/><\/a><a href=\"https:\/\/smastr16.blob.core.windows.net\/pgibt\/sites\/242\/2023\/04\/krysna_stephanny_de_morais_ferreira-dr.pdf\"><strong>Krysna Stephanny de Morais Ferreira<\/strong><\/a><br \/>\n<a href=\"https:\/\/smastr16.blob.core.windows.net\/pgibt\/sites\/242\/2023\/04\/krysna_stephanny_de_morais_ferreira-dr.pdf\">Distribui\u00e7\u00e3o estratigr\u00e1fica de diatom\u00e1ceas (Bacillariophyta) em sedimentos holoc\u00eanicos do rio Xingu (bacia Amaz\u00f4nica): reconstru\u00e7\u00e3o paleolimnol\u00f3gica<\/a><\/p>\n<hr align=\"center\" noshade=\"noshade\" size=\"1\" width=\"100%\" \/>\n<p style=\"text-align: center\"><strong>\u00a0<a href=\"https:\/\/www.infraestruturameioambiente.sp.gov.br\/pgibt\/dissertacoesteses\/\" target=\"_blank\" rel=\"noopener noreferrer\">VOLTAR AS DISSERTA\u00c7\u00d5ES E TESES<\/a><\/strong><\/p>\n<hr align=\"center\" noshade=\"noshade\" size=\"1\" width=\"100%\" \/>\n","protected":false},"excerpt":{"rendered":"<p>Krysna Stephanny de Morais Ferreira No dia 22 de Fevereiro de 2021, Krysna Stephanny de Morais Ferreira, aluna de Doutorado do Programa de P\u00f3s-gradua\u00e7\u00e3o em Biodiversidade Vegetal e Meio Ambiente do Instituto de Bot\u00e2nica e bolsista da CAPES, Coordena\u00e7\u00e3o de Aperfei\u00e7oamento de Pessoal de N\u00edvel Superior defendeu sua tese intitulada \u201cDistribui\u00e7\u00e3o estratigr\u00e1fica de diatom\u00e1ceas (Bacillariophyta) [&hellip;]<\/p>\n","protected":false},"author":187,"featured_media":0,"parent":0,"menu_order":0,"comment_status":"closed","ping_status":"closed","template":"","meta":[],"_links":{"self":[{"href":"https:\/\/www.infraestruturameioambiente.sp.gov.br\/pgibt\/wp-json\/wp\/v2\/pages\/8642"}],"collection":[{"href":"https:\/\/www.infraestruturameioambiente.sp.gov.br\/pgibt\/wp-json\/wp\/v2\/pages"}],"about":[{"href":"https:\/\/www.infraestruturameioambiente.sp.gov.br\/pgibt\/wp-json\/wp\/v2\/types\/page"}],"author":[{"embeddable":true,"href":"https:\/\/www.infraestruturameioambiente.sp.gov.br\/pgibt\/wp-json\/wp\/v2\/users\/187"}],"replies":[{"embeddable":true,"href":"https:\/\/www.infraestruturameioambiente.sp.gov.br\/pgibt\/wp-json\/wp\/v2\/comments?post=8642"}],"version-history":[{"count":2,"href":"https:\/\/www.infraestruturameioambiente.sp.gov.br\/pgibt\/wp-json\/wp\/v2\/pages\/8642\/revisions"}],"predecessor-version":[{"id":8656,"href":"https:\/\/www.infraestruturameioambiente.sp.gov.br\/pgibt\/wp-json\/wp\/v2\/pages\/8642\/revisions\/8656"}],"wp:attachment":[{"href":"https:\/\/www.infraestruturameioambiente.sp.gov.br\/pgibt\/wp-json\/wp\/v2\/media?parent=8642"}],"curies":[{"name":"wp","href":"https:\/\/api.w.org\/{rel}","templated":true}]}}