{"id":79,"date":"2013-04-12T12:46:21","date_gmt":"2013-04-12T15:46:21","guid":{"rendered":"https:\/\/www.infraestruturameioambiente.sp.gov.br\/pgibt\/?page_id=79"},"modified":"2013-04-12T12:46:21","modified_gmt":"2013-04-12T15:46:21","slug":"mestrado","status":"publish","type":"page","link":"https:\/\/www.infraestruturameioambiente.sp.gov.br\/pgibt\/mestrado\/","title":{"rendered":"Mestrado"},"content":{"rendered":"<p><a title=\"Informa\u00e7\u00f5es MS\" href=\"https:\/\/www.infraestruturameioambiente.sp.gov.br\/pgibt\/mestrado\/informacoes-ms\/\">Informa\u00e7\u00f5es MS<\/a><br \/>\n<a title=\"Exame de qualifica\u00e7\u00e3o MS\" href=\"https:\/\/www.infraestruturameioambiente.sp.gov.br\/pgibt\/mestrado\/exame-de-qualificacoes-ms\/\">Exame de Qualifica\u00e7\u00e3o MS<\/a><br \/>\n<a title=\"Defesa de Disserta\u00e7\u00e3o\" href=\"https:\/\/www.infraestruturameioambiente.sp.gov.br\/pgibt\/mestrado\/desefa-de-dissertacao\/\">Defesa de Disserta\u00e7\u00e3o<\/a><br \/>\n<a title=\"Diploma MS\" href=\"https:\/\/www.infraestruturameioambiente.sp.gov.br\/pgibt\/mestrado\/diploma-ms\/\">Diploma MS<\/a><br \/>\n<a title=\"Homologa\u00e7\u00e3o MS\" href=\"https:\/\/www.infraestruturameioambiente.sp.gov.br\/pgibt\/mestrado\/homologacao\/\">Homologa\u00e7\u00e3o MS<\/a><\/p>\n","protected":false},"excerpt":{"rendered":"<p>Informa\u00e7\u00f5es MS Exame de Qualifica\u00e7\u00e3o MS Defesa de Disserta\u00e7\u00e3o Diploma MS Homologa\u00e7\u00e3o MS<\/p>\n","protected":false},"author":1,"featured_media":0,"parent":0,"menu_order":4,"comment_status":"closed","ping_status":"open","template":"","meta":[],"_links":{"self":[{"href":"https:\/\/www.infraestruturameioambiente.sp.gov.br\/pgibt\/wp-json\/wp\/v2\/pages\/79"}],"collection":[{"href":"https:\/\/www.infraestruturameioambiente.sp.gov.br\/pgibt\/wp-json\/wp\/v2\/pages"}],"about":[{"href":"https:\/\/www.infraestruturameioambiente.sp.gov.br\/pgibt\/wp-json\/wp\/v2\/types\/page"}],"author":[{"embeddable":true,"href":"https:\/\/www.infraestruturameioambiente.sp.gov.br\/pgibt\/wp-json\/wp\/v2\/users\/1"}],"replies":[{"embeddable":true,"href":"https:\/\/www.infraestruturameioambiente.sp.gov.br\/pgibt\/wp-json\/wp\/v2\/comments?post=79"}],"version-history":[{"count":0,"href":"https:\/\/www.infraestruturameioambiente.sp.gov.br\/pgibt\/wp-json\/wp\/v2\/pages\/79\/revisions"}],"wp:attachment":[{"href":"https:\/\/www.infraestruturameioambiente.sp.gov.br\/pgibt\/wp-json\/wp\/v2\/media?parent=79"}],"curies":[{"name":"wp","href":"https:\/\/api.w.org\/{rel}","templated":true}]}}