{"id":7263,"date":"2019-11-04T11:32:33","date_gmt":"2019-11-04T13:32:33","guid":{"rendered":"https:\/\/www.infraestruturameioambiente.sp.gov.br\/pgibt\/?page_id=7263"},"modified":"2019-11-04T11:32:33","modified_gmt":"2019-11-04T13:32:33","slug":"fernanda-de-oliveira-menezes-ms","status":"publish","type":"page","link":"https:\/\/www.infraestruturameioambiente.sp.gov.br\/pgibt\/dissertacoesteses\/fernanda-de-oliveira-menezes-ms\/","title":{"rendered":"Fernanda de Oliveira Menezes MS"},"content":{"rendered":"<h2 style=\"text-align: center\"><a href=\"arquivos.ambiente.sp.gov.br\/pgibt\/2015\/02\/faixapos6.jpg\"><img decoding=\"async\" loading=\"lazy\" class=\"aligncenter wp-image-3777 size-full\" style=\"border: 0px\" src=\"https:\/\/smastr16.blob.core.windows.net\/pgibt\/2015\/02\/faixapos6.jpg\" alt=\"faixapos6\" width=\"950\" height=\"163\" srcset=\"https:\/\/smastr16.blob.core.windows.net\/pgibt\/2015\/02\/faixapos6.jpg 950w, https:\/\/smastr16.blob.core.windows.net\/pgibt\/2015\/02\/faixapos6-768x131.jpg 768w\" sizes=\"(max-width: 950px) 100vw, 950px\" \/><\/a><\/h2>\n<hr align=\"center\" noshade=\"noshade\" size=\"1\" width=\"100%\" \/>\n<h2 style=\"text-align: center\"><strong>Fernanda de Oliveira Menezes<\/strong><\/h2>\n<hr align=\"center\" noshade=\"noshade\" size=\"1\" width=\"100%\" \/>\n<p><a href=\"https:\/\/smastr16.blob.core.windows.net\/pgibt\/2019\/11\/defesa-fernanda_de_oliveira_-menezes_ms.jpeg\" target=\"_blank\" rel=\"noopener noreferrer\"><img decoding=\"async\" loading=\"lazy\" class=\"aligncenter wp-image-7264 \" src=\"https:\/\/smastr16.blob.core.windows.net\/pgibt\/2019\/11\/defesa-fernanda_de_oliveira_-menezes_ms.jpeg\" alt=\"\" width=\"562\" height=\"351\" srcset=\"https:\/\/smastr16.blob.core.windows.net\/pgibt\/2019\/11\/defesa-fernanda_de_oliveira_-menezes_ms.jpeg 1080w, https:\/\/smastr16.blob.core.windows.net\/pgibt\/2019\/11\/defesa-fernanda_de_oliveira_-menezes_ms-308x192.jpeg 308w, https:\/\/smastr16.blob.core.windows.net\/pgibt\/2019\/11\/defesa-fernanda_de_oliveira_-menezes_ms-768x479.jpeg 768w, https:\/\/smastr16.blob.core.windows.net\/pgibt\/2019\/11\/defesa-fernanda_de_oliveira_-menezes_ms-1024x639.jpeg 1024w, https:\/\/smastr16.blob.core.windows.net\/pgibt\/2019\/11\/defesa-fernanda_de_oliveira_-menezes_ms-250x156.jpeg 250w, https:\/\/smastr16.blob.core.windows.net\/pgibt\/2019\/11\/defesa-fernanda_de_oliveira_-menezes_ms-550x343.jpeg 550w, https:\/\/smastr16.blob.core.windows.net\/pgibt\/2019\/11\/defesa-fernanda_de_oliveira_-menezes_ms-800x499.jpeg 800w, https:\/\/smastr16.blob.core.windows.net\/pgibt\/2019\/11\/defesa-fernanda_de_oliveira_-menezes_ms-288x180.jpeg 288w, https:\/\/smastr16.blob.core.windows.net\/pgibt\/2019\/11\/defesa-fernanda_de_oliveira_-menezes_ms-481x300.jpeg 481w, https:\/\/smastr16.blob.core.windows.net\/pgibt\/2019\/11\/defesa-fernanda_de_oliveira_-menezes_ms-801x500.jpeg 801w\" sizes=\"(max-width: 562px) 100vw, 562px\" \/><\/a><\/p>\n<p>Em 29 de abril de 2019, a aluna Fernanda de Oliveira Menezes do programa de P\u00f3s-Gradua\u00e7\u00e3o em Biodiversidade Vegetal e Meio Ambiente do Instituto de Bot\u00e2nica de S\u00e3o Paulo, bolsista CAPES, defendeu sua disserta\u00e7\u00e3o de mestrado intitulada: \u201cProdu\u00e7\u00e3o de ROS e sistema antioxidante enzim\u00e1tico na brom\u00e9lia CAM <em>Acanthostachys strobilacea<\/em> (Schultz f.) Klotzsch &amp; Otto exposta \u00e0 seca\u201d.<\/p>\n<p style=\"text-align: center\">A banca examinadora foi presidida pela orientadora, Dra. Catarina Carvalho Nievola do N\u00facleo de Pesquisa em Plantas Ornamentais (IBt), e contou com a participa\u00e7\u00e3o da Dra. Mirian Cilene Spasiani Rinaldi do N\u00facleo de Pesquisa em Ecologia (IBt) e da Dra. Helenice Mercier do instituto de Bioci\u00eancias (IB- USP).<\/p>\n<hr align=\"center\" noshade=\"noshade\" size=\"1\" width=\"100%\" \/>\n<h3 style=\"text-align: center\">Produ\u00e7\u00e3o de ROS e sistema antioxidante enzim\u00e1tico na brom\u00e9lia CAM <em>Acanthostachys strobilacea<\/em> (Schultz f.) Klotzsch &amp; Otto exposta \u00e0 seca<\/h3>\n<hr align=\"center\" noshade=\"noshade\" size=\"1\" width=\"100%\" \/>\n<p style=\"text-align: center\"><strong>ABSTRACT<\/strong><\/p>\n<p style=\"text-align: justify\">Events associated to global warming involve a scenario of lower water availability due to the increase in temperature, establishing stressful conditions that may compromise the survival of certain species, such as epiphytic bromeliads. Among the bromeliad species found in Brazil is the ornamental <em>Acanthostachys strobilacea<\/em> (Schult. &amp; Schult.f.) Klotzsch.\u00a0\u00a0 Studies performed by our research group have identified the plasticity of this species when exposed to variations in water availability, which may be related to the fact that this species presents CAM (Crassulacean Acid Metabolism) photosynthesis.\u00a0CAM is a photosynthetic pathway that promotes drought tolerance, allowing high rates of CO<sub>2<\/sub> fixation by plants under decreased water availability conditions. The study with juvenile epiphytic bromeliads may reveal the physiological adjustments necessary for the survival of the species under water restriction.\u00a0 It can be assumed that these plants present fast tolerance adjustments when exposed to drought. It has been observed that CAM epiphytic bromeliads show variations in the activities of the antioxidant system under drought conditions, which may facilitate its survival in this condition. In fact, when plants employ an efficient antioxidant defense system that includes enzymes such as superoxide dismutase (SOD), catalase (CAT), ascorbate peroxidase (APX), glutathione reductase (GR), membrane damage caused by ROS (reactive oxygen species) such as the superoxide radical, for example, may be prevented. Furthermore, it is hypothesized CAM may act as a mechanism for preventing the overproduction of ROS. The objective of this study was to evaluate the response of young plants of the bromeliad <em>A. strobilacea <\/em>to moderate water deficit and rehydration by analyzing the activity of the enzymatic antioxidant system and of CAM enzymes, phosphoenolpyruvate carboxylase (PEPC) and malate dehydrogenase (MDH). First, plants were maintained under daily irrigation and without irrigation for eight days. After this period, plants without irrigation were irrigated for one day.\u00a0 Although there was a reduction in the relative water content, the osmotic potential was not reduced in the tissues of plants without irrigation. There were differences in PEPC and MDH activities between the beginning and end of the day, but water availability did not affect the activities of these enzymes However, there was an increase in the activities of the enzymatic antioxidant system and a decrease in lipid peroxidation (LPO) levels, suggesting that the antioxidant system was activated under moderate stress to reduce membrane damage.\u00a0After rehydration plants quickly recovered water content to similar levels of daily-irrigated plants and was observed a significant increase in superoxide and LPO content. Although CAT activity decreased, APX, SOD and GR activity was higher. Suggesting that the evaluated period was not adequate for the recovery of antioxidant enzymes activity at similar levels to those observed in the irrigated condition\u00a0The results show that, in young<em> A.strobilacea<\/em> plants, subjected to moderate drought the antioxidant enzymes are the main responsible for the elimination of ROS, and the decrease of the lipid peroxidation show this situation like\u00a0 more favorable to control of the cellular homeostasis in comparison to irrigated plants.<br \/>\nKeywords: Bromeliaceae, estresse oxidativo, metabolismo \u00e1cidos das crassul\u00e1ceas<\/p>\n<p style=\"text-align: center\"><strong>RESUMO<\/strong><\/p>\n<p style=\"text-align: justify\">Os eventos associados ao aquecimento global envolvem um cen\u00e1rio de menor disponibilidade h\u00eddrica devido ao aumento de temperatura, estabelecendo condi\u00e7\u00f5es estressantes que podem comprometer a sobreviv\u00eancia de certas esp\u00e9cies, como \u00e9 o caso das brom\u00e9lias ep\u00edfitas. Dentre as esp\u00e9cies de brom\u00e9lia encontradas no Brasil est\u00e1 a ornamental <em>Acanthostachys strobilacea<\/em> (Schult. &amp; Schult.f.) Klotzsch.\u00a0 Estudos realizados por nosso grupo de pesquisa identificaram a plasticidade dessa esp\u00e9cie quanto \u00e0s varia\u00e7\u00f5es da disponibilidade h\u00eddrica, o que pode estar relacionado ao fato dessa esp\u00e9cie apresentar a fotoss\u00edntese CAM (Metabolismo \u00c1cido das Crassul\u00e1ceas).\u00a0O metabolismo CAM \u00e9 uma via fotossint\u00e9tica que promove toler\u00e2ncia \u00e0 seca, permitindo altas taxas de fixa\u00e7\u00e3o de CO<sub>2<\/sub> pelas plantas em condi\u00e7\u00f5es de diminui\u00e7\u00e3o da disponibilidade de \u00e1gua. O Estudo com brom\u00e9lias ep\u00edfitas em est\u00e1gio inicial pode revelar os ajustes fisiol\u00f3gicos necess\u00e1rios \u00e0 perman\u00eancia de popula\u00e7\u00f5es de esp\u00e9cies mesmo sob restri\u00e7\u00e3o h\u00eddrica. \u00c9 poss\u00edvel supor que estas plantas devam apresentar r\u00e1pidos ajustes de toler\u00e2ncia quando expostas \u00e0 seca, tem sido constatado que brom\u00e9lias ep\u00edfitas CAM podem apresentar varia\u00e7\u00f5es nas atividades do sistema antioxidante em condi\u00e7\u00f5es de suspens\u00e3o h\u00eddrica o que facilitaria sua sobreviv\u00eancia nessa condi\u00e7\u00e3o. De fato, quando as plantas empregam um sistema eficiente de defesa antioxidante que incluem enzimas como super\u00f3xido dismutase (SOD), catalase (CAT), ascorbato peroxidase (APX), glutationa redutase (GR), os danos de membrana ocasionados por ROS (do ingl\u00eas \u201creactive oxygen species\u201d) como o super\u00f3xido, podem ser evitados. Al\u00e9m disso, existe a hip\u00f3tese de que CAM pode agir como mecanismo de preven\u00e7\u00e3o \u00e0 produ\u00e7\u00e3o excessiva de ROS. O objetivo do presente estudo foi avaliar a resposta ao d\u00e9ficit h\u00eddrico moderado e reidrata\u00e7\u00e3o em plantas jovens da brom\u00e9lia <em>A. strobilacea<\/em> por meio da an\u00e1lise de atividade do sistema antioxidante enzim\u00e1tico e das enzimas do CAM, fosfoenolpiruvato carboxilase (PEPC) e malato desidrogenase (MDH).\u00a0Primeiramente, um lote de plantas foi mantido em irriga\u00e7\u00e3o di\u00e1ria e outro lote em suspens\u00e3o de rega por oito dias. Ap\u00f3s esse per\u00edodo as plantas mantidas em suspens\u00e3o de rega foram reidratadas por 1 dia. Apesar de haver redu\u00e7\u00e3o do conte\u00fado relativo de \u00e1gua n\u00e3o foram observadas quedas nos valores de potencial osm\u00f3tico dos tecidos das plantas n\u00e3o irrigadas. Em plantas irrigadas e submetidas a suspens\u00e3o de rega, foi observado diferen\u00e7as na atividade das enzimas PEPC e MDH no in\u00edcio e final do dia, por\u00e9m n\u00e3o foi observado diferen\u00e7as na atividade dessas enzimas em rela\u00e7\u00e3o \u00e0 disponibilidade h\u00eddrica. Contudo, foi observado um aumento na atividade das enzimas do sistema antioxidante e diminui\u00e7\u00e3o de peroxida\u00e7\u00e3o lip\u00eddica (LPO), revelando a necessidade de ativa\u00e7\u00e3o do sistema antioxidante para redu\u00e7\u00e3o de danos de membrana em condi\u00e7\u00f5es de estresse moderado.\u00a0Ap\u00f3s a reidrata\u00e7\u00e3o as plantas recuperaram o conte\u00fado h\u00eddrico em n\u00edveis similares \u00e0s plantas irrigadas e foi observado um aumento significativo nos n\u00edveis de super\u00f3xido e LPO. Apesar da atividade da CAT ter diminu\u00eddo, as atividades da APX, SOD e GR foram maiores. Sugerindo que o per\u00edodo avaliado n\u00e3o foi adequado para a recupera\u00e7\u00e3o da atividade das enzimas do sistema antioxidantes em n\u00edveis similares aos observados na condi\u00e7\u00e3o irrigada. Os resultados apresentados sugerem que, em plantas jovens de <em>A. strobilacea,<\/em> submetidas \u00e0 seca moderada, as enzimas antioxidantes seriam as principais respons\u00e1veis pela elimina\u00e7\u00e3o de ROS e a diminui\u00e7\u00e3o da peroxida\u00e7\u00e3o lip\u00eddica aponta para essa situa\u00e7\u00e3o como sendo mais favor\u00e1vel ao controle da homeostase celular em compara\u00e7\u00e3o \u00e0s plantas que s\u00e3o mais hidratadas.<br \/>\nPalavras-chave: Bromeliaceae, estresse oxidativo, metabolismo \u00e1cidos das crassul\u00e1ceas<\/p>\n<hr align=\"center\" noshade=\"noshade\" size=\"1\" width=\"100%\" \/>\n<p style=\"text-align: center\"><a href=\"https:\/\/smastr16.blob.core.windows.net\/pgibt\/2019\/11\/fernanda_de_oliveira_menezes_ms.pdf\" target=\"_blank\" rel=\"noopener noreferrer\"><img decoding=\"async\" loading=\"lazy\" class=\"aligncenter\" src=\"https:\/\/smastr16.blob.core.windows.net\/pgibt\/2013\/09\/pdf_grande.gif\" alt=\"pdf_grande\" width=\"60\" height=\"60\" \/><\/a><a href=\"https:\/\/smastr16.blob.core.windows.net\/pgibt\/2019\/11\/fernanda_de_oliveira_menezes_ms.pdf\" target=\"_blank\" rel=\"noopener noreferrer\"><strong>Fernanda de Oliveira Menezes<\/strong><\/a><br \/>\n<a href=\"https:\/\/smastr16.blob.core.windows.net\/pgibt\/2019\/11\/fernanda_de_oliveira_menezes_ms.pdf\" target=\"_blank\" rel=\"noopener noreferrer\">Produ\u00e7\u00e3o de ROS e sistema antioxidante enzim\u00e1tico na brom\u00e9lia CAM <em>Acanthostachys strobilacea<\/em> (Schultz f.) Klotzsch &amp; Otto exposta \u00e0 seca<\/a><\/p>\n<hr align=\"center\" noshade=\"noshade\" size=\"1\" width=\"100%\" \/>\n<p style=\"text-align: center\"><strong>\u00a0<a href=\"www.infraestruturameioambiente.sp.gov.br\/pgibt\/dissertacoesteses\/\">VOLTAR AS DISSERTA\u00c7\u00d5ES E TESES<\/a><\/strong><\/p>\n<hr align=\"center\" noshade=\"noshade\" size=\"1\" width=\"100%\" \/>\n","protected":false},"excerpt":{"rendered":"<p>Fernanda de Oliveira Menezes Em 29 de abril de 2019, a aluna Fernanda de Oliveira Menezes do programa de P\u00f3s-Gradua\u00e7\u00e3o em Biodiversidade Vegetal e Meio Ambiente do Instituto de Bot\u00e2nica de S\u00e3o Paulo, bolsista CAPES, defendeu sua disserta\u00e7\u00e3o de mestrado intitulada: \u201cProdu\u00e7\u00e3o de ROS e sistema antioxidante enzim\u00e1tico na brom\u00e9lia CAM Acanthostachys strobilacea (Schultz f.) [&hellip;]<\/p>\n","protected":false},"author":103,"featured_media":0,"parent":249,"menu_order":0,"comment_status":"closed","ping_status":"closed","template":"","meta":[],"_links":{"self":[{"href":"https:\/\/www.infraestruturameioambiente.sp.gov.br\/pgibt\/wp-json\/wp\/v2\/pages\/7263"}],"collection":[{"href":"https:\/\/www.infraestruturameioambiente.sp.gov.br\/pgibt\/wp-json\/wp\/v2\/pages"}],"about":[{"href":"https:\/\/www.infraestruturameioambiente.sp.gov.br\/pgibt\/wp-json\/wp\/v2\/types\/page"}],"author":[{"embeddable":true,"href":"https:\/\/www.infraestruturameioambiente.sp.gov.br\/pgibt\/wp-json\/wp\/v2\/users\/103"}],"replies":[{"embeddable":true,"href":"https:\/\/www.infraestruturameioambiente.sp.gov.br\/pgibt\/wp-json\/wp\/v2\/comments?post=7263"}],"version-history":[{"count":1,"href":"https:\/\/www.infraestruturameioambiente.sp.gov.br\/pgibt\/wp-json\/wp\/v2\/pages\/7263\/revisions"}],"predecessor-version":[{"id":7266,"href":"https:\/\/www.infraestruturameioambiente.sp.gov.br\/pgibt\/wp-json\/wp\/v2\/pages\/7263\/revisions\/7266"}],"up":[{"embeddable":true,"href":"https:\/\/www.infraestruturameioambiente.sp.gov.br\/pgibt\/wp-json\/wp\/v2\/pages\/249"}],"wp:attachment":[{"href":"https:\/\/www.infraestruturameioambiente.sp.gov.br\/pgibt\/wp-json\/wp\/v2\/media?parent=7263"}],"curies":[{"name":"wp","href":"https:\/\/api.w.org\/{rel}","templated":true}]}}