{"id":6648,"date":"2022-09-02T09:27:29","date_gmt":"2022-09-02T12:27:29","guid":{"rendered":"https:\/\/www.infraestruturameioambiente.sp.gov.br\/pgibt\/?page_id=6648"},"modified":"2022-09-02T09:27:29","modified_gmt":"2022-09-02T12:27:29","slug":"samantha-borges-faustino-dr","status":"publish","type":"page","link":"https:\/\/www.infraestruturameioambiente.sp.gov.br\/pgibt\/samantha-borges-faustino-dr\/","title":{"rendered":"Samantha Borges Faustino DR"},"content":{"rendered":"<h2 style=\"text-align: center\"><a href=\"arquivos.ambiente.sp.gov.br\/pgibt\/2015\/02\/faixapos6.jpg\"><img decoding=\"async\" loading=\"lazy\" class=\"aligncenter wp-image-3777 size-full\" style=\"border: 0px\" src=\"https:\/\/smastr16.blob.core.windows.net\/pgibt\/2015\/02\/faixapos6.jpg\" alt=\"faixapos6\" width=\"950\" height=\"163\" srcset=\"https:\/\/smastr16.blob.core.windows.net\/pgibt\/2015\/02\/faixapos6.jpg 950w, https:\/\/smastr16.blob.core.windows.net\/pgibt\/2015\/02\/faixapos6-768x131.jpg 768w\" sizes=\"(max-width: 950px) 100vw, 950px\" \/><\/a><\/h2>\n<hr align=\"center\" noshade=\"noshade\" size=\"1\" width=\"100%\" \/>\n<h2 style=\"text-align: center\">Samantha Borges Faustino<\/h2>\n<hr align=\"center\" noshade=\"noshade\" size=\"1\" width=\"100%\" \/>\n<p style=\"text-align: justify\">No dia 29 de agosto de 2018, \u00e0s 13:30, a aluna da p\u00f3s-gradua\u00e7\u00e3o em Biodiversidade Vegetal e Meio Ambiente do Instituto de Bot\u00e2nica, S\u00e3o Paulo (IBt), <strong>Samantha Borges Faustino<\/strong> (bolsista CAPES), defendeu sua tese de doutorado intitulada \u201cReconstru\u00e7\u00e3o paleohidrol\u00f3gica de um lago de inunda\u00e7\u00e3o no rio Xingu com base em mutitra\u00e7adores bioqueoqu\u00edmicos\u201d<\/p>\n<p style=\"text-align: justify\">A banca examinadora foi composta pela Dr<sup>a<\/sup>\u00a0Denise de Campos Bicudo (orientadora\/IBt), Dr\u00a0F\u00e1bio Campos Pamplona Ribeiro (Universidade Federal Rural da Amaz\u00f4nia), Dr. Raoul Henry (Universidade Estadual Paulista), Dr<sup>a<\/sup> Gisele Carolina Marquardt (Instituto de Bot\u00e2nica), Dr<sup>a <\/sup>Carla Ferragut (Instituto de Bot\u00e2nica).<\/p>\n<p><img decoding=\"async\" loading=\"lazy\" class=\"aligncenter wp-image-8188 size-full\" src=\"https:\/\/smastr16.blob.core.windows.net\/pgibt\/sites\/242\/2022\/09\/samantha_borges_faustino_dr.jpg\" alt=\"\" width=\"800\" height=\"426\" srcset=\"https:\/\/smastr16.blob.core.windows.net\/pgibt\/sites\/242\/2022\/09\/samantha_borges_faustino_dr.jpg 800w, https:\/\/smastr16.blob.core.windows.net\/pgibt\/sites\/242\/2022\/09\/samantha_borges_faustino_dr-320x170.jpg 320w, https:\/\/smastr16.blob.core.windows.net\/pgibt\/sites\/242\/2022\/09\/samantha_borges_faustino_dr-768x409.jpg 768w, https:\/\/smastr16.blob.core.windows.net\/pgibt\/sites\/242\/2022\/09\/samantha_borges_faustino_dr-250x133.jpg 250w, https:\/\/smastr16.blob.core.windows.net\/pgibt\/sites\/242\/2022\/09\/samantha_borges_faustino_dr-550x293.jpg 550w, https:\/\/smastr16.blob.core.windows.net\/pgibt\/sites\/242\/2022\/09\/samantha_borges_faustino_dr-338x180.jpg 338w, https:\/\/smastr16.blob.core.windows.net\/pgibt\/sites\/242\/2022\/09\/samantha_borges_faustino_dr-563x300.jpg 563w\" sizes=\"(max-width: 800px) 100vw, 800px\" \/><\/p>\n<p>Dr<sup>a <\/sup>Carla Ferragut, Dr<sup>a<\/sup>\u00a0Denise de Campos Bicudo, Dr<sup>a<\/sup>\u00a0Samantha Borges Faustino, Dr. Raoul Henry, Dr<sup>a<\/sup> Gisele Carolina Marquardt e Dr\u00a0F\u00e1bio Campos Pamplona Ribeiro.<\/p>\n<hr align=\"center\" noshade=\"noshade\" size=\"1\" width=\"100%\" \/>\n<h3 style=\"text-align: center\">Reconstru\u00e7\u00e3o paleohidrol\u00f3gica de um lago de inunda\u00e7\u00e3o no rio Xingu com base em multitra\u00e7adores biogeoqu\u00edmicos<\/h3>\n<hr align=\"center\" noshade=\"noshade\" size=\"1\" width=\"100%\" \/>\n<h4 style=\"text-align: center\"><strong>ABSTRACT<\/strong><\/h4>\n<p style=\"text-align: justify\">The Quaternary period, the second period of the Cenozoic era, covers millions of years of Earth&#8217;s evolutionary history and comprises Pleistocene epochs, which began approximately 2.6 million years ago and lasted until 11,000 years, when started the present Holocene geological period. The Holocene climate, although less variable than the last period, has undergone to a series of rapid changes, which allows evaluating the short-term climatic events that can influence the current climate. In order to broaden the understanding of environmental and climatic changes in the Eastern Amazon during the Holocene, this work was carried out based on a multiproxy study of a sedimentary core taken from a floodplain connected to the Xingu River, Par\u00e1 (Eastern Amazon). Three paleoenvironmental zones were identified. In the end of the Mid-Holocene (~5,760-2,040 cal. yr BP, zone 1), the evidences indicated a more connected system to the river, deeper waters, with high hydrological flow and predominance of planktonic diatoms adapted to turbulent environments. In this phase since ~2,900 cal. yr BP, most probably started the formation of the flood lake, as inferred by the geochemistry that showed an increase of organic matter of allochthonous origin. At the beginning of the Late Holocene (~2,040-625 cal. yr BP, zone 2), the lake remained with characteristics of turbulent waters, however with lower hydrological flow and slight increase of productivity. In the Late Holocene (~625 cal. yr BP to the present, zone 3), the floodplain lake presented shallower waters, less connected to the river, slightly enriched with predominance of benthic diatom species. The environmental proxies indicated that the environment maintained good ecological quality and with no anthropogenic enrichment. Changes in the hydrological regime associated with secondary data for oxygen isotope (\u03b418O) obtained in speleothems from Paraiso cave, as well as of insolation for the Eastern Amazon allowed inferences on regional climate change. A period of humid and rainy weather was evidenced at the end of the Mid-Holocene (~ 4,000 cal. yr BP), turning to a drier, less rainy period in the late Holocene (~ 625 cal. yr BP). Regarding the floristic survey of diatoms, 77 taxa distributed in 27 genera were recorded, of which five new occurrences for Brazil and 35 for the Brazilian Amazon. The addition of 52% new records for the Brazilian Amazon highlights this region remains poorly known and biodiversity assessment underestimated. Furthermore, the new additions for Brazil were mostly found before ~600 cal. yr. BP. These findings highlight the use of the paleolimnological approach, in many cases, as the only tool to evaluate biodiversity before human impacts and in pristine conditions. Finally, this study highlights the importance of the paleohylogrological approach for paleoclimate inferences, indicating its potential use to broaden the understanding on climate changes in other temporal and geographic scales.<\/p>\n<p style=\"text-align: justify\"><strong>Keywords:<\/strong> Biodiversity, Diatoms, Paleoclimate, Palaeohydrology, Quaternary.<\/p>\n<h4 style=\"text-align: center\"><strong>RESUMO<\/strong><\/h4>\n<p style=\"text-align: justify\">O per\u00edodo Quatern\u00e1rio, segundo per\u00edodo da era Cenozoica, abrange milh\u00f5es de anos da hist\u00f3ria evolutiva da Terra e compreende as \u00e9pocas do Pleistoceno, que se iniciou h\u00e1 aproximadamente 2,6 milh\u00f5es de anos e que durou at\u00e9 11 mil anos, quando se inicia a atual \u00e9poca geol\u00f3gica do Holoceno. O clima do Holoceno, apesar de variar em menor amplitude do que o \u00faltimo per\u00edodo, passou por uma s\u00e9rie de mudan\u00e7as r\u00e1pidas, o que permite avaliar os eventos clim\u00e1ticos de curto prazo que podem influenciar o clima atual. No sentido de ampliar o entendimento das mudan\u00e7as ambientais e clim\u00e1ticas na Amaz\u00f4nia Oriental durante o Holoceno, este trabalho foi realizado a partir de um testemunho sedimentar retirado de um lago de inunda\u00e7\u00e3o conectado ao Rio Xingu, Par\u00e1 (Amaz\u00f4nia Oriental). \u00eas zonas paleoambientais foram identificadas. No fim do Holoceno M\u00e9dio (~5.760-2.040 anos AP, zona 1), as evid\u00eancias indicaram um sistema mais conectado ao rio, \u00e1guas com maior profundidade, com alto fluxo hidrol\u00f3gico e predomin\u00e2ncia de diatom\u00e1ceas planct\u00f4nicas adaptadas a ambientes turbulentos. Nesta fase a partir de ~2.900 anos AP, muito provavelmente, houve a forma\u00e7\u00e3o do lago de inunda\u00e7\u00e3o, conforme inferido pela geoqu\u00edmica que evidenciou aumento de mat\u00e9ria org\u00e2nica de origem al\u00f3ctone. No in\u00edcio do Holoceno Tardio (~2.040-625 anos AP, zona 2), o lago permaneceu com caracter\u00edsticas de \u00e1guas turbulentas, por\u00e9m com menor fluxo hidrol\u00f3gico e suave aumento de produtividade. No Holoceno Tardio (~625 anos at\u00e9 o presente, zona 3), o lago de inunda\u00e7\u00e3o apresentou \u00e1guas mais rasas, menos conectadas ao rio, levemente enriquecidas com predomin\u00e2ncia de esp\u00e9cies de diatom\u00e1ceas bent\u00f4nicas. Os marcadores ambientais indicaram que o ambiente manteve boa qualidade ecol\u00f3gica e sem enriquecimento antropog\u00eanico. As altera\u00e7\u00f5es do regime hidrol\u00f3gico associadas com os dados secund\u00e1rios do is\u00f3topo est\u00e1vel de oxig\u00eanio (\u03b418O) obtidos em espeleotemas da caverna Paraiso, bem como de insola\u00e7\u00e3o para a Amaz\u00f4nia Oriental permitiram infer\u00eancias sobre a altera\u00e7\u00e3o clim\u00e1tica regional. Um per\u00edodo de clima mais \u00famido e chuvoso foi evidenciado no fim do Holoceno M\u00e9dio (~ 4.000 anos AP), passando para um per\u00edodo, mais seco, de menor pluviosidade a partir do Holoceno Tardio (~625 anos AP). Em rela\u00e7\u00e3o ao levantamento das diatom\u00e1ceas, 77 t\u00e1xons distribu\u00eddos em 27 g\u00eaneros foram registrados, dos quais cinco novas ocorr\u00eancias para o Brasil e 35 para Amaz\u00f4nia brasileira. A adi\u00e7\u00e3o de 52% novos registros para a Amaz\u00f4nia brasileira demonstra que esta regi\u00e3o permanece pouco conhecida e a biodiversidade subestimada. Ainda, as novas adi\u00e7\u00f5es para o Brasil ocorreram antes de ~600 anos AP. Esses resultados destacam o uso da abordagem paleolimnol\u00f3gica, em muitos casos, como a \u00fanica ferramenta para avaliar a biodiversidade antes dos impactos humanos e em condi\u00e7\u00f5es pristinas. Finalmente, destaca-se que as altera\u00e7\u00f5es hidrol\u00f3gicas do lago de inunda\u00e7\u00e3o do Rio Xingu permitiram inferir sobre o paleoclima, demonstrando o uso da abordagem paleohidrol\u00f3gica para subsidiar a melhor compreen\u00e7\u00e3o das altera\u00e7\u00f5es clim\u00e1ticas em outras escalas temporais e geogr\u00e1ficas.<\/p>\n<p style=\"text-align: justify\"><strong>Palavras chave: <\/strong>Biodiversidade, Diatom\u00e1ceas, Paleoclima, Paleohidrologia, Quatern\u00e1rio<\/p>\n<hr align=\"center\" noshade=\"noshade\" size=\"1\" width=\"100%\" \/>\n<p style=\"text-align: center\"><a href=\"https:\/\/smastr16.blob.core.windows.net\/pgibt\/2018\/03\/adenilsa_aparecida_rodrigues_lima_ms.pdf\"><img decoding=\"async\" loading=\"lazy\" class=\"aligncenter\" src=\"https:\/\/smastr16.blob.core.windows.net\/pgibt\/2013\/09\/pdf_grande.gif\" alt=\"pdf_grande\" width=\"60\" height=\"60\" \/><\/a><span style=\"color: #000000\">Samantha Borges Faustino <\/span><br \/>\n<a href=\"https:\/\/smastr16.blob.core.windows.net\/pgibt\/sites\/242\/2022\/09\/samantha_borges_faustino_dr.pdf\">Reconstru\u00e7\u00e3o paleohidrol\u00f3gica de um lago de inunda\u00e7\u00e3o no rio Xingu com base em multitra\u00e7adores biogeoqu\u00edmicos<\/a><\/p>\n<hr align=\"center\" noshade=\"noshade\" size=\"1\" width=\"100%\" \/>\n<p style=\"text-align: center\"><strong>\u00a0<a href=\"www.infraestruturameioambiente.sp.gov.br\/pgibt\/dissertacoesteses\/\">VOLTAR AS DISSERTA\u00c7\u00d5ES E TESES<\/a><\/strong><\/p>\n<hr align=\"center\" noshade=\"noshade\" size=\"1\" width=\"100%\" \/>\n","protected":false},"excerpt":{"rendered":"<p>Samantha Borges Faustino No dia 29 de agosto de 2018, \u00e0s 13:30, a aluna da p\u00f3s-gradua\u00e7\u00e3o em Biodiversidade Vegetal e Meio Ambiente do Instituto de Bot\u00e2nica, S\u00e3o Paulo (IBt), Samantha Borges Faustino (bolsista CAPES), defendeu sua tese de doutorado intitulada \u201cReconstru\u00e7\u00e3o paleohidrol\u00f3gica de um lago de inunda\u00e7\u00e3o no rio Xingu com base em mutitra\u00e7adores bioqueoqu\u00edmicos\u201d [&hellip;]<\/p>\n","protected":false},"author":95,"featured_media":0,"parent":0,"menu_order":0,"comment_status":"closed","ping_status":"closed","template":"","meta":[],"_links":{"self":[{"href":"https:\/\/www.infraestruturameioambiente.sp.gov.br\/pgibt\/wp-json\/wp\/v2\/pages\/6648"}],"collection":[{"href":"https:\/\/www.infraestruturameioambiente.sp.gov.br\/pgibt\/wp-json\/wp\/v2\/pages"}],"about":[{"href":"https:\/\/www.infraestruturameioambiente.sp.gov.br\/pgibt\/wp-json\/wp\/v2\/types\/page"}],"author":[{"embeddable":true,"href":"https:\/\/www.infraestruturameioambiente.sp.gov.br\/pgibt\/wp-json\/wp\/v2\/users\/95"}],"replies":[{"embeddable":true,"href":"https:\/\/www.infraestruturameioambiente.sp.gov.br\/pgibt\/wp-json\/wp\/v2\/comments?post=6648"}],"version-history":[{"count":2,"href":"https:\/\/www.infraestruturameioambiente.sp.gov.br\/pgibt\/wp-json\/wp\/v2\/pages\/6648\/revisions"}],"predecessor-version":[{"id":8189,"href":"https:\/\/www.infraestruturameioambiente.sp.gov.br\/pgibt\/wp-json\/wp\/v2\/pages\/6648\/revisions\/8189"}],"wp:attachment":[{"href":"https:\/\/www.infraestruturameioambiente.sp.gov.br\/pgibt\/wp-json\/wp\/v2\/media?parent=6648"}],"curies":[{"name":"wp","href":"https:\/\/api.w.org\/{rel}","templated":true}]}}