{"id":6353,"date":"2018-04-24T11:39:53","date_gmt":"2018-04-24T14:39:53","guid":{"rendered":"https:\/\/www.infraestruturameioambiente.sp.gov.br\/pgibt\/?page_id=6353"},"modified":"2018-04-24T11:40:56","modified_gmt":"2018-04-24T14:40:56","slug":"luciana-mollo-dr","status":"publish","type":"page","link":"https:\/\/www.infraestruturameioambiente.sp.gov.br\/pgibt\/dissertacoesteses\/luciana-mollo-dr\/","title":{"rendered":"Luciana Mollo DR"},"content":{"rendered":"<h2 style=\"text-align: center\"><a href=\"arquivos.ambiente.sp.gov.br\/pgibt\/2015\/02\/faixapos6.jpg\"><img decoding=\"async\" loading=\"lazy\" class=\"aligncenter wp-image-3777 size-full\" style=\"border: 0px\" src=\"https:\/\/smastr16.blob.core.windows.net\/pgibt\/2015\/02\/faixapos6.jpg\" alt=\"faixapos6\" width=\"950\" height=\"163\" srcset=\"https:\/\/smastr16.blob.core.windows.net\/pgibt\/2015\/02\/faixapos6.jpg 950w, https:\/\/smastr16.blob.core.windows.net\/pgibt\/2015\/02\/faixapos6-768x131.jpg 768w\" sizes=\"(max-width: 950px) 100vw, 950px\" \/><\/a><\/h2>\n<hr align=\"center\" noshade=\"noshade\" size=\"1\" width=\"100%\" \/>\n<h2 style=\"text-align: center\">Luciana Mollo<\/h2>\n<hr align=\"center\" noshade=\"noshade\" size=\"1\" width=\"100%\" \/>\n<p style=\"text-align: center\"><a href=\"https:\/\/smastr16.blob.core.windows.net\/pgibt\/2018\/04\/luciana-mollo.jpg\"><img decoding=\"async\" loading=\"lazy\" class=\"alignnone wp-image-6355\" src=\"https:\/\/smastr16.blob.core.windows.net\/pgibt\/2018\/04\/luciana-mollo.jpg\" alt=\"\" width=\"600\" height=\"338\" srcset=\"https:\/\/smastr16.blob.core.windows.net\/pgibt\/2018\/04\/luciana-mollo.jpg 960w, https:\/\/smastr16.blob.core.windows.net\/pgibt\/2018\/04\/luciana-mollo-768x432.jpg 768w\" sizes=\"(max-width: 600px) 100vw, 600px\" \/><\/a><\/p>\n<p style=\"text-align: center\">No dia 24 de fevereiro de 2017, a aluna do Curso de P\u00f3s-Gradua\u00e7\u00e3o em Biodiversidade Vegetal e Meio Ambiente do Instituto de Bot\u00e2nica de S\u00e3o Paulo (IBt), Luciana Mollo\u00a0(Bolsista de Doutorado do\u00a0 CNPq \u2013 Conselho Nacional de Desenvolvimento Cient\u00edfico e Tecnol\u00f3gico), defendeu sua tese de doutorado intitulada\u00a0\u201cAvalia\u00e7\u00e3o de fatores fisiol\u00f3gicos envolvidos na adapta\u00e7\u00e3o \u00e0 condi\u00e7\u00e3o de d\u00e9ficit h\u00eddrico e altera\u00e7\u00f5es de temperatura em plantas da brom\u00e9lia rup\u00edcola <em>Alcantarea imperiallis<\/em> (Carri\u00e8re) Harms cultivadas <em>in vitro\u201d<\/em>.<\/p>\n<p style=\"text-align: center\">As esp\u00e9cies de plantas nativas de ambientes rup\u00edcolas s\u00e3o adaptadas \u00e0 intensa amplitude t\u00e9rmica e epis\u00f3dios de seca, como \u00e9 o caso da brom\u00e9lia ornamental <em>Alcantarea imperialis<\/em>. Em estudos anteriores, verificou-se que a produ\u00e7\u00e3o de carboidratos sol\u00faveis acumulados por essa esp\u00e9cie est\u00e1 associada \u00e0 adapta\u00e7\u00e3o ao termoper\u00edodo. H\u00e1 estudos que mostram a ativa\u00e7\u00e3o de outros processos fisiol\u00f3gicos nessa condi\u00e7\u00e3o como a fotoss\u00edntese CAM, que tamb\u00e9m pode ser induzida por varia\u00e7\u00f5es na disponibilidade h\u00eddrica. Embora esses dois fatores ambientais ocorram no ambiente rup\u00edcola, n\u00e3o foram encontrados relatos sobre a ocorr\u00eancia de CAM na brom\u00e9lia imperial. Este trabalho teve como objetivo investigar se <em>A. imperialis<\/em> tem potencial para desenvolver CAM em resposta \u00e0 falta de \u00e1gua ou \u00e0 amplitude t\u00e9rmica associada \u00e0 falta de \u00e1gua, visto que as caracter\u00edsticas anat\u00f4micas dessa brom\u00e9lia s\u00e3o compat\u00edveis ao funcionamento de plantas CAM (sucul\u00eancia devida ao par\u00eanquima aqu\u00edfero).\u00a0 Visou tamb\u00e9m mostrar o envolvimento dos carboidratos nessa adapta\u00e7\u00e3o. As plantas de seis meses de idade, obtidas por germina\u00e7\u00e3o <em>in vitro<\/em>, foram transferidas para condi\u00e7\u00f5es que simularam o termoper\u00edodo (30\u00baC claro\/15\u00baC escuro) e a temperatura constante (25\u00baC), em c\u00e2maras de germina\u00e7\u00e3o (tipo BOD). As plantas obtidas foram submetidas \u00e0 an\u00e1lise de par\u00e2metros que indicam a ocorr\u00eancia de CAM, como a atividade de FosfoenolpiruvatoCarboxilase (PEPC) ao longo do ciclo diurno, conte\u00fado de \u00e1cidos org\u00e2nicos, bem como do teor de carboidratos durante o tempo de experimento, al\u00e9m da an\u00e1lise anat\u00f4mica foliar que foi realizada para o tratamento de 45% de PEG (-8,5 MPa) em temperatura constante e termoper\u00edodo, associando os fatores de mais intensa falta de \u00e1gua e altern\u00e2ncia de temperatura. Os resultados mostraram folhas com espessura reduzida e c\u00e9lulas menos t\u00fargidas na condi\u00e7\u00e3o termoperi\u00f3dica, indicando a perda de \u00e1gua no par\u00eanquima aqu\u00edfero adaxial em rela\u00e7\u00e3o \u00e0s plantas mantidas na temperatura constante. Verificamos que <em>A. imperialis<\/em> \u00e9 capaz de realizar a fotoss\u00edntese CAM sob termoper\u00edodo associado \u00e0 simula\u00e7\u00e3o de falta de \u00e1gua com utiliza\u00e7\u00e3o de PEG6000 (-1,9 MPa em 7,5% de PEG e -8,5 MPa em 45% de PEG) de modo a simular a falta de \u00e1gua. \u00a0No entanto, uma condi\u00e7\u00e3o de estresse moderada (-1,9 MPa) em temperaturas constantes, faz com que a planta acumule a\u00e7\u00facares sol\u00faveis que podem aumentar a toler\u00e2ncia das plantas, possivelmente pelo ajuste osm\u00f3tico. Apesar da diminui\u00e7\u00e3o da espessura do par\u00eanquima aqu\u00edfero no tratamento indutor de CAM, essas plantas n\u00e3o apresentam diferen\u00e7as significativas no conte\u00fado relativo h\u00eddrico foliar.<\/p>\n<hr align=\"center\" noshade=\"noshade\" size=\"1\" width=\"100%\" \/>\n<h3 style=\"text-align: center\">Avalia\u00e7\u00e3o de fatores fisiol\u00f3gicos envolvidos na adapta\u00e7\u00e3o \u00e0 condi\u00e7\u00e3o de d\u00e9ficit h\u00eddrico e altera\u00e7\u00f5es de temperatura em plantas da brom\u00e9lia rup\u00edcola <em>Alcantarea imperiallis<\/em> (Carri\u00e8re) Harms cultivadas <em>in vitro<\/em><\/h3>\n<hr align=\"center\" noshade=\"noshade\" size=\"1\" width=\"100%\" \/>\n<h4 style=\"text-align: center\"><strong>ABSTRACT<\/strong><\/h4>\n<p style=\"text-align: justify\">The plant species from rupiculous environment are adapted to the variations of temperature and the low water availability, as is the case of the ornamental species <em>Alcantarea imperialis<\/em> known as imperial bromeliad, originated from Serra dos \u00d3rg\u00e3os (RJ). They grow on rocky outcrops (inselbergs), shallow and stony soils, being exposed to temperature alternation that can range from 5 to 40 \u00baC in a single day, a situation that may or may not be associated with episodes of scarcity of water. It has been considered that the survival of the native plants of this environment is related to the activation of physiological mechanisms such as the production of carbohydrates for osmoprotection and also the induction of CAM photosynthetic pathway. However, analyses in adult plants of <em>A. imperialis<\/em> showed C3 metabolism, although they presented anatomical characteristics similar to CAM plants. It is possible to suppose that in conditions that associate the lack of water to the thermoperiod this species presents the CAM metabolism, especially in the early stages of development, when they do not present leaves that allow the accumulation of water, forming the tank. This paper aims to identify if occurs this metabolism in young plants of <em>A. imperialis<\/em> kept under reduced water availability, associated or not to the thermoperiod. In addition, anatomical analyses and carbohydrate content were evaluated in order to identify other morphological and functional characteristics of these plants that allow their survival in the required condition. The relative content of water in plant tissues was analysed, as well as photosynthetic pigments, soluble carbohydrate production, phosphoenolpyruvate carboxylase (PEPC) enzyme activity, organic acid content and the anatomy of leaf of the <em>A. imperialis<\/em> cultivated <em>in vitro<\/em> under thermoperiod conditions (30 \u00b0C light \/ 15 \u00b0C dark), being compared to another batch of plants kept at constant 25 \u00b0C. Polyethylene glycol-6000 (PEG 6000) was added to both batches in order to simulate the effects of the lack of water of the environment (-1.9 MPa and -8.5 MPa), constituting independent treatments. The plants were obtained by seed germination inside Murashigue &amp; Skoog (1962) culture medium with a concentration of macronutrients reduced to half, 30 g L<sup>-1<\/sup> sucrose and 7 g L<sup>-1<\/sup> agar. After 6 months, the plants were transferred to the same medium, without agar and with PEG at concentrations of 7.5% (-1.9 MPa) and 45% (-8.5 MPa) plus another batch of plants kept without PEG (-0.5 MPa). The plants were collected for the analyses, in periods that varied between 7, 15 and 30 days after the transference to the treatments. The results demonstrated that this species can present CAM metabolism at constant temperature of 25 \u00baC and submitted to lack of water (-8.5 MPa). However, in the treatments that associated the lack of water to the thermoperiod, this metabolism was induced even under moderate stress (-1.9 MPa). The anatomical analyses pointed to the aquiferous parenchyma as important in water storage, since this bromeliad maintained its water content in every stress situation. The increase of soluble carbohydrates was related either to lack of water or to the thermoperiod, confirming the osmoprotective role of these substances for this bromeliad species identified in a previous study. This study contributes to identify the plasticity of CAM related to temperature and lack of water, revealing the importance of this physiological mechanism for the resistance to environmental changes of a bromeliad rupiculous.<br \/>\n<strong>Keywords<\/strong>: water availability, thermoperiod, CAM, osmoprotection, aquiferous parenchyma<\/p>\n<h4 style=\"text-align: center\"><strong>RESUMO<\/strong><\/h4>\n<p style=\"text-align: justify\">As esp\u00e9cies de plantas do ambiente rup\u00edcola s\u00e3o adaptadas \u00e0s varia\u00e7\u00f5es de temperatura e \u00e0 baixa disponibilidade h\u00eddrica, como \u00e9 o caso da esp\u00e9cie ornamental <em>Alcantarea imperialis<\/em> conhecida como brom\u00e9lia imperial, oriunda da Serra dos \u00d3rg\u00e3os (RJ). Cresce sobre afloramentos rochosos (inselbergues), solos rasos e pedregosos, sendo exposta a altern\u00e2ncia de temperatura que pode variar de 5 a 40 \u00baC em um \u00fanico dia, situa\u00e7\u00e3o que pode estar associada ou n\u00e3o a epis\u00f3dios de escassez de \u00e1gua. Tem sido considerado que a sobreviv\u00eancia das plantas nativas desse ambiente est\u00e1 relacionada \u00e0 ativa\u00e7\u00e3o de mecanismos fisiol\u00f3gicos como, por exemplo, a produ\u00e7\u00e3o de carboidratos para a osmoprote\u00e7\u00e3o e tamb\u00e9m a indu\u00e7\u00e3o da via fotossint\u00e9tica CAM. Contudo, an\u00e1lises em plantas adultas de <em>A. imperialis <\/em>mostraram que realizam metabolismo C<sub>3<\/sub>, embora apresentassem caracter\u00edsticas anat\u00f4micas semelhantes \u00e0s plantas CAM. \u00c9 poss\u00edvel supor que em condi\u00e7\u00f5es que associem a falta de \u00e1gua ao termoper\u00edodo essa esp\u00e9cie apresente o metabolismo CAM, sobretudo nas fases iniciais de desenvolvimento, quando n\u00e3o apresentam folhas que permitam o ac\u00famulo de \u00e1gua, formando o tanque. O objetivo deste trabalho \u00e9 identificar se h\u00e1 presen\u00e7a desse metabolismo em plantas jovens de <em>A. imperialis <\/em>mantidas sob reduzida disponibilidade h\u00eddrica associada ou n\u00e3o ao termoper\u00edodo. Adicionalmente foram realizadas an\u00e1lises anat\u00f4micas e avaliados o conte\u00fado de carboidratos de modo a identificar outras caracter\u00edsticas morfol\u00f3gicas e funcionais dessas plantas que permitam a sobreviv\u00eancia na condi\u00e7\u00e3o imposta. Foi analisado o conte\u00fado relativo de \u00e1gua nos tecidos vegetais, pigmentos fotossint\u00e9ticos, produ\u00e7\u00e3o de carboidratos sol\u00faveis, a atividade da enzima fosfoenolpiruvato carboxilase (PEPC), conte\u00fado de \u00e1cidos org\u00e2nicos e anatomia das folhas de plantas de <em>A. imperialis<\/em> cultivadas <em>in vitro<\/em> sob condi\u00e7\u00f5es de termoper\u00edodo (30 \u00baC claro\/ 15 \u00baC escuro), sendo comparadas a outro lote de plantas mantidas a 25 \u00baC constantes. Aos dois lotes foi adicionado Polietilenoglicol \u2013 6000 (PEG 6000) de modo a simular os efeitos da falta de \u00e1gua do ambiente (-1,9 MPa e -8,5 MPa), constituindo tratamentos independentes. As plantas foram obtidas atrav\u00e9s da germina\u00e7\u00e3o de sementes em meio de cultura de Murashigue &amp; Skoog (1962) com concentra\u00e7\u00e3o de macronutrientes reduzida a metade, 30 g L<sup>-1<\/sup> de sacarose e 7 g L<sup>-1<\/sup> de Agar. Ap\u00f3s 6 meses, as plantas foram transferidas para o mesmo meio, sem Agar e com PEG em concentra\u00e7\u00f5es de 7,5% (-1,9 MPa) e 45% (-8,5 MPa) al\u00e9m de outro lote de plantas mantido sem PEG (-0,5 MPa). As plantas foram coletadas para as an\u00e1lises, em per\u00edodos que variaram entre 7, 15 e 30 dias ap\u00f3s a transfer\u00eancia para os tratamentos. Os resultados demonstraram que esta esp\u00e9cie pode apresentar o metabolismo CAM em temperatura constante de 25 \u00baC e submetida \u00e0 falta de \u00e1gua (-8,5 MPa). Contudo, nos tratamentos que se associou a falta de \u00e1gua ao termoper\u00edodo, esse metabolismo foi induzido mesmo sob estresse moderado (-1,9 MPa). As an\u00e1lises anat\u00f4micas apontam para o par\u00eanquima aqu\u00edfero como importante no armazenamento de \u00e1gua, visto que essa brom\u00e9lia manteve seu conte\u00fado h\u00eddrico mesmo em todas as situa\u00e7\u00f5es de estresse. O aumento de carboidratos sol\u00faveis esteve relacionado tanto \u00e0 falta de \u00e1gua como ao termoper\u00edodo, confirmando o papel osmoprotetor dessas subst\u00e2ncias para essa esp\u00e9cie de brom\u00e9lia, identificado em estudo anterior.\u00a0 Este estudo contribui para identificar a plasticidade de CAM relacionada \u00e0 temperatura e falta de \u00e1gua, revelando a import\u00e2ncia deste mecanismo fisiol\u00f3gico para a resist\u00eancia de uma brom\u00e9lia rup\u00edcola \u00e0s altera\u00e7\u00f5es ambientais.<br \/>\n<strong>Palavras-chave<\/strong>: disponibilidade h\u00eddrica, termoper\u00edodo, CAM, osmoprote\u00e7\u00e3o, par\u00eanquima aqu\u00edfero<\/p>\n<hr align=\"center\" noshade=\"noshade\" size=\"1\" width=\"100%\" \/>\n<p style=\"text-align: center\"><a href=\"https:\/\/smastr16.blob.core.windows.net\/pgibt\/2018\/04\/luciana_mollo_dr.pdf\"><img decoding=\"async\" loading=\"lazy\" class=\"aligncenter\" src=\"https:\/\/smastr16.blob.core.windows.net\/pgibt\/2013\/09\/pdf_grande.gif\" alt=\"pdf_grande\" width=\"60\" height=\"60\" \/><\/a><span style=\"color: #000000\"><a style=\"color: #000000\" href=\"https:\/\/smastr16.blob.core.windows.net\/pgibt\/2018\/04\/luciana_mollo_dr.pdf\">Luciana Mollo<br \/>\n<\/a><\/span><a href=\"https:\/\/smastr16.blob.core.windows.net\/pgibt\/2018\/04\/luciana_mollo_dr.pdf\">Avalia\u00e7\u00e3o de fatores fisiol\u00f3gicos envolvidos na adapta\u00e7\u00e3o \u00e0 condi\u00e7\u00e3o de d\u00e9ficit h\u00eddrico e altera\u00e7\u00f5es de temperatura em plantas da brom\u00e9lia rup\u00edcola <em>Alcantarea imperiallis<\/em> (Carri\u00e8re) Harms cultivadas <em>in vitro<\/em><\/a><\/p>\n<hr align=\"center\" noshade=\"noshade\" size=\"1\" width=\"100%\" \/>\n<p style=\"text-align: center\"><strong>\u00a0<a href=\"www.infraestruturameioambiente.sp.gov.br\/pgibt\/dissertacoesteses\/\">VOLTAR AS DISSERTA\u00c7\u00d5ES E TESES<\/a><\/strong><\/p>\n<hr align=\"center\" noshade=\"noshade\" size=\"1\" width=\"100%\" \/>\n","protected":false},"excerpt":{"rendered":"<p>Luciana Mollo No dia 24 de fevereiro de 2017, a aluna do Curso de P\u00f3s-Gradua\u00e7\u00e3o em Biodiversidade Vegetal e Meio Ambiente do Instituto de Bot\u00e2nica de S\u00e3o Paulo (IBt), Luciana Mollo\u00a0(Bolsista de Doutorado do\u00a0 CNPq \u2013 Conselho Nacional de Desenvolvimento Cient\u00edfico e Tecnol\u00f3gico), defendeu sua tese de doutorado intitulada\u00a0\u201cAvalia\u00e7\u00e3o de fatores fisiol\u00f3gicos envolvidos na adapta\u00e7\u00e3o [&hellip;]<\/p>\n","protected":false},"author":63,"featured_media":0,"parent":249,"menu_order":0,"comment_status":"closed","ping_status":"closed","template":"","meta":[],"_links":{"self":[{"href":"https:\/\/www.infraestruturameioambiente.sp.gov.br\/pgibt\/wp-json\/wp\/v2\/pages\/6353"}],"collection":[{"href":"https:\/\/www.infraestruturameioambiente.sp.gov.br\/pgibt\/wp-json\/wp\/v2\/pages"}],"about":[{"href":"https:\/\/www.infraestruturameioambiente.sp.gov.br\/pgibt\/wp-json\/wp\/v2\/types\/page"}],"author":[{"embeddable":true,"href":"https:\/\/www.infraestruturameioambiente.sp.gov.br\/pgibt\/wp-json\/wp\/v2\/users\/63"}],"replies":[{"embeddable":true,"href":"https:\/\/www.infraestruturameioambiente.sp.gov.br\/pgibt\/wp-json\/wp\/v2\/comments?post=6353"}],"version-history":[{"count":2,"href":"https:\/\/www.infraestruturameioambiente.sp.gov.br\/pgibt\/wp-json\/wp\/v2\/pages\/6353\/revisions"}],"predecessor-version":[{"id":6357,"href":"https:\/\/www.infraestruturameioambiente.sp.gov.br\/pgibt\/wp-json\/wp\/v2\/pages\/6353\/revisions\/6357"}],"up":[{"embeddable":true,"href":"https:\/\/www.infraestruturameioambiente.sp.gov.br\/pgibt\/wp-json\/wp\/v2\/pages\/249"}],"wp:attachment":[{"href":"https:\/\/www.infraestruturameioambiente.sp.gov.br\/pgibt\/wp-json\/wp\/v2\/media?parent=6353"}],"curies":[{"name":"wp","href":"https:\/\/api.w.org\/{rel}","templated":true}]}}