{"id":6,"date":"2013-04-11T17:19:02","date_gmt":"2013-04-11T17:19:02","guid":{"rendered":"https:\/\/www.infraestruturameioambiente.sp.gov.br\/pgibt\/?page_id=6"},"modified":"2017-01-16T16:06:47","modified_gmt":"2017-01-16T18:06:47","slug":"areas-de-concentracao","status":"publish","type":"page","link":"https:\/\/www.infraestruturameioambiente.sp.gov.br\/pgibt\/areas-de-concentracao\/","title":{"rendered":"\u00c1reas de Concentra\u00e7\u00e3o"},"content":{"rendered":"<p><a title=\"PAF\" href=\"https:\/\/www.infraestruturameioambiente.sp.gov.br\/pgibt\/areas-de-concentracao\/plantas-avasculares-e-fungos-paf\/\">PAF &#8211; Plantas Avasculares e Fungos em An\u00e1lises Ambientais<\/a><\/p>\n<p><a title=\"PVA\" href=\"https:\/\/www.infraestruturameioambiente.sp.gov.br\/pgibt\/areas-de-concentracao\/plantas-vasculares\/\">PVA &#8211; Plantas Vasculares em An\u00e1lises Ambientais<\/a><\/p>\n","protected":false},"excerpt":{"rendered":"<p>PAF &#8211; Plantas Avasculares e Fungos em An\u00e1lises Ambientais PVA &#8211; Plantas Vasculares em An\u00e1lises Ambientais<\/p>\n","protected":false},"author":1,"featured_media":0,"parent":0,"menu_order":1,"comment_status":"open","ping_status":"open","template":"","meta":[],"_links":{"self":[{"href":"https:\/\/www.infraestruturameioambiente.sp.gov.br\/pgibt\/wp-json\/wp\/v2\/pages\/6"}],"collection":[{"href":"https:\/\/www.infraestruturameioambiente.sp.gov.br\/pgibt\/wp-json\/wp\/v2\/pages"}],"about":[{"href":"https:\/\/www.infraestruturameioambiente.sp.gov.br\/pgibt\/wp-json\/wp\/v2\/types\/page"}],"author":[{"embeddable":true,"href":"https:\/\/www.infraestruturameioambiente.sp.gov.br\/pgibt\/wp-json\/wp\/v2\/users\/1"}],"replies":[{"embeddable":true,"href":"https:\/\/www.infraestruturameioambiente.sp.gov.br\/pgibt\/wp-json\/wp\/v2\/comments?post=6"}],"version-history":[{"count":0,"href":"https:\/\/www.infraestruturameioambiente.sp.gov.br\/pgibt\/wp-json\/wp\/v2\/pages\/6\/revisions"}],"wp:attachment":[{"href":"https:\/\/www.infraestruturameioambiente.sp.gov.br\/pgibt\/wp-json\/wp\/v2\/media?parent=6"}],"curies":[{"name":"wp","href":"https:\/\/api.w.org\/{rel}","templated":true}]}}