{"id":5646,"date":"2017-01-09T11:39:56","date_gmt":"2017-01-09T13:39:56","guid":{"rendered":"https:\/\/www.infraestruturameioambiente.sp.gov.br\/pgibt\/?page_id=5646"},"modified":"2018-05-07T12:03:46","modified_gmt":"2018-05-07T15:03:46","slug":"2016-marcia-regina-oliveira-santos-ms","status":"publish","type":"page","link":"https:\/\/www.infraestruturameioambiente.sp.gov.br\/pgibt\/dissertacoesteses\/2016-marcia-regina-oliveira-santos-ms\/","title":{"rendered":"M\u00e1rcia Regina Oliveira Santos MS"},"content":{"rendered":"<h2 style=\"text-align: center\"><a href=\"arquivos.ambiente.sp.gov.br\/pgibt\/2015\/02\/faixapos6.jpg\"><img decoding=\"async\" loading=\"lazy\" class=\"aligncenter wp-image-3777 size-full\" style=\"border: 0px\" src=\"https:\/\/smastr16.blob.core.windows.net\/pgibt\/2015\/02\/faixapos6.jpg\" alt=\"faixapos6\" width=\"950\" height=\"163\" srcset=\"https:\/\/smastr16.blob.core.windows.net\/pgibt\/2015\/02\/faixapos6.jpg 950w, https:\/\/smastr16.blob.core.windows.net\/pgibt\/2015\/02\/faixapos6-768x131.jpg 768w\" sizes=\"(max-width: 950px) 100vw, 950px\" \/><\/a><\/h2>\n<hr align=\"center\" noshade=\"noshade\" size=\"1\" width=\"100%\" \/>\n<h2 style=\"text-align: center\">M\u00e1rcia Regina Oliveira Santos<\/h2>\n<hr align=\"center\" noshade=\"noshade\" size=\"1\" width=\"100%\" \/>\n<p style=\"text-align: center\">Em 28 de junho de 2016, M\u00e1rcia Regina Oliveira Santos defendeu sua Disserta\u00e7\u00e3o de Mestrado, intitulada &#8220;Taxas de deteriora\u00e7\u00e3o de sementes de pau-brasil (<em>Caesalpinia echinata<\/em> Lam.) e sua influ\u00eancia na estimativa de sua longevidade&#8221;, que teve a orienta\u00e7\u00e3o do Dr. Cl\u00e1udio Jos\u00e9 Barbedo, do N\u00facleo de Pesquisa em Sementes, e que comp\u00f4s a Comiss\u00e3o de avalia\u00e7\u00e3o juntamente com a Dra. Fatima Pi\u00f1a-Rodrigues, da Universidade Federal de S\u00e3o Carlos, e do Dr Edmir Vicente Lamarca, da Universidade Ibirapuera, dos quais obteve aprova\u00e7\u00e3o. O trabalho versou sobre a possibilidade de aplica\u00e7\u00e3o das equa\u00e7\u00f5es que permitem prever o tempo de armazenamento das sementes, aplicando-as para o pau-brasil. Essa previs\u00e3o \u00e9 essencial para o gerenciamento de bancos de germoplasma e h\u00e1 relativa escassez de estudos desta natureza para sementes de esp\u00e9cies tropicais. No caso das sementes de <em>C. <\/em><em>echinata<\/em>, essa falta de conhecimento agrava-se ainda mais pelo fato de que se deterioram em menos de tr\u00eas meses quando armazenadas em temperatura ambiente, necessitando congelamento para ampliar o per\u00edodo de viabilidade. A autora, que \u00e9 pesquisadora do Instituto Florestal, da Secretaria do Meio Ambiente, estudou a deteriora\u00e7\u00e3o das sementes de pau-brasil quando submetidas a diferentes condi\u00e7\u00f5es de temperatura e umidade, bem como sua rela\u00e7\u00e3o com os processos respirat\u00f3rios e atividade antioxidante de subst\u00e2ncias presentes no tegumento das sementes, al\u00e9m de verificar a possibilidade de constru\u00e7\u00e3o da equa\u00e7\u00e3o de viabilidade para essa esp\u00e9cie. Ela verificou que os modelos atuais, que n\u00e3o incluem as taxas de respira\u00e7\u00e3o e oxida\u00e7\u00e3o, n\u00e3o se adequaram \u00e0 previsibilidade de conserva\u00e7\u00e3o de sementes de pau-brasil e que mais estudos devem ser conduzidos com a esp\u00e9cie. Contudo, forneceu substancial contribui\u00e7\u00e3o para o direcionamento das futuras pesquisas, auxiliando nos processos de desenvolvimento de tecnologia para preservar a biodiversidade vegetal nativa do Brasil.<\/p>\n<hr align=\"center\" noshade=\"noshade\" size=\"1\" width=\"100%\" \/>\n<h3 style=\"text-align: center\">Taxas de deteriora\u00e7\u00e3o de sementes de pau-brasil (<em>Caesalpinia echinata<\/em> Lam.) e sua<br \/>\ninflu\u00eancia na estimativa de sua longevidade<\/h3>\n<hr align=\"center\" noshade=\"noshade\" size=\"1\" width=\"100%\" \/>\n<h4 style=\"text-align: center\"><strong>ABSTRACT<\/strong><\/h4>\n<p style=\"text-align: justify\">Along seed maturation, the ability to germinate is early acquired in embryo. However, the maximum storability arises only at the end of the maturation period, being the latest among vigor components. The seed longevity is genetically determined; however, it is strongly influenced by the conditions of both environment and storage. The prevision of viability loss during storage is essential for managing seed gene banks, especially considering tropical species like <em>Caesalpinia echinata<\/em> Lam. (brazilwood). This is one of the most important native tree species in Brazil, with historical, economic, cultural and landscape value, but it is included in the list of species at risk of extinction. Therefore, there is an urgent need to include it in seed banks. The prediction of viability loss of orthodox seeds, as well as its relationship with temperature and humidity, has been studied since the middle of last century and predictability models have been developed for several species, but there is relative scarcity for tropical species seeds. The seeds of <em>C. echinata<\/em> deteriorate in less than three months at ambient temperature, although they can remain viable for up to five years when kept under freezing temperatures. In this work, we studied the deterioration of brazil wood seeds when subjected to different conditions of temperature and humidity, as well as its relationship with respiratory processes and antioxidant activity of seed coat substances. The applicability of mathematical models for predicting loss of viability for <em>C. echinata<\/em> seeds was evaluated by determining the constants of the species that allow the application of predictability equations. The results showed that the current models, which do not include breathing and oxidation rates, might be not reliable for brazil wood seed conservation predictability. This is probably due to the use of excessively high temperatures that have modified the respiratory and oxidative behavior of seeds.<br \/>\n<strong>keywords<\/strong>: seed conservation, tropical species, viability equation, seed storage, germoplasm bank<\/p>\n<h4 style=\"text-align: center\"><strong>RESUMO<\/strong><\/h4>\n<p style=\"text-align: justify\">Durante a matura\u00e7\u00e3o da semente, a capacidade de germinar desenvolve-se cedo no embri\u00e3o, contudo, a capacidade de manter a viabilidade surge somente no final da matura\u00e7\u00e3o. A longevidade das sementes \u00e9 geneticamente determinada, varia conforme a esp\u00e9cie, mas \u00e9 influenciada por condi\u00e7\u00f5es ambientais e de armazenamento. A previs\u00e3o da perda da viabilidade de sementes armazenadas \u00e9 essencial para o gerenciamento de bancos de germoplasma, especialmente de esp\u00e9cies tropicais. <em>Caesalpinia echinata <\/em>Lam. (pau-brasil) \u00e9 importante esp\u00e9cie arb\u00f3rea nativa do Brasil, de valor hist\u00f3rico, econ\u00f4mico, cultural e paisag\u00edstico, em risco de extin\u00e7\u00e3o, portanto, h\u00e1 urgente necessidade de inclu\u00ed-la em bancos de germoplasma. Tem-se estudado a perda de viabilidade e modelos de previs\u00e3o de longevidade t\u00eam sido desenvolvidos para diversas esp\u00e9cies com sementes ortodoxas, por\u00e9m h\u00e1 relativa escassez para sementes de esp\u00e9cies tropicais. As sementes de <em>C. <\/em><em>echinata<\/em> deterioram-se em menos de tr\u00eas meses em temperatura ambiente, embora possam permanecer vi\u00e1veis por at\u00e9 cinco anos sob congelamento. Neste trabalho, estudou-se a deteriora\u00e7\u00e3o das sementes de pau-brasil, submetidas a diferentes condi\u00e7\u00f5es de temperatura e umidade, bem como sua rela\u00e7\u00e3o com os processos respirat\u00f3rios e atividade antioxidante de subst\u00e2ncias presentes no tegumento das sementes. A aplicabilidade de modelos matem\u00e1ticos para previs\u00e3o da perda de viabilidade para sementes de <em>C. echinata<\/em> foi avaliada atrav\u00e9s da determina\u00e7\u00e3o de constantes da esp\u00e9cie e equa\u00e7\u00f5es de previsibilidade. Os resultados permitiram concluir que a metodologia adotada n\u00e3o foi adequada para a determina\u00e7\u00e3o de equa\u00e7\u00f5es de viabilidade de sementes de pau-brasil. Provavelmente isto se deveu \u00e0 utiliza\u00e7\u00e3o de temperaturas excessivamente elevadas que modificaram o comportamento respirat\u00f3rio e oxidativo das sementes.<br \/>\n<strong>Palavras-chave<\/strong>: conserva\u00e7\u00e3o de sementes, esp\u00e9cie tropical, equa\u00e7\u00e3o de viabilidade, armazenamento de sementes, banco de germoplasma<\/p>\n<hr align=\"center\" noshade=\"noshade\" size=\"1\" width=\"100%\" \/>\n<p style=\"text-align: center\"><a href=\"https:\/\/smastr16.blob.core.windows.net\/pgibt\/2017\/01\/marcia-regina-oliveira-santos-ms.pdf\"><img decoding=\"async\" loading=\"lazy\" class=\"aligncenter\" src=\"https:\/\/smastr16.blob.core.windows.net\/pgibt\/2013\/09\/pdf_grande.gif\" alt=\"pdf_grande\" width=\"60\" height=\"60\" \/><\/a><a href=\"https:\/\/smastr16.blob.core.windows.net\/pgibt\/2017\/01\/marcia-regina-oliveira-santos-ms.pdf\">M\u00e1rcia Regina Oliveira Santos<\/a><a href=\"arquivos.ambiente.sp.gov.br\/pgibt\/2016\/12\/Zedenil_Rodrigues_Mendes_MS_tamanho-reduzido.pdf\" target=\"_blank\" rel=\"noopener noreferrer\"><br \/>\n<\/a><a href=\"https:\/\/smastr16.blob.core.windows.net\/pgibt\/2017\/01\/marcia-regina-oliveira-santos-ms.pdf\">Taxas de deteriora\u00e7\u00e3o de sementes de pau-brasil (<em>Caesalpinia echinata<\/em> Lam.) e sua influ\u00eancia na estimativa de sua longevidade<\/a><\/p>\n<hr align=\"center\" noshade=\"noshade\" size=\"1\" width=\"100%\" \/>\n<p style=\"text-align: center\"><strong>\u00a0<a href=\"www.infraestruturameioambiente.sp.gov.br\/pgibt\/dissertacoesteses\/\">VOLTAR AS DISSERTA\u00c7\u00d5ES E TESES<\/a><\/strong><\/p>\n<hr align=\"center\" noshade=\"noshade\" size=\"1\" width=\"100%\" \/>\n","protected":false},"excerpt":{"rendered":"<p>M\u00e1rcia Regina Oliveira Santos Em 28 de junho de 2016, M\u00e1rcia Regina Oliveira Santos defendeu sua Disserta\u00e7\u00e3o de Mestrado, intitulada &#8220;Taxas de deteriora\u00e7\u00e3o de sementes de pau-brasil (Caesalpinia echinata Lam.) e sua influ\u00eancia na estimativa de sua longevidade&#8221;, que teve a orienta\u00e7\u00e3o do Dr. Cl\u00e1udio Jos\u00e9 Barbedo, do N\u00facleo de Pesquisa em Sementes, e que [&hellip;]<\/p>\n","protected":false},"author":1,"featured_media":0,"parent":249,"menu_order":0,"comment_status":"closed","ping_status":"closed","template":"","meta":[],"_links":{"self":[{"href":"https:\/\/www.infraestruturameioambiente.sp.gov.br\/pgibt\/wp-json\/wp\/v2\/pages\/5646"}],"collection":[{"href":"https:\/\/www.infraestruturameioambiente.sp.gov.br\/pgibt\/wp-json\/wp\/v2\/pages"}],"about":[{"href":"https:\/\/www.infraestruturameioambiente.sp.gov.br\/pgibt\/wp-json\/wp\/v2\/types\/page"}],"author":[{"embeddable":true,"href":"https:\/\/www.infraestruturameioambiente.sp.gov.br\/pgibt\/wp-json\/wp\/v2\/users\/1"}],"replies":[{"embeddable":true,"href":"https:\/\/www.infraestruturameioambiente.sp.gov.br\/pgibt\/wp-json\/wp\/v2\/comments?post=5646"}],"version-history":[{"count":3,"href":"https:\/\/www.infraestruturameioambiente.sp.gov.br\/pgibt\/wp-json\/wp\/v2\/pages\/5646\/revisions"}],"predecessor-version":[{"id":6402,"href":"https:\/\/www.infraestruturameioambiente.sp.gov.br\/pgibt\/wp-json\/wp\/v2\/pages\/5646\/revisions\/6402"}],"up":[{"embeddable":true,"href":"https:\/\/www.infraestruturameioambiente.sp.gov.br\/pgibt\/wp-json\/wp\/v2\/pages\/249"}],"wp:attachment":[{"href":"https:\/\/www.infraestruturameioambiente.sp.gov.br\/pgibt\/wp-json\/wp\/v2\/media?parent=5646"}],"curies":[{"name":"wp","href":"https:\/\/api.w.org\/{rel}","templated":true}]}}