{"id":5219,"date":"2016-05-05T15:57:57","date_gmt":"2016-05-05T18:57:57","guid":{"rendered":"https:\/\/www.infraestruturameioambiente.sp.gov.br\/pgibt\/?page_id=5219"},"modified":"2016-05-05T15:57:57","modified_gmt":"2016-05-05T18:57:57","slug":"2015-meire-oliveira-vieira","status":"publish","type":"page","link":"https:\/\/www.infraestruturameioambiente.sp.gov.br\/pgibt\/dissertacoesteses\/2015-meire-oliveira-vieira\/","title":{"rendered":"Meire Oliveira Vieira MS"},"content":{"rendered":"<h2 style=\"text-align: center\"><a href=\"https:\/\/smastr16.blob.core.windows.net\/pgibt\/2015\/02\/faixapos6.jpg\"><img decoding=\"async\" loading=\"lazy\" class=\"aligncenter size-full wp-image-3777\" style=\"border: 0px\" alt=\"faixapos6\" src=\"https:\/\/smastr16.blob.core.windows.net\/pgibt\/2015\/02\/faixapos6.jpg\" width=\"950\" height=\"163\" srcset=\"https:\/\/smastr16.blob.core.windows.net\/pgibt\/2015\/02\/faixapos6.jpg 950w, https:\/\/smastr16.blob.core.windows.net\/pgibt\/2015\/02\/faixapos6-768x131.jpg 768w\" sizes=\"(max-width: 950px) 100vw, 950px\" \/><\/a><\/h2>\n<hr align=\"center\" noshade=\"noshade\" size=\"1\" width=\"100%\" \/>\n<h2 style=\"text-align: center\"><span style=\"color: #003300\">Meire Oliveira Vieira<br \/>\n<\/span><\/h2>\n<hr align=\"center\" noshade=\"noshade\" size=\"1\" width=\"100%\" \/>\n<p style=\"text-align: center\">No dia 28 de setembro de 2015, a aluna da P\u00f3s-gradua\u00e7\u00e3o em Biodiversidade Vegetal e Meio Ambiente<br \/>\ndo Instituto de Bot\u00e2nica de S\u00e3o Paulo (IBt),\u00a0Meire Oliveira Vieira,\u00a0 defendeu sua disserta\u00e7\u00e3o de Mestrado intitulada:<\/p>\n<p style=\"text-align: center\" align=\"center\">\u201cDecomposi\u00e7\u00e3o da serapilheira em dois trechos de Floresta Atl\u00e2ntica no Parque Estadual das Fontes do Ipiranga, S\u00e3o Paulo, um deles sob influ\u00eancia do bambu <em>Aulonemia aristulata<\/em> (D\u00f6ll) -MacClure\u201d<\/p>\n<p style=\"text-align: center\">A banca examinadora foi composta pelo orientador Dr. Eduardo Pereira Cabral Gomes do N\u00facleo de Pesquisa em Ecologia do Insituto de Bot\u00e2nica (IBt), pelo Dr. Maur\u00edcio Lamano Ferreira da Universidade Nove de Julho (Uninove)<br \/>\ne pela Dra. Marisa Domingos do N\u00facleo de Pesquisa em Ecologia do Insituto de Bot\u00e2nica (IBt).<i>\u00a0<\/i><\/p>\n<p style=\"text-align: center\">O Brasil \u00e9 o pa\u00eds com a maior diversidade de bambus das Am\u00e9ricas contendo cerca de 2\/3 das esp\u00e9cies do Novo Mundo. Especialmente em florestas perturbadas, o crescimento e estabelecimento de bambus, mesmo os de esp\u00e9cies nativas, pode interferir na din\u00e2mica, na estrutura e na composi\u00e7\u00e3o da vegeta\u00e7\u00e3o, reduzindo a produ\u00e7\u00e3o e decomposi\u00e7\u00e3o da biomassa, al\u00e9m de\u00a0 retardar o retorno de nutrientes ao solo. Em muitos trechos de Mata Atl\u00e2ntica extensas \u00e1reas de sub-bosque s\u00e3o dominadas por bambus e tendo em vista a conserva\u00e7\u00e3o, manejo e restauro deste bioma \u00e9 necess\u00e1rio o conhecimento de como a domin\u00e2ncia desta forma de vida interfere na composi\u00e7\u00e3o de esp\u00e9cies, na estrutura e na din\u00e2mica da floresta. Atualmente, \u00e1reas impactadas da mata do Parque Estadual das Fontes do Ipiranga (PEFI) apresentam o sobosque dominado por algumas esp\u00e9cies de bambus. No presente estudo comparamos a decomposi\u00e7\u00e3o de serapilheira no PEFI entre \u00e1rea mais preservada na qual a presen\u00e7a de bambu no sub-bosque \u00e9 m\u00ednima com uma \u00e1rea perturbada extensamente coberta por gram\u00edneas bambus\u00f3ides. Procuramos saber se a taxa de decomposi\u00e7\u00e3o da serapilheira acumulada, o estoque e o retorno de nutrientes ao solo diferem entre uma \u00e1rea dominada por bambus no sub-bosque e uma \u00e1rea mais preservada na Floresta do PEFI. N\u00e3o houve diferen\u00e7a entre as taxas de decomposi\u00e7\u00e3o nas duas \u00e1reas por\u00e9m, o estoque total de serapilheira e a maior transfer\u00eancia de nutrientes ocorreram na \u00e1rea mais preservada.<\/p>\n<hr align=\"center\" noshade=\"noshade\" size=\"1\" width=\"100%\" \/>\n<h3 style=\"text-align: center\">Decomposi\u00e7\u00e3o da serapilheira em dois trechos de Floresta Atl\u00e2ntica no Parque Estadual das Fontes do Ipiranga, S\u00e3o Paulo, um deles sob influ\u00eancia do bambu\u00a0<em>Aulonemia aristulata\u00a0<\/em>(D\u00f6ll) -MacClure<\/h3>\n<hr align=\"center\" noshade=\"noshade\" size=\"1\" width=\"100%\" \/>\n<h4 style=\"text-align: center\"><strong>RESUMO<\/strong><\/h4>\n<p style=\"text-align: justify\">O processo de decomposi\u00e7\u00e3o da serapilheira \u00e9 um dos mais importantes a contribuir com a integridade funcional dos ecossistemas, pois mineraliza os nutrientes incorporados \u00e0 mat\u00e9ria org\u00e2nica, tornando-os novamente dispon\u00edveis aos produtores. O presente trabalho teve como objetivo comparar a decomposi\u00e7\u00e3o da serapilheira e o retorno de nutrientes em dois trechos do Parque Estadual das Fontes do Ipiranga (PEFI), sendo um deles com o sub-bosque dominado pelo bambu <em>Aulonemia aristulata<\/em> (D\u00f6ll) MacClure, no Parque de Ci\u00eancia e Tecnologia (CienTec) e o outro, sem o dom\u00ednio desta esp\u00e9cie, na floresta do Instituto de Bot\u00e2nica (IBot). Para avaliar a raz\u00e3o de decomposi\u00e7\u00e3o da serapilheira, foi utilizado o m\u00e9todo do recobrimento do material, que compara a quantidade de serapilheira existente no tempo 0 (zero) e ap\u00f3s um intervalo de tempo (\u2206t), evitando-se a adi\u00e7\u00e3o do material produzido pela copa das \u00e1rvores por meio de telas de nylon de 2 mm de di\u00e2metro e 1,5 m x 1,0 m de lado. Tamb\u00e9m foram calculados os coeficientes de decomposi\u00e7\u00e3o K = -ln (1- K\u2019) e K\u00b4= (PI-PF)\/PI que indicam a taxa instant\u00e2nea de decomposi\u00e7\u00e3o e a decomposi\u00e7\u00e3o ao longo do tempo respectivamente. As amostragens foram realizadas no tempo zero (junho de 2011) e aos 3, 6, 9 e 12 meses (junho de 2012) de recobrimento do material. O material coletado foi separado nas fra\u00e7\u00f5es: O1 (\u201cOutras folhas e ramos\u201d), bambu (\u201cMaterial foliar e ramos de bambu\u201d), O2 (\u201cmaterial mais decomposto\u201d n\u00e3o identific\u00e1vel) e \u201cra\u00edzes\u201d. Do estoque inicial total (IBot 9.451 \u00b1 324 kgha<sup>-1 <\/sup>e CienTec 5.964 \u00b1 117 kgha<sup>-1<\/sup>) 46,3% foi decomposto no IBot e 48,4% foi decomposto no CienTec em um ano.<b> <\/b>A fra\u00e7\u00e3o<b> \u201c<\/b>outras folhas e ramos\u201d (O1) apresentou 84% de decomposi\u00e7\u00e3o no IBot e 83% no CienTec, restando ap\u00f3s um ano 1.452\u00b1301 kgha<sup>-1<\/sup> no IBot e 944\u00b1201 kgha<sup>-1 <\/sup>no CienTec. A taxa de decomposi\u00e7\u00e3o do \u201cmaterial foliar e ramos de bambu\u201d foi significativamente mais elevada na \u00e1rea sem dom\u00ednio de bambu (p&lt;0,05). A fra\u00e7\u00e3o de \u201cmaterial mais decomposto\u201d (O2), aumentou 1180% no IBot e 1121% no CienTec e a biomassa de ra\u00edzes na camada de serapilheira foi menor na \u00e1rea com domin\u00e2ncia de bambu (IBot 885\u00b1337 kgha<sup>-1<\/sup> e CienTec 702\u00b1158 kgha<sup>-1<\/sup>) (p&lt;0,05). O coeficiente de decomposi\u00e7\u00e3o k da fra\u00e7\u00e3o total aos doze meses foi de 0,66 e 0,62 no CienTec e IBot respectivamente. Assim, com exce\u00e7\u00e3o para o \u201cmaterial foliar e ramos de bambu\u201d, ambas as \u00e1reas indicaram semelhantes taxas de decomposi\u00e7\u00e3o para a serapilheira \u201ctotal\u201d acumulada e para \u201coutras folhas e ramos\u201d e a maior transfer\u00eancia m\u00e9dia de nutrientes ao solo ocorreu na \u00e1rea mais preservada (IBot 169,15 kg ha<sup>-1<\/sup> e CienTec 85,86 kg ha<sup>-1<\/sup>).<\/p>\n<p style=\"text-align: justify\"><b>Palavras-chave<\/b>: Ciclagem, Mata Atl\u00e2ntica, Poaceae<\/p>\n<hr align=\"center\" noshade=\"noshade\" size=\"1\" width=\"100%\" \/>\n<p style=\"text-align: center\"><a href=\"https:\/\/smastr16.blob.core.windows.net\/pgibt\/2013\/09\/pdf_grande.gif\"><img decoding=\"async\" loading=\"lazy\" class=\"aligncenter size-full wp-image-2313\" style=\"border: 0px\" alt=\"pdf_grande\" src=\"https:\/\/smastr16.blob.core.windows.net\/pgibt\/2013\/09\/pdf_grande.gif\" width=\"60\" height=\"60\" \/><\/a><a href=\"https:\/\/smastr16.blob.core.windows.net\/pgibt\/2016\/05\/Meire_Oliveira_Vieira_MS.pdf\" target=\"_blank\">Meire Oliveira Vieira<br \/>\nDecomposi\u00e7\u00e3o da serapilheira em dois trechos de Floresta Atl\u00e2ntica no Parque Estadual das Fontes do Ipiranga, S\u00e3o Paulo,<br \/>\num deles sob influ\u00eancia do bambu <em>Aulonemia aristulata<\/em> (D\u00f6ll) -MacClure <\/a><\/p>\n<hr align=\"center\" noshade=\"noshade\" size=\"1\" width=\"100%\" \/>\n<p style=\"text-align: center\"><strong>\u00a0<a href=\"https:\/\/www.infraestruturameioambiente.sp.gov.br\/pgibt\/dissertacoesteses\/\">VOLTAR AS DISSERTA\u00c7\u00d5ES E TESES<\/a><\/strong><\/p>\n<hr align=\"center\" noshade=\"noshade\" size=\"1\" width=\"100%\" \/>\n","protected":false},"excerpt":{"rendered":"<p>Meire Oliveira Vieira No dia 28 de setembro de 2015, a aluna da P\u00f3s-gradua\u00e7\u00e3o em Biodiversidade Vegetal e Meio Ambiente do Instituto de Bot\u00e2nica de S\u00e3o Paulo (IBt),\u00a0Meire Oliveira Vieira,\u00a0 defendeu sua disserta\u00e7\u00e3o de Mestrado intitulada: \u201cDecomposi\u00e7\u00e3o da serapilheira em dois trechos de Floresta Atl\u00e2ntica no Parque Estadual das Fontes do Ipiranga, S\u00e3o Paulo, um [&hellip;]<\/p>\n","protected":false},"author":1,"featured_media":0,"parent":249,"menu_order":0,"comment_status":"closed","ping_status":"open","template":"sma\/fullpage.php","meta":[],"_links":{"self":[{"href":"https:\/\/www.infraestruturameioambiente.sp.gov.br\/pgibt\/wp-json\/wp\/v2\/pages\/5219"}],"collection":[{"href":"https:\/\/www.infraestruturameioambiente.sp.gov.br\/pgibt\/wp-json\/wp\/v2\/pages"}],"about":[{"href":"https:\/\/www.infraestruturameioambiente.sp.gov.br\/pgibt\/wp-json\/wp\/v2\/types\/page"}],"author":[{"embeddable":true,"href":"https:\/\/www.infraestruturameioambiente.sp.gov.br\/pgibt\/wp-json\/wp\/v2\/users\/1"}],"replies":[{"embeddable":true,"href":"https:\/\/www.infraestruturameioambiente.sp.gov.br\/pgibt\/wp-json\/wp\/v2\/comments?post=5219"}],"version-history":[{"count":0,"href":"https:\/\/www.infraestruturameioambiente.sp.gov.br\/pgibt\/wp-json\/wp\/v2\/pages\/5219\/revisions"}],"up":[{"embeddable":true,"href":"https:\/\/www.infraestruturameioambiente.sp.gov.br\/pgibt\/wp-json\/wp\/v2\/pages\/249"}],"wp:attachment":[{"href":"https:\/\/www.infraestruturameioambiente.sp.gov.br\/pgibt\/wp-json\/wp\/v2\/media?parent=5219"}],"curies":[{"name":"wp","href":"https:\/\/api.w.org\/{rel}","templated":true}]}}