{"id":500,"date":"2013-09-13T17:13:26","date_gmt":"2013-09-13T20:13:26","guid":{"rendered":"https:\/\/www.infraestruturameioambiente.sp.gov.br\/pgibt\/?page_id=500"},"modified":"2013-09-13T17:13:26","modified_gmt":"2013-09-13T20:13:26","slug":"2012-ana-livia-negrao-leite-ribeiro","status":"publish","type":"page","link":"https:\/\/www.infraestruturameioambiente.sp.gov.br\/pgibt\/dissertacoesteses\/2012-ana-livia-negrao-leite-ribeiro\/","title":{"rendered":"Ana L\u00cdvia Negr\u00e3o Leite Ribeiro MS"},"content":{"rendered":"<h2 style=\"text-align: center\"><a href=\"https:\/\/smastr16.blob.core.windows.net\/pgibt\/2015\/02\/faixapos6.jpg\"><img decoding=\"async\" loading=\"lazy\" class=\"aligncenter size-full wp-image-3777\" style=\"border: 0px\" alt=\"faixapos6\" src=\"https:\/\/smastr16.blob.core.windows.net\/pgibt\/2015\/02\/faixapos6.jpg\" width=\"950\" height=\"163\" srcset=\"https:\/\/smastr16.blob.core.windows.net\/pgibt\/2015\/02\/faixapos6.jpg 950w, https:\/\/smastr16.blob.core.windows.net\/pgibt\/2015\/02\/faixapos6-768x131.jpg 768w\" sizes=\"(max-width: 950px) 100vw, 950px\" \/><\/a><\/h2>\n<hr align=\"center\" noshade=\"noshade\" size=\"1\" width=\"100%\" \/>\n<h2 style=\"text-align: center\">Ana L\u00edvia Negr\u00e3o Leite Ribeiro<\/h2>\n<hr align=\"center\" noshade=\"noshade\" size=\"1\" width=\"100%\" \/>\n<p style=\"text-align: center\">No dia 23 de fevereiro de 2012, a aluna Ana L\u00edvia Negr\u00e3o Leite Ribeiro, bolsita CAPES do Programa de P\u00f3s Gradua\u00e7\u00e3o em Biodiversidade Vegetal e<br \/>\nMeio Ambiente defendeu sua disserta\u00e7\u00e3o de mestrado intitulada<br \/>\n\u201cRespostas fisiol\u00f3gicas e bioqu\u00edmicas de esp\u00e9cies de<em> Hypnea<\/em> J.V. Lamour. (Rhodophyta) frente \u00e0s varia\u00e7\u00f5es de nitrog\u00eanio e f\u00f3sforo\u201d.<\/p>\n<p style=\"text-align: center\">A banca examinadora foi composta pela orientadora Prof. Dr\u00aa Nair Sumie Yokoya do N\u00facleo de Pesquisa em Ficologia,\u00a0Prof. Dr\u00aa Estela Maria Plastino do Departamento de Bot\u00e2nica do Instituto de Bioci\u00eancias da USP e\u00a0Prof Dr\u00aa Elisabete de Santis Braga da Gra\u00e7a Saraiva do Instituto Oceanogr\u00e1fico da USP.<\/p>\n<hr align=\"center\" noshade=\"noshade\" size=\"1\" width=\"100%\" \/>\n<h3 style=\"text-align: center\">Respostas fisiol\u00f3gicas e bioqu\u00edmicas de esp\u00e9cies de<em>\u00a0Hypnea\u00a0<\/em>J. V. Lamour. (Rhodophyta)<br \/>\nfrente \u00e0s varia\u00e7\u00f5es de nitrog\u00eanio e f\u00f3sforo<\/h3>\n<hr align=\"center\" noshade=\"noshade\" size=\"1\" width=\"100%\" \/>\n<h4 style=\"text-align: center\"><strong>RESUMO<\/strong><\/h4>\n<p style=\"text-align: justify\">O nitrog\u00eanio e o f\u00f3sforo s\u00e3o os principais elementos que limitam o crescimento das algas marinhas bent\u00f4nicas e controlam a produtividade prim\u00e1ria dos oceanos, e o nitrato e o am\u00f4nio s\u00e3o \u00edons importantes\u00a0 que influenciam o crescimento desses organismos. Os estudos sobre a disponibilidade do nitrog\u00eanio e f\u00f3sforo no meio marinho e seus efeitos na fisiologia e bioqu\u00edmica das algas marinhas bent\u00f4nicas s\u00e3o de grande relev\u00e2ncia, uma vez que esses elementos s\u00e3o essenciais para o metabolismo desses organismos e s\u00e3o nutrientes respons\u00e1veis por impactos ambientais de origem antr\u00f3pica. Assim, o presente estudo tem como principal objetivo contribuir para o conhecimento dos efeitos da disponibilidade de nitrog\u00eanio e f\u00f3sforo sobre o crescimento e conte\u00fado de pigmentos e prote\u00ednas em\u00a0<em>Hypnea cervicornis\u00a0<\/em>J.Agardh<em>, Hypnea musciformis\u00a0<\/em>(Wulfen in Jacquin) J.V. Lamour. e<em>\u00a0Hypnea\u00a0<\/em>sp. (Rhodophyta, Gigartinales). Os tratamentos testados foram preparados com \u00e1gua do mar esterilizada enriquecida com a solu\u00e7\u00e3o de Von Stosch 25% sem nitrog\u00eanio e f\u00f3sforo, e com adi\u00e7\u00e3o de nitrato (NaNO<sub>3<\/sub>) ou de am\u00f4nio (NH<sub>4<\/sub>Cl) e de fosfato (Na<sub>2<\/sub>HPO<sub>4<\/sub>.12H<sub>2<\/sub>O), mantendo uma raz\u00e3o de N:P de 100:1 e 10:1. As concentra\u00e7\u00f5es testadas de NO<sub>3<\/sub><sup>&#8211;<\/sup>\u00a0foram de 0, 100, 200, 300, 400 e 500 \u00b5M e de NH<sub>4<\/sub><sup>+<\/sup>\u00a0foram de 0, 10, 20, 30, 40 e 50 \u00b5M. Cada tratamento foi testado com 6 repeti\u00e7\u00f5es e foram determinadas a taxa de crescimento, morfometria, conte\u00fado de pigmentos fotossintetizantes e de prote\u00ednas sol\u00faveis totais. Os experimentos foram mantidos em temperatura de 23\u00b13 \u00baC, fotoper\u00edodo de 14 h, salinidade 30, pH 8,0 e densidade de fluxo fot\u00f4nico de 60 a 90 \u03bcmol de f\u00f3tons.m\u00ad<sup>-2<\/sup>.s<sup>-1<\/sup>. Nos tratamentos com limita\u00e7\u00e3o de nutrientes, as esp\u00e9cies apresentaram os menores valores na maioria das vari\u00e1veis analisadas. Todas as esp\u00e9cies estudadas apresentaram uma afinidade ao nitrato em alta disponibilidade de f\u00f3sforo no meio. As esp\u00e9cies estudadas tamb\u00e9m apresentaram afinidade ao am\u00f4nio, entretanto\u00a0<em>H. cervicornis\u00a0<\/em>mostrou uma afinidade maior a esta fonte de nitrog\u00eanio e\u00a0\u00a0<em>Hypnea\u00a0<\/em>sp. foi mais sens\u00edvel. As esp\u00e9cies apresentaram um crescimento linear nas adi\u00e7\u00f5es de am\u00f4nio, enquanto que em adi\u00e7\u00e3o de nitrato, as TC apresentaram uma cin\u00e9tica de satura\u00e7\u00e3o. As esp\u00e9cies estudadas acumularam o nitrog\u00eanio (tanto nitrato quanto am\u00f4nio) na forma de prote\u00ednas sol\u00faveis totais e ficobiliprote\u00ednas, sendo a ficoeritrina a principal forma de armazenamento.\u00a0\u00a0<em>Hypnea\u00a0<\/em>sp.,\u00a0<em>H. cervicornis\u00a0<\/em>e\u00a0<em>H. musciformis\u00a0<\/em>bioacumularam nitrog\u00eanio quando submetidas a altas concentra\u00e7\u00f5es de nutrientes no meio, o que lhes conferem caracter\u00edsticas de esp\u00e9cies biofiltradoras, podendo ser utilizadas na biorremedia\u00e7\u00e3o de ambientes eutrofizados.<\/p>\n<p style=\"text-align: justify\"><strong>Palavras-chave:\u00a0<\/strong><em>Hypnea,\u00a0<\/em>am\u00f4nio, nitrato, fosfato.<\/p>\n<hr align=\"center\" noshade=\"noshade\" size=\"1\" width=\"100%\" \/>\n<p style=\"text-align: center\"><a href=\"https:\/\/smastr16.blob.core.windows.net\/pgibt\/2013\/09\/pdf_grande.gif\"><img decoding=\"async\" loading=\"lazy\" class=\"aligncenter size-full wp-image-2313\" style=\"border: 0px\" alt=\"pdf_grande\" src=\"https:\/\/smastr16.blob.core.windows.net\/pgibt\/2013\/09\/pdf_grande.gif\" width=\"60\" height=\"60\" \/><\/a><a href=\"https:\/\/smastr16.blob.core.windows.net\/pgibt\/2013\/09\/Ana_Livia_Negrao_Leite_Ribeiro_MS.pdf\" target=\"|_blank&quot;\"> Ana Livia Negr\u00e3o Leite Ribeiro<br \/>\nRespostas fisiol\u00f3gicas e bioqu\u00edmicas de esp\u00e9cies de <em>Hypnea<\/em> J. V. Lamour. (Rhodophyta)<br \/>\nfrente \u00e0s varia\u00e7\u00f5es de nitrog\u00eanio e f\u00f3sforo<\/a><\/p>\n<hr align=\"center\" noshade=\"noshade\" size=\"1\" width=\"100%\" \/>\n<p style=\"text-align: center\"><strong>\u00a0<a href=\"https:\/\/www.infraestruturameioambiente.sp.gov.br\/pgibt\/dissertacoesteses\/\">VOLTAR AS DISSERTA\u00c7\u00d5ES E TESES<\/a><\/strong><\/p>\n<hr align=\"center\" noshade=\"noshade\" size=\"1\" width=\"100%\" \/>\n<h1 style=\"text-align: center\"><\/h1>\n","protected":false},"excerpt":{"rendered":"<p>Ana L\u00edvia Negr\u00e3o Leite Ribeiro No dia 23 de fevereiro de 2012, a aluna Ana L\u00edvia Negr\u00e3o Leite Ribeiro, bolsita CAPES do Programa de P\u00f3s Gradua\u00e7\u00e3o em Biodiversidade Vegetal e Meio Ambiente defendeu sua disserta\u00e7\u00e3o de mestrado intitulada \u201cRespostas fisiol\u00f3gicas e bioqu\u00edmicas de esp\u00e9cies de Hypnea J.V. Lamour. (Rhodophyta) frente \u00e0s varia\u00e7\u00f5es de nitrog\u00eanio e [&hellip;]<\/p>\n","protected":false},"author":1,"featured_media":0,"parent":249,"menu_order":0,"comment_status":"closed","ping_status":"closed","template":"fullpage.php","meta":[],"_links":{"self":[{"href":"https:\/\/www.infraestruturameioambiente.sp.gov.br\/pgibt\/wp-json\/wp\/v2\/pages\/500"}],"collection":[{"href":"https:\/\/www.infraestruturameioambiente.sp.gov.br\/pgibt\/wp-json\/wp\/v2\/pages"}],"about":[{"href":"https:\/\/www.infraestruturameioambiente.sp.gov.br\/pgibt\/wp-json\/wp\/v2\/types\/page"}],"author":[{"embeddable":true,"href":"https:\/\/www.infraestruturameioambiente.sp.gov.br\/pgibt\/wp-json\/wp\/v2\/users\/1"}],"replies":[{"embeddable":true,"href":"https:\/\/www.infraestruturameioambiente.sp.gov.br\/pgibt\/wp-json\/wp\/v2\/comments?post=500"}],"version-history":[{"count":0,"href":"https:\/\/www.infraestruturameioambiente.sp.gov.br\/pgibt\/wp-json\/wp\/v2\/pages\/500\/revisions"}],"up":[{"embeddable":true,"href":"https:\/\/www.infraestruturameioambiente.sp.gov.br\/pgibt\/wp-json\/wp\/v2\/pages\/249"}],"wp:attachment":[{"href":"https:\/\/www.infraestruturameioambiente.sp.gov.br\/pgibt\/wp-json\/wp\/v2\/media?parent=500"}],"curies":[{"name":"wp","href":"https:\/\/api.w.org\/{rel}","templated":true}]}}