{"id":494,"date":"2013-09-13T17:08:03","date_gmt":"2013-09-13T20:08:03","guid":{"rendered":"https:\/\/www.infraestruturameioambiente.sp.gov.br\/pgibt\/?page_id=494"},"modified":"2013-09-13T17:08:03","modified_gmt":"2013-09-13T20:08:03","slug":"2012-alessandra-santos","status":"publish","type":"page","link":"https:\/\/www.infraestruturameioambiente.sp.gov.br\/pgibt\/dissertacoesteses\/2012-alessandra-santos\/","title":{"rendered":"Alessandra dos Santos MS"},"content":{"rendered":"<h2 style=\"text-align: center\"><a href=\"https:\/\/smastr16.blob.core.windows.net\/pgibt\/2015\/02\/faixapos6.jpg\"><img decoding=\"async\" loading=\"lazy\" class=\"aligncenter size-full wp-image-3777\" style=\"border: 0px\" alt=\"faixapos6\" src=\"https:\/\/smastr16.blob.core.windows.net\/pgibt\/2015\/02\/faixapos6.jpg\" width=\"950\" height=\"163\" srcset=\"https:\/\/smastr16.blob.core.windows.net\/pgibt\/2015\/02\/faixapos6.jpg 950w, https:\/\/smastr16.blob.core.windows.net\/pgibt\/2015\/02\/faixapos6-768x131.jpg 768w\" sizes=\"(max-width: 950px) 100vw, 950px\" \/><\/a><\/h2>\n<hr align=\"center\" noshade=\"noshade\" size=\"1\" width=\"100%\" \/>\n<h2 style=\"text-align: center\">Alessandra dos Santos<\/h2>\n<hr align=\"center\" noshade=\"noshade\" size=\"1\" width=\"100%\" \/>\n<p style=\"text-align: center\">No dia 24 de janeiro de 2012, a aluna Alessandra dos Santos (bolsista CNPq), do Programa de P\u00f3s Gradua\u00e7\u00e3o em Biodiversidade Vegetal e Meio Ambiente defendeu sua disserta\u00e7\u00e3o de mestrado intitulada<br \/>\n\u201c<em>Moraceae Gaudich<\/em>. (excl.\u00a0<em>Ficus<\/em>) da Serra da Mantiqueira\u201d.<\/p>\n<p>A banca examinadora foi composta pelo Prof. Dr. Sergio Romaniuc Neto (N\u00facleo de Pesquisa Curadoria do Herb\u00e1rio SP\/IBt),\u00a0Profa. Dra. L\u00facia Rossi (N\u00facleo de Pesquisa Curadoria do Herb\u00e1rio SP\/IBt)\u00a0e o Prof. Dr. Ricardo Jos\u00e9 Francischetti Garcia (Prefeitura do Munic\u00edpio de S\u00e3o Paulo).\u00a0Serra da Mantiqueira \u00e9 uma forma\u00e7\u00e3o montanhosa que ocupa uma importante \u00e1rea da regi\u00e3o Sudeste do Brasil,\u00a0entre a costa atl\u00e2ntica e as terras interiores do pa\u00eds.<\/p>\n<p style=\"text-align: center\" align=\"center\">Esta importante regi\u00e3o brasileira n\u00e3o \u00e9 especial somente pelas paisagens e relevo variados que abriga, mas tamb\u00e9m por se tratar de uma das maiores e mais importantes cadeias montanhosas do leste sul-americano e abrigar preciosos remanescentes do bioma Mata Atl\u00e2ntica, portando uma flora rica, por\u00e9m amea\u00e7ada pela a\u00e7\u00e3o antr\u00f3pica.<br \/>\nA Serra da Mantiqueira \u00e9 reconhecida pela riqueza flor\u00edstica e n\u00famero de endemismos, dado tamb\u00e9m observado em<br \/>\nMoraceae com duas esp\u00e9cies novas para a ci\u00eancia e endemismos para o grupo<\/p>\n<hr align=\"center\" noshade=\"noshade\" size=\"1\" width=\"100%\" \/>\n<h3 style=\"text-align: center\"><strong><em>Moraceae Gaudich.<\/em>\u00a0(excl.\u00a0<em>Ficus<\/em>) da Serra da Mantiqueira<\/strong><\/h3>\n<hr align=\"center\" noshade=\"noshade\" size=\"1\" width=\"100%\" \/>\n<h4 style=\"text-align: center\"><strong>RESUMO<\/strong><\/h4>\n<p style=\"text-align: justify\">A Serra<strong>\u00a0<\/strong>da Mantiqueira<strong>\u00a0<\/strong>\u00e9 uma forma\u00e7\u00e3o montanhosa que ocupa uma importante \u00e1rea da regi\u00e3o Sudeste do Brasil, entre a costa atl\u00e2ntica e as terras interiores do pa\u00eds. As diferentes formas de relevo, as caracter\u00edsticas espec\u00edficas dos solos e o clima refletem em uma variedade de paisagens encontras na regi\u00e3o que cont\u00e9m uma flora exuberante e rica em esp\u00e9cies. Entre as fam\u00edlias ricas em esp\u00e9cies na composi\u00e7\u00e3o da flora da Mantiqueira est\u00e1 Moraceae. A peculiaridade da \u00e1rea ainda com remanescentes de florestas nativas e o avan\u00e7o da perda da biodiversidade pela a\u00e7\u00e3o antr\u00f3pica, nos motivou a realizar este trabalho que teve como objetivo conhecer as esp\u00e9cies de Moraceae da regi\u00e3o da Serra da Mantiqueira. Neste trabalho s\u00e3o apresentadas descri\u00e7\u00f5es, observa\u00e7\u00f5es sobre fenologia e distribui\u00e7\u00e3o geogr\u00e1fica, categorias de conserva\u00e7\u00e3o, coment\u00e1rios e ilustra\u00e7\u00f5es das esp\u00e9cies nativas. Moraceae \u00e9 monofil\u00e9tica, entretanto as rela\u00e7\u00f5es supragen\u00e9ricas e infragen\u00e9ricas s\u00e3o bastante controvertidas e s\u00e3o discutidas pelos diversos autores que j\u00e1 estudaram o grupo. Nota-se ainda a necessidade de estudos adicionais para auxiliar no esclarecimento dos problemas taxon\u00f4micos existentes, particularmente quanto \u00e0 compreens\u00e3o da delimita\u00e7\u00e3o das esp\u00e9cies. A fam\u00edlia apresenta distribui\u00e7\u00e3o pantropical e suas esp\u00e9cies podem ser reconhecidas por serem \u00e1rvores, arbustos, ervas, hemiep\u00edfitas ou trepadeiras com est\u00edpulas terminais, livres ou unidas, presen\u00e7a de latic\u00edferos distribu\u00eddos por todas as partes da planta, folhas simples e alternas. As esp\u00e9cies podem ser monoicas ou dioicas com infloresc\u00eancias, bissexuadas ou unissexuadas, racemosas ou cimosas. Ap\u00f3s o levantamento bibliogr\u00e1fico e an\u00e1lise do material foi poss\u00edvel reconhecer 7 g\u00eaneros e 25 esp\u00e9cies nativas para a regi\u00e3o da Serra da Mantiqueira. Dentre estas, duas esp\u00e9cies novas.\u00a0<em>Brosimum gaudichaudii\u00a0<\/em>Tr\u00e9cul,\u00a0<em>Brosimum glaziovii<\/em>\u00a0Taub.,\u00a0<em>Brosimum guianense\u00a0<\/em>(Aubl.) Huber,\u00a0<em>Clarisia ilicifolia\u00a0<\/em>(Spreng.) Lanj. &amp; Rossberg,\u00a0<em>Clarisia racemosa\u00a0<\/em>Ruiz &amp; Pav.,\u00a0<em>Dorstenia arifolia\u00a0<\/em>Lam.,\u00a0<em>Dorstenia bonijesu\u00a0<\/em>Carauta &amp; C.Valente,\u00a0<em>Dorstenia bowmaniana<\/em>Baker,\u00a0<em>Dorstenia brasiliensis<\/em>\u00a0Lam.,\u00a0<em>Dorstenia cayapia<\/em>\u00a0Vell.,\u00a0<em>Dorstenia dolichocaula<\/em>\u00a0Pilg.,\u00a0<em>Dorstenia elata<\/em>\u00a0Hook.,\u00a0<em>Dorstenia mariae<\/em>Carauta, J.M.Albuq. &amp; R.M.Castro,\u00a0<em>Dorstenia strangii\u00a0<\/em>Carauta,\u00a0<em>Dorstenia sucrei<\/em>\u00a0Carauta,\u00a0<em>Dorstenia turnerifolia\u00a0<\/em>Fisch. &amp; C.A.Mey.,<em>\u00a0Dorstenia vitifolia\u00a0<\/em>Gardner,\u00a0<em>Dorstenia\u00a0<\/em>sp1,\u00a0<em>Dorstenia\u00a0<\/em>sp2,\u00a0<em>Helicostylis tomentosa\u00a0<\/em>(Poepp. &amp; Endl.) Rusby,\u00a0<em>Maclura tinctoria\u00a0<\/em>(L.) D.Don ex Steud.,<em>Naucleopsis oblongifolia\u00a0<\/em>(Kuhlm.) Carauta,\u00a0<em>Sorocea bonplandii\u00a0<\/em>(Baill.) W.C.Burger, Lanj. &amp; Wess.Boer,\u00a0<em>Sorocea guilleminiana<\/em>\u00a0Gaudich. e\u00a0<em>Sorocea klotzschiana\u00a0<\/em>Baill.<\/p>\n<p style=\"text-align: justify\"><strong>Palavras-chave<\/strong>: Diversidade, Conserva\u00e7\u00e3o, Taxonomia.<\/p>\n<p style=\"text-align: center\"><a href=\"https:\/\/smastr16.blob.core.windows.net\/pgibt\/2013\/09\/alessandra11.jpg\"><img decoding=\"async\" loading=\"lazy\" class=\"alignnone size-full wp-image-631\" alt=\"Alessandra\" src=\"https:\/\/smastr16.blob.core.windows.net\/pgibt\/2013\/09\/alessandra11.jpg\" width=\"262\" height=\"177\" srcset=\"https:\/\/smastr16.blob.core.windows.net\/pgibt\/2013\/09\/alessandra11.jpg 262w, https:\/\/smastr16.blob.core.windows.net\/pgibt\/2013\/09\/alessandra11-768x518.jpg 768w\" sizes=\"(max-width: 262px) 100vw, 262px\" \/><\/a>\u00a0 <a href=\"https:\/\/smastr16.blob.core.windows.net\/pgibt\/2013\/09\/alessandra21.jpg\"><img decoding=\"async\" loading=\"lazy\" class=\"alignnone size-full wp-image-629\" alt=\"alessandra2\" src=\"https:\/\/smastr16.blob.core.windows.net\/pgibt\/2013\/09\/alessandra21.jpg\" width=\"262\" height=\"362\" srcset=\"https:\/\/smastr16.blob.core.windows.net\/pgibt\/2013\/09\/alessandra21.jpg 262w, https:\/\/smastr16.blob.core.windows.net\/pgibt\/2013\/09\/alessandra21-768x1061.jpg 768w\" sizes=\"(max-width: 262px) 100vw, 262px\" \/><\/a>\u00a0\u00a0<a href=\"https:\/\/smastr16.blob.core.windows.net\/pgibt\/2013\/09\/alessandra31.jpg\"><img decoding=\"async\" loading=\"lazy\" class=\"alignnone size-full wp-image-630\" alt=\"alessandra3\" src=\"https:\/\/smastr16.blob.core.windows.net\/pgibt\/2013\/09\/alessandra31.jpg\" width=\"262\" height=\"198\" srcset=\"https:\/\/smastr16.blob.core.windows.net\/pgibt\/2013\/09\/alessandra31.jpg 262w, https:\/\/smastr16.blob.core.windows.net\/pgibt\/2013\/09\/alessandra31-768x580.jpg 768w\" sizes=\"(max-width: 262px) 100vw, 262px\" \/><\/a><\/p>\n<hr align=\"center\" noshade=\"noshade\" size=\"1\" width=\"100%\" \/>\n<p style=\"text-align: center\"><a href=\"https:\/\/smastr16.blob.core.windows.net\/pgibt\/2013\/09\/pdf_grande.gif\"><img decoding=\"async\" loading=\"lazy\" class=\"aligncenter size-full wp-image-2313\" style=\"border: 0px\" alt=\"pdf_grande\" src=\"https:\/\/smastr16.blob.core.windows.net\/pgibt\/2013\/09\/pdf_grande.gif\" width=\"60\" height=\"60\" \/><\/a><a href=\"https:\/\/smastr16.blob.core.windows.net\/pgibt\/2013\/09\/Alessandra_dos_Santos_MS.pdf\">Alessandra dos Santos<br \/>\nMoraceae Gaudich. (excl. Ficus) da Serra da Mantiqueira\u201d<\/a><\/p>\n<hr align=\"center\" noshade=\"noshade\" size=\"1\" width=\"100%\" \/>\n<p style=\"text-align: center\"><strong>\u00a0<a href=\"https:\/\/www.infraestruturameioambiente.sp.gov.br\/pgibt\/dissertacoesteses\/\">VOLTAR AS DISSERTA\u00c7\u00d5ES E TESES<\/a><\/strong><\/p>\n<hr align=\"center\" noshade=\"noshade\" size=\"1\" width=\"100%\" \/>\n<h1 style=\"text-align: center\"><\/h1>\n","protected":false},"excerpt":{"rendered":"<p>Alessandra dos Santos No dia 24 de janeiro de 2012, a aluna Alessandra dos Santos (bolsista CNPq), do Programa de P\u00f3s Gradua\u00e7\u00e3o em Biodiversidade Vegetal e Meio Ambiente defendeu sua disserta\u00e7\u00e3o de mestrado intitulada \u201cMoraceae Gaudich. (excl.\u00a0Ficus) da Serra da Mantiqueira\u201d. A banca examinadora foi composta pelo Prof. Dr. Sergio Romaniuc Neto (N\u00facleo de Pesquisa [&hellip;]<\/p>\n","protected":false},"author":1,"featured_media":0,"parent":249,"menu_order":0,"comment_status":"closed","ping_status":"closed","template":"fullpage.php","meta":[],"_links":{"self":[{"href":"https:\/\/www.infraestruturameioambiente.sp.gov.br\/pgibt\/wp-json\/wp\/v2\/pages\/494"}],"collection":[{"href":"https:\/\/www.infraestruturameioambiente.sp.gov.br\/pgibt\/wp-json\/wp\/v2\/pages"}],"about":[{"href":"https:\/\/www.infraestruturameioambiente.sp.gov.br\/pgibt\/wp-json\/wp\/v2\/types\/page"}],"author":[{"embeddable":true,"href":"https:\/\/www.infraestruturameioambiente.sp.gov.br\/pgibt\/wp-json\/wp\/v2\/users\/1"}],"replies":[{"embeddable":true,"href":"https:\/\/www.infraestruturameioambiente.sp.gov.br\/pgibt\/wp-json\/wp\/v2\/comments?post=494"}],"version-history":[{"count":0,"href":"https:\/\/www.infraestruturameioambiente.sp.gov.br\/pgibt\/wp-json\/wp\/v2\/pages\/494\/revisions"}],"up":[{"embeddable":true,"href":"https:\/\/www.infraestruturameioambiente.sp.gov.br\/pgibt\/wp-json\/wp\/v2\/pages\/249"}],"wp:attachment":[{"href":"https:\/\/www.infraestruturameioambiente.sp.gov.br\/pgibt\/wp-json\/wp\/v2\/media?parent=494"}],"curies":[{"name":"wp","href":"https:\/\/api.w.org\/{rel}","templated":true}]}}