{"id":487,"date":"2013-09-13T16:06:33","date_gmt":"2013-09-13T19:06:33","guid":{"rendered":"https:\/\/www.infraestruturameioambiente.sp.gov.br\/pgibt\/?page_id=487"},"modified":"2013-09-13T16:06:33","modified_gmt":"2013-09-13T19:06:33","slug":"2013-rodrigo-sampaio-rodrigues","status":"publish","type":"page","link":"https:\/\/www.infraestruturameioambiente.sp.gov.br\/pgibt\/dissertacoesteses\/2013-rodrigo-sampaio-rodrigues\/","title":{"rendered":"Rodrigo Sampaio Rodrigues MS"},"content":{"rendered":"<h2 style=\"text-align: center\"><a href=\"https:\/\/smastr16.blob.core.windows.net\/pgibt\/2015\/02\/faixapos6.jpg\"><img decoding=\"async\" loading=\"lazy\" class=\"aligncenter size-full wp-image-3777\" style=\"border: 0px\" alt=\"faixapos6\" src=\"https:\/\/smastr16.blob.core.windows.net\/pgibt\/2015\/02\/faixapos6.jpg\" width=\"950\" height=\"163\" srcset=\"https:\/\/smastr16.blob.core.windows.net\/pgibt\/2015\/02\/faixapos6.jpg 950w, https:\/\/smastr16.blob.core.windows.net\/pgibt\/2015\/02\/faixapos6-768x131.jpg 768w\" sizes=\"(max-width: 950px) 100vw, 950px\" \/><\/a><\/h2>\n<hr align=\"center\" noshade=\"noshade\" size=\"1\" width=\"100%\" \/>\n<h2 style=\"text-align: center\">Rodrigo Sampaio Rodrigues<\/h2>\n<hr align=\"center\" noshade=\"noshade\" size=\"1\" width=\"100%\" \/>\n<p style=\"text-align: center\">Em 22 de mar\u00e7o de 2013, no anfiteatro do Instituto de Bot\u00e2nica (IBt-SP), Rodrigo Sampaio Rodrigues, aluno de mestrado do Programa de P\u00f3s-gradua\u00e7\u00e3o em Biodiversidade Vegetal e Meio Ambiente e bolsista do Conselho Nacional de Desenvolvimento Cient\u00edfico e Tecnol\u00f3gico (CNPq), defendeu a sua disserta\u00e7\u00e3o intitulada: \u201cA Tribo Paniceae s.l. (Poaceae: Panicoideae) na Reserva Biol\u00f3gica de Mogi-Gua\u00e7u, SP, Brasil\u201d.<\/p>\n<p style=\"text-align: center\">A banca examinadora foi presidida pelo Prof. Dr. Tarciso de Sousa Filgueiras (IBt-SP), tendo como membros externos o<br \/>\nDr. Pedro Lage Viana (Museu Paraense Em\u00edlio Goeldi) e a Prof\u00aa. Dra. Ana Paula Santos Gon\u00e7alves (Universidade Federal de Vi\u00e7osa).<\/p>\n<div id=\"attachment_488\" style=\"width: 491px\" class=\"wp-caption aligncenter\"><a href=\"https:\/\/smastr16.blob.core.windows.net\/pgibt\/2013\/09\/Rodrigo.jpg\"><img aria-describedby=\"caption-attachment-488\" decoding=\"async\" loading=\"lazy\" class=\"size-full wp-image-488\" alt=\"O Dr. Pedro Lage Viana (Museu Paraense Em\u00edlio Goeldi), o aluno Rodrigo Sampaio Rodrigues, o Prof. Dr. Tarciso de Sousa Filgueiras (IBt-SP) e a Prof\u00aa. Dra. Ana Paula Santos Gon\u00e7alves (Universidade Federal de Vi\u00e7osa).\" src=\"https:\/\/smastr16.blob.core.windows.net\/pgibt\/2013\/09\/Rodrigo.jpg\" width=\"481\" height=\"417\" \/><\/a><p id=\"caption-attachment-488\" class=\"wp-caption-text\">O Dr. Pedro Lage Viana (Museu Paraense Em\u00edlio Goeldi), o aluno Rodrigo Sampaio Rodrigues, o Prof. Dr. Tarciso de Sousa Filgueiras (IBt-SP) e a Prof\u00aa. Dra. Ana Paula Santos Gon\u00e7alves (Universidade Federal de Vi\u00e7osa).<\/p><\/div>\n<p style=\"text-align: justify\">O trabalho consiste em um estudo flor\u00edstico com as esp\u00e9cies de Poaceae pertencentes \u00e0 tribo Paniceae sensu lato na Reserva Biol\u00f3gica de Mogi-Gua\u00e7u (RBMG-SP). Como resultado, s\u00e3o apresentados 23 g\u00eaneros e 80 esp\u00e9cies de gram\u00edneas. Mais de 50% dos g\u00eaneros e das esp\u00e9cies contidas no trabalho representam novas cita\u00e7\u00f5es para a RBMG-SP. Est\u00e3o contidas na disserta\u00e7\u00e3o as esp\u00e9cies ex\u00f3ticas e ex\u00f3ticas invasoras, bem com as esp\u00e9cies amea\u00e7adas de extin\u00e7\u00e3o no Estado de S\u00e3o Paulo. Imagens das estruturas florais de todos os t\u00e1xons, chaves de identifica\u00e7\u00e3o para g\u00eaneros, esp\u00e9cies e variedades, al\u00e9m de coment\u00e1rios sobre circunscri\u00e7\u00e3o e afinidades morfol\u00f3gicas s\u00e3o disponibilizados.<br \/>\nVerificou-se que a flora agrostol\u00f3gica da RBMG-SP \u00e9 um componente muito mais diverso e rico que o pressuposto, o que evidencia a necessidade de realiza\u00e7\u00e3o de mais estudos espec\u00edficos que abordem outros grupos de gram\u00edneas ou outras fam\u00edlias vegetais.<\/p>\n<hr align=\"center\" noshade=\"noshade\" size=\"1\" width=\"100%\" \/>\n<h3 style=\"text-align: center\"><strong>\u201cA Tribo Paniceae s.l. (Poaceae: Panicoideae) na Reserva Biol\u00f3gica de Mogi-Gua\u00e7u, SP, Brasil\u201d.<\/strong><\/h3>\n<hr align=\"center\" noshade=\"noshade\" size=\"1\" width=\"100%\" \/>\n<h4 style=\"text-align: center\"><strong>RESUMO<\/strong><\/h4>\n<p align=\"justify\">Poaceae \u00e9 uma das maiores fam\u00edlias bot\u00e2nicas em import\u00e2ncia ecol\u00f3gica, econ\u00f4mica e de diversidade. No Brasil ocorrem 1.419 das cerca de 10.000-11.000 esp\u00e9cies conhecidas. O Estado de S\u00e3o Paulo apresenta aproximadamente 500 esp\u00e9cies distribu\u00eddas em todas as forma\u00e7\u00f5es vegetais. Panicoideae \u00e9 uma das subfam\u00edlias mais expressivas em termos de diversidade, da qual se destacam as tribos Paniceae, Paspaleae e Andropogoneae. Neste trabalho apresenta-se um levantamento flor\u00edstico de Paniceae\u00a0<em>s.l.\u00a0<\/em>na Reserva Biol\u00f3gica de Mogi-Gua\u00e7u (RBMG-SP), com o objetivo de contribuir para o conhecimento da flora agrostol\u00f3gica desta UC e do Estado de S\u00e3o Paulo. A RBMG-SP foi estabelecida em 1942 e \u00e9 administrada pelo Instituto de Bot\u00e2nica. Localiza-se entre 22\u00b010-18\u2019S e 47\u00b07-11\u2019W, com 470 ha. em forma\u00e7\u00e3o vegetal t\u00edpica de Cerrado. O presente levantamento flor\u00edstico ocorreu entre 2011 e 2012. Neste per\u00edodo foram realizadas 11 expedi\u00e7\u00f5es de coleta e visitas aos principais herb\u00e1rios do Estado. Como resultados s\u00e3o apresentados 23 g\u00eaneros, 80 esp\u00e9cies e duas variedades. Desses g\u00eaneros, 13 s\u00e3o citados pela primeira vez para a RBMG-SP, ou seja, ocorreu um aumento de 109%. Do total de esp\u00e9cies, 46 s\u00e3o citadas pela primeira vez para a reserva, o que representa 116% de incremento.\u00a0<em>Parodiophyllochloa penicillata\u00a0<\/em>\u00e9 citada pela primeira vez para o Estado de S\u00e3o Paulo. Foi tamb\u00e9m detectada a ocorr\u00eancia de 15 esp\u00e9cies ex\u00f3ticas, al\u00e9m de 13 esp\u00e9cies com algum grau de amea\u00e7a \u00e0 sua conserva\u00e7\u00e3o.\u00a0<em>Hymenachne pernambucensis<\/em>, antes considerada presumivelmente extinta no Estado de S\u00e3o Paulo, foi recentemente amostrada e \u00e9 aqui referida para a RBMG-SP. Estes resultados representam um esfor\u00e7o para a amplia\u00e7\u00e3o do conhecimento sobre as gram\u00edneas do Cerrado no Estado de S\u00e3o Paulo, pois aumentou substancialmente o n\u00famero de esp\u00e9cies conhecidas para a RBMG-SP.<\/p>\n<p align=\"justify\"><strong>Palavras-Chave:\u00a0<\/strong>Cerrado, conserva\u00e7\u00e3o, flor\u00edstica, gram\u00edneas, taxonomia.<\/p>\n<hr align=\"center\" noshade=\"noshade\" size=\"1\" width=\"100%\" \/>\n<p style=\"text-align: center\"><a href=\"https:\/\/smastr16.blob.core.windows.net\/pgibt\/2013\/09\/pdf_grande.gif\"><img decoding=\"async\" loading=\"lazy\" class=\"aligncenter size-full wp-image-2313\" style=\"border: 0px\" alt=\"pdf_grande\" src=\"https:\/\/smastr16.blob.core.windows.net\/pgibt\/2013\/09\/pdf_grande.gif\" width=\"60\" height=\"60\" \/><\/a><a href=\"https:\/\/smastr16.blob.core.windows.net\/pgibt\/2013\/09\/Rodrigo_Sampaio_Rodrigues_MS.pdf\" target=\"_blank\">Rodrigo Sampaio Rodrigues<br \/>\nA Tribo Paniceae s.l. (Poaceae: Panicoideae) na Reserva Biol\u00f3gica de Mogi-Gua\u00e7u, SP, Brasil.<\/a><\/p>\n<hr align=\"center\" noshade=\"noshade\" size=\"1\" width=\"100%\" \/>\n<p style=\"text-align: center\"><strong>\u00a0<a href=\"https:\/\/www.infraestruturameioambiente.sp.gov.br\/pgibt\/dissertacoesteses\/\">VOLTAR AS DISSERTA\u00c7\u00d5ES E TESES<\/a><\/strong><\/p>\n<hr align=\"center\" noshade=\"noshade\" size=\"1\" width=\"100%\" \/>\n<h1 style=\"text-align: center\"><\/h1>\n<p>&nbsp;<\/p>\n","protected":false},"excerpt":{"rendered":"<p>Rodrigo Sampaio Rodrigues Em 22 de mar\u00e7o de 2013, no anfiteatro do Instituto de Bot\u00e2nica (IBt-SP), Rodrigo Sampaio Rodrigues, aluno de mestrado do Programa de P\u00f3s-gradua\u00e7\u00e3o em Biodiversidade Vegetal e Meio Ambiente e bolsista do Conselho Nacional de Desenvolvimento Cient\u00edfico e Tecnol\u00f3gico (CNPq), defendeu a sua disserta\u00e7\u00e3o intitulada: \u201cA Tribo Paniceae s.l. (Poaceae: Panicoideae) na [&hellip;]<\/p>\n","protected":false},"author":1,"featured_media":0,"parent":249,"menu_order":0,"comment_status":"closed","ping_status":"closed","template":"fullpage.php","meta":[],"_links":{"self":[{"href":"https:\/\/www.infraestruturameioambiente.sp.gov.br\/pgibt\/wp-json\/wp\/v2\/pages\/487"}],"collection":[{"href":"https:\/\/www.infraestruturameioambiente.sp.gov.br\/pgibt\/wp-json\/wp\/v2\/pages"}],"about":[{"href":"https:\/\/www.infraestruturameioambiente.sp.gov.br\/pgibt\/wp-json\/wp\/v2\/types\/page"}],"author":[{"embeddable":true,"href":"https:\/\/www.infraestruturameioambiente.sp.gov.br\/pgibt\/wp-json\/wp\/v2\/users\/1"}],"replies":[{"embeddable":true,"href":"https:\/\/www.infraestruturameioambiente.sp.gov.br\/pgibt\/wp-json\/wp\/v2\/comments?post=487"}],"version-history":[{"count":0,"href":"https:\/\/www.infraestruturameioambiente.sp.gov.br\/pgibt\/wp-json\/wp\/v2\/pages\/487\/revisions"}],"up":[{"embeddable":true,"href":"https:\/\/www.infraestruturameioambiente.sp.gov.br\/pgibt\/wp-json\/wp\/v2\/pages\/249"}],"wp:attachment":[{"href":"https:\/\/www.infraestruturameioambiente.sp.gov.br\/pgibt\/wp-json\/wp\/v2\/media?parent=487"}],"curies":[{"name":"wp","href":"https:\/\/api.w.org\/{rel}","templated":true}]}}