{"id":4851,"date":"2015-12-23T14:01:59","date_gmt":"2015-12-23T16:01:59","guid":{"rendered":"https:\/\/www.infraestruturameioambiente.sp.gov.br\/pgibt\/?page_id=4851"},"modified":"2018-05-18T12:10:38","modified_gmt":"2018-05-18T15:10:38","slug":"2015-ana-lucia-de-jesus","status":"publish","type":"page","link":"https:\/\/www.infraestruturameioambiente.sp.gov.br\/pgibt\/dissertacoesteses\/2015-ana-lucia-de-jesus\/","title":{"rendered":"Ana Lucia de Jesus MS"},"content":{"rendered":"<h2 style=\"text-align: center\"><a href=\"https:\/\/smastr16.blob.core.windows.net\/pgibt\/2015\/02\/faixapos6.jpg\"><img decoding=\"async\" loading=\"lazy\" class=\"aligncenter size-full wp-image-3777\" style=\"border: 0px\" src=\"https:\/\/smastr16.blob.core.windows.net\/pgibt\/2015\/02\/faixapos6.jpg\" alt=\"faixapos6\" width=\"950\" height=\"163\" srcset=\"https:\/\/smastr16.blob.core.windows.net\/pgibt\/2015\/02\/faixapos6.jpg 950w, https:\/\/smastr16.blob.core.windows.net\/pgibt\/2015\/02\/faixapos6-768x131.jpg 768w\" sizes=\"(max-width: 950px) 100vw, 950px\" \/><\/a><\/h2>\n<hr align=\"center\" noshade=\"noshade\" size=\"1\" width=\"100%\" \/>\n<h2 style=\"text-align: center\"><span style=\"color: #003300\">Ana Lucia de Jesus<br \/>\n<\/span><\/h2>\n<hr align=\"center\" noshade=\"noshade\" size=\"1\" width=\"100%\" \/>\n<p style=\"text-align: center\"><a href=\"https:\/\/smastr16.blob.core.windows.net\/pgibt\/2015\/12\/Ana-Lucia-de-Jesus.jpg\"><img decoding=\"async\" loading=\"lazy\" class=\"aligncenter wp-image-4855 size-full\" src=\"https:\/\/smastr16.blob.core.windows.net\/pgibt\/2015\/12\/Ana-Lucia-de-Jesus.jpg\" alt=\"Ana Lucia de Jesus\" width=\"330\" height=\"302\" \/><\/a><\/p>\n<p style=\"text-align: center\">Em 27 de abril de 2015, no anfiteatro do Instituto de Bot\u00e2nica de S\u00e3o Paulo (IBt), a aluna da P\u00f3s-Gradua\u00e7\u00e3o em Biodiversidade Vegetal e Meio Ambiente do Instituto de Bot\u00e2nica de S\u00e3o Paulo (IBt), Ana Lucia de Jesus (Bolsista FAPESP), defendeu a sua disserta\u00e7\u00e3o de Mestrado intitulada \u201cDiversidade de Oomycota em \u00e1rea de manguezal do Parque Estadual da Ilha do Cardoso (PEIC), Canan\u00e9ia, estado de S\u00e3o Paulo, Brasil\u201d.<br \/>\nA banca examinadora foi composta pela Dra. Carmen Lidia Amorim Pires-Zottarelli (orientadora\/IBt), Dra. Rosely Ana Piccolo Grandi (IBt) e Dra. Iracema Helena Schoenlein Crusius (IBt).<\/p>\n<hr align=\"center\" noshade=\"noshade\" size=\"1\" width=\"100%\" \/>\n<h3 style=\"text-align: center\">Diversidade de Oomycota em \u00e1rea de manguezal do\u00a0Parque Estadual da Ilha do Cardoso (PEIC),<br \/>\nCanan\u00e9ia,\u00a0Estado de S\u00e3o Paulo, Brasil<\/h3>\n<hr align=\"center\" noshade=\"noshade\" size=\"1\" width=\"100%\" \/>\n<h4 style=\"text-align: center\"><strong>ABSTRACT<\/strong><\/h4>\n<p>Organisms of Oomycota phylum, also known as \u201cfungus-like\u201d, are commonly found in different aquatic and terrestrial ecosystems. In mangrove areas, where is constant the fluctuation of tide, temperature, pH and salinity are determinant factors affecting the occurrence of these organisms. To survey the diversity of oomycetes in a mangrove area in &#8221;Parque Estadual da Ilha do Cardoso (PEIC)&#8221;, Canan\u00e9ia, S\u00e3o Paulo State, four sampling were performed along one year, where water and leaves samples were collected (<em>Rhizophora mangle <\/em>L. and <em>Laguncularia racemosa <\/em>(L.) Gaertn.) in sites with different salinities. The samples were processed in laboratory baiting them with <em>Sorghum <\/em>spp. seeds and onion skins. Besides this technique, the leaves were also placed directly in culture media PYG (peptone, glucouse and agar) and V8 (V8 juice, CaCO3 and agar), prepared according to the salinity of each sample. To characterize the sampling sites, pH, dissolved oxygen, electrical conductivity, temperature and salinity were measured. A total of 571 samples were analyzed and 146 isolates obtained, 111 belonging to the genus <em>Halophytophthora <\/em>and 35 to the genera <em>Achlya <\/em>(5)<em>, Aphanomyces <\/em>(1)<em>, Dictyuchus <\/em>(1)<em>, Phytophthora <\/em>(8)<em>, Phytopythium <\/em>(5) and <em>Pythium <\/em>(15), with 17 species identified. Sequences (249) of different genetic regions (SSU, total ITS and LSU of rDNA and COX I of mDNA) of the oomycetes from this study and isolates of <em>Halophytophthora <\/em>and <em>Salisapilia <\/em>imported from CBS-KNAW Fungal Biodiversity Centre, Utrecht, The Netherlands, allowed the identification of new species to science, two belonging to the genus <em>Halophytophthora<\/em>, two belonging to the genus <em>Phytophthora<\/em>, one belonging to the genus <em>Achlya <\/em>and one new variety of <em>Halophytophthora spinosa<\/em>. All species of <em>Halophytophthora, Phytopythium kandeliae <\/em>and <em>Pythium grandisporangium <\/em>are firstly recorded for Brazil. All records are new to PEIC. The biodiversity indices indicated a diversity community and an uniform distribution of the taxa throughout the studied period in different types of samples. The Kruskall-Wallis test showed no significant differences between the abundance and composition of species in the leaves of <em>R. mangle <\/em>and <em>L. racemosa <\/em>and salinities, however, it showed significant differences among the four sampling periods. This is the first study of oomycetes in mangrove area in Brazil.<span style=\"line-height: 1.5em\"><br \/>\n<\/span><strong>Keywords<\/strong>: diversidade, <i>Halophytophthora<\/i>, Mangue, Oomycota<\/p>\n<p style=\"text-align: center\"><strong>RESUMO<\/strong><\/p>\n<p style=\"text-align: justify\" align=\"center\"><span style=\"line-height: 1.5em\">Organismos do filo Oomycota, tamb\u00e9m conhecidos como \u201cfungus-like\u201d, s\u00e3o comumente encontrados nos diferentes ecossistemas aqu\u00e1ticos e terrestres. Em \u00e1rea de manguezal, onde ocorre constante flutua\u00e7\u00e3o de mar\u00e9, a temperatura, o pH e a salinidade s\u00e3o fatores determinantes para a ocorr\u00eancia destes organismos. Para o levantamento da diversidade de oomicetos de uma \u00e1rea de manguezal do Parque Estadual da Ilha do Cardoso (PEIC), Canan\u00e9ia, Estado de S\u00e3o Paulo foram realizadas quatro amostragens ao longo de um ano, com coleta de amostras de \u00e1gua e folhas (<\/span><em>Rhizophora mangle<\/em> <span style=\"line-height: 1.5em\">L. e <\/span><em>Laguncularia racemosa<\/em> <span style=\"line-height: 1.5em\">(L.) Gaertn.) em locais com diferentes salinidades. As amostras foram processadas no laborat\u00f3rio utilizando-se duas t\u00e9cnicas, a primeira por meio da iscagem com semente de <\/span><em>Sorghum<\/em><span style=\"line-height: 1.5em\"> spp. e epiderme de cebola, e a segunda direcionada apenas para as amostras de folhas, as quais foram diretamente colocadas em meio de cultura PYG (1,25 g de peptona de carne, 1,25 g de extrato de levedura, 3 g de glicose, 12 g de \u00e1gar, 500 mL de \u00e1gua do mar filtrada e 500 mL de \u00e1gua destilada) e V8 (200 mL de V8, 3 g de CaCO<\/span><sub style=\"line-height: 1.5em\">3<\/sub><span style=\"line-height: 1.5em\">, 12 g de \u00e1gar, 500 mL de \u00e1gua do mar filtrada e 500 mL de \u00e1gua destilada), preparados de acordo com a salinidade de cada amostra. Para caracteriza\u00e7\u00e3o dos locais de coleta foram mensurados o pH, o oxig\u00eanio dissolvido, a condutividade el\u00e9trica, a temperatura e a salinidade. De um total de 571 amostras analisadas, foram obtidos 146 isolados, 111 pertencentes ao g\u00eanero <\/span><em>Halophytophthora<\/em><span style=\"line-height: 1.5em\"> e 35 pertencentes aos g\u00eaneros <\/span><em>Achlya<\/em> <span style=\"line-height: 1.5em\">(5),<\/span><i style=\"line-height: 1.5em\"> <\/i><em>Aphanomyces<\/em> <span style=\"line-height: 1.5em\">(1),<\/span> <em>Dictyuchus<\/em> <span style=\"line-height: 1.5em\">(1),<\/span> <em>Phytophthora<\/em> <span style=\"line-height: 1.5em\">(8),<\/span> <em>Phytopythium<\/em> <span style=\"line-height: 1.5em\">(5)<\/span><i style=\"line-height: 1.5em\"> e <\/i><em>Pythium<\/em> <span style=\"line-height: 1.5em\">(15), com o relato de dezessete esp\u00e9cies.<\/span><i style=\"line-height: 1.5em\"> <\/i><span style=\"line-height: 1.5em\">Sequ\u00eancias (249) de diferentes regi\u00f5es g\u00eanicas (SSU, ITS total e LSU do rDNA e COX I do mDNA) de isolados de oomicetos deste estudo e de isolados de <\/span><em>Halophytophthora<\/em><span style=\"line-height: 1.5em\"> e <\/span><em>Salisapilia<\/em> <span style=\"line-height: 1.5em\">importadas do \u201cCBS-KNAW Fungal Biodiversity Centre\u201d, Utrecht, Holanda, possibilitou a identifica\u00e7\u00e3o de novas esp\u00e9cies para a ci\u00eancia, duas pertencentes ao g\u00eanero <\/span><em>Halophytophthora<\/em><span style=\"line-height: 1.5em\">, duas pertencentes ao g\u00eanero <\/span><em>Phytophthora,<\/em><span style=\"line-height: 1.5em\"> uma pertencente ao g\u00eanero <\/span><em>Achlya<\/em><span style=\"line-height: 1.5em\"> e uma nova variedade para <\/span><em>Halophytophthora spinosa<\/em><span style=\"line-height: 1.5em\">. Todas as esp\u00e9cies do g\u00eanero <\/span><em>Halophytophthora<\/em><i style=\"line-height: 1.5em\">, <\/i><span style=\"line-height: 1.5em\">bem como<\/span> <em>Phytopythium kandeliae<\/em><span style=\"line-height: 1.5em\"> e <\/span><em>Pythium grandisporangium<\/em><span style=\"line-height: 1.5em\"> s\u00e3o reportados pela primeira vez no Brasil. Todas as cita\u00e7\u00f5es s\u00e3o novas para o PEIC. Os \u00edndices de diversidade demonstraram uma comunidade diversa e com distribui\u00e7\u00e3o uniforme dos t\u00e1xons ao longo do per\u00edodo de estudo, nos diferentes tipos de amostras. O teste de Kruskall-Wallis demonstrou n\u00e3o haver diferen\u00e7a significativa entre a abund\u00e2ncia e a composi\u00e7\u00e3o de esp\u00e9cies nas folhas de <\/span><em>R<span style=\"line-height: 1.5em\">. <\/span>mangle<\/em><span style=\"line-height: 1.5em\"> e <\/span><em>L<span style=\"line-height: 1.5em\">. <\/span>racemosa<\/em><span style=\"line-height: 1.5em\">, e nem entre as salinidades; no entanto, evidenciou diferen\u00e7a significativa entre as coletas. Este \u00e9 o primeiro estudo com oomicetos em \u00e1rea de manguezal no pa\u00eds.<br \/>\n<\/span><strong>Palavras-chave<\/strong>: diversidade, <i>Halophytophthora<\/i>, Mangue, Oomycota<i><br \/>\n<\/i><\/p>\n<hr align=\"center\" noshade=\"noshade\" size=\"1\" width=\"100%\" \/>\n<p style=\"text-align: center\"><a href=\"https:\/\/smastr16.blob.core.windows.net\/pgibt\/2015\/12\/Ana_Lucia_de_Jesus_MS.pdf\"><img decoding=\"async\" loading=\"lazy\" class=\"aligncenter wp-image-2313 size-full\" style=\"border: 0px\" src=\"https:\/\/smastr16.blob.core.windows.net\/pgibt\/2013\/09\/pdf_grande.gif\" alt=\"pdf_grande\" width=\"60\" height=\"60\" \/><\/a><a href=\"https:\/\/smastr16.blob.core.windows.net\/pgibt\/2015\/12\/Ana_Lucia_de_Jesus_MS.pdf\" target=\"_blank\" rel=\"noopener noreferrer\">Ana Lucia de Jesus<br \/>\nDiversidade de Oomycota em \u00e1rea de manguezal do Parque Estadual da Ilha do Cardoso (PEIC), Canan\u00e9ia, Estado de S\u00e3o Paulo, Brasil<\/a><\/p>\n<hr align=\"center\" noshade=\"noshade\" size=\"1\" width=\"100%\" \/>\n<p style=\"text-align: center\"><strong>\u00a0<a href=\"https:\/\/www.infraestruturameioambiente.sp.gov.br\/pgibt\/dissertacoesteses\/\">VOLTAR AS DISSERTA\u00c7\u00d5ES E TESES<\/a><\/strong><\/p>\n<hr align=\"center\" noshade=\"noshade\" size=\"1\" width=\"100%\" \/>\n","protected":false},"excerpt":{"rendered":"<p>Ana Lucia de Jesus Em 27 de abril de 2015, no anfiteatro do Instituto de Bot\u00e2nica de S\u00e3o Paulo (IBt), a aluna da P\u00f3s-Gradua\u00e7\u00e3o em Biodiversidade Vegetal e Meio Ambiente do Instituto de Bot\u00e2nica de S\u00e3o Paulo (IBt), Ana Lucia de Jesus (Bolsista FAPESP), defendeu a sua disserta\u00e7\u00e3o de Mestrado intitulada \u201cDiversidade de Oomycota em [&hellip;]<\/p>\n","protected":false},"author":1,"featured_media":0,"parent":249,"menu_order":0,"comment_status":"closed","ping_status":"open","template":"","meta":[],"_links":{"self":[{"href":"https:\/\/www.infraestruturameioambiente.sp.gov.br\/pgibt\/wp-json\/wp\/v2\/pages\/4851"}],"collection":[{"href":"https:\/\/www.infraestruturameioambiente.sp.gov.br\/pgibt\/wp-json\/wp\/v2\/pages"}],"about":[{"href":"https:\/\/www.infraestruturameioambiente.sp.gov.br\/pgibt\/wp-json\/wp\/v2\/types\/page"}],"author":[{"embeddable":true,"href":"https:\/\/www.infraestruturameioambiente.sp.gov.br\/pgibt\/wp-json\/wp\/v2\/users\/1"}],"replies":[{"embeddable":true,"href":"https:\/\/www.infraestruturameioambiente.sp.gov.br\/pgibt\/wp-json\/wp\/v2\/comments?post=4851"}],"version-history":[{"count":2,"href":"https:\/\/www.infraestruturameioambiente.sp.gov.br\/pgibt\/wp-json\/wp\/v2\/pages\/4851\/revisions"}],"predecessor-version":[{"id":6441,"href":"https:\/\/www.infraestruturameioambiente.sp.gov.br\/pgibt\/wp-json\/wp\/v2\/pages\/4851\/revisions\/6441"}],"up":[{"embeddable":true,"href":"https:\/\/www.infraestruturameioambiente.sp.gov.br\/pgibt\/wp-json\/wp\/v2\/pages\/249"}],"wp:attachment":[{"href":"https:\/\/www.infraestruturameioambiente.sp.gov.br\/pgibt\/wp-json\/wp\/v2\/media?parent=4851"}],"curies":[{"name":"wp","href":"https:\/\/api.w.org\/{rel}","templated":true}]}}