{"id":4786,"date":"2015-12-22T11:21:05","date_gmt":"2015-12-22T13:21:05","guid":{"rendered":"https:\/\/www.infraestruturameioambiente.sp.gov.br\/pgibt\/?page_id=4786"},"modified":"2018-06-15T12:05:05","modified_gmt":"2018-06-15T15:05:05","slug":"2015-fulvio-cavalheri-parajara","status":"publish","type":"page","link":"https:\/\/www.infraestruturameioambiente.sp.gov.br\/pgibt\/dissertacoesteses\/2015-fulvio-cavalheri-parajara\/","title":{"rendered":"Fulvio Cavalheri Parajara MS"},"content":{"rendered":"<h2 style=\"text-align: center\"><a href=\"https:\/\/smastr16.blob.core.windows.net\/pgibt\/2015\/02\/faixapos6.jpg\"><img decoding=\"async\" loading=\"lazy\" class=\"aligncenter size-full wp-image-3777\" style=\"border: 0px\" src=\"https:\/\/smastr16.blob.core.windows.net\/pgibt\/2015\/02\/faixapos6.jpg\" alt=\"faixapos6\" width=\"950\" height=\"163\" srcset=\"https:\/\/smastr16.blob.core.windows.net\/pgibt\/2015\/02\/faixapos6.jpg 950w, https:\/\/smastr16.blob.core.windows.net\/pgibt\/2015\/02\/faixapos6-768x131.jpg 768w\" sizes=\"(max-width: 950px) 100vw, 950px\" \/><\/a><\/h2>\n<hr align=\"center\" noshade=\"noshade\" size=\"1\" width=\"100%\" \/>\n<h2 style=\"text-align: center\"><span style=\"color: #003300\">Fulvio Cavalheri Parajara<br \/>\n<\/span><\/h2>\n<hr align=\"center\" noshade=\"noshade\" size=\"1\" width=\"100%\" \/>\n<p style=\"text-align: center\"><span style=\"line-height: 1.5em\">No dia 17 de abril de 2015, no Anfiteatro do Instituto de Bot\u00e2nica de S\u00e3o Paulo (IBt), o aluno de mestrado Fulvio Cavalheri Parajara, do programa de p\u00f3s-gradua\u00e7\u00e3o em Biodiversidade Vegetal e Meio Ambiente deste Instituto, defendeu sua Disserta\u00e7\u00e3o de Mestrado intitulada \u201cPropaga\u00e7\u00e3o vegetativa e desenvolvimento de mudas de esp\u00e9cies nativas por estaquia de ramos herb\u00e1ceos\u201d.<br \/>\n<\/span>A banca foi presidida pelo Dr. Luiz Mauro Barbosa (IBt) e contou com a participa\u00e7\u00e3o do Dr. Hilton Thadeu Zarate do Couto (ESALQ \u2013 USP) e Dr. Domingos S\u00e1vio Rodrigues (IBt).<br \/>\n<span style=\"line-height: 1.5em\">Os resultados obtidos na pesquisa fornecem informa\u00e7\u00f5es importantes que subsidiam a produ\u00e7\u00e3o de mudas de esp\u00e9cies arb\u00f3reas nativas possibilitando o aumento na diversidade de esp\u00e9cies produzidas pelos viveiros do estado de S\u00e3o Paulo e que poder\u00e3o ser utilizadas visando \u00e0 restaura\u00e7\u00e3o ecol\u00f3gica de \u00e1reas degradadas, principalmente em casos de reflorestamentos longe de fragmentos florestais, onde a composi\u00e7\u00e3o normalmente fica restrita ao que se plantou. Para tanto, foi realizado um levantamento flor\u00edstico e fitossociol\u00f3gico de uma \u00e1rea que foi suprimida para a constru\u00e7\u00e3o do trecho norte do rodoanel M\u00e1rio Covas, para subsidiar a sele\u00e7\u00e3o de quatro esp\u00e9cies que n\u00e3o s\u00e3o produzidas, ou com baixa disponibilidade de produ\u00e7\u00e3o, comparando as esp\u00e9cies identificadas neste levantamento com as produzidas nos viveiros de mudas arb\u00f3reas. Al\u00e9m desta importante contribui\u00e7\u00e3o, \u00e9 poss\u00edvel destacar que o trabalho contribui com o resgate gen\u00e9tico de material vegetal que seria perdido na supress\u00e3o da \u00e1rea. O principal objeto deste trabalho foi o estudo do efeito de diferentes doses de \u00e1cido indolbut\u00edrico (AIB) dilu\u00eddo em talco, na sobreviv\u00eancia de estacas herb\u00e1ceas das esp\u00e9cies estudadas.<\/span><\/p>\n<hr align=\"center\" noshade=\"noshade\" size=\"1\" width=\"100%\" \/>\n<h3 style=\"text-align: center\">Propaga\u00e7\u00e3o vegetativa e desenvolvimento de mudas de esp\u00e9cies nativas por estaquia de ramos herb\u00e1ceos<\/h3>\n<hr align=\"center\" noshade=\"noshade\" size=\"1\" width=\"100%\" \/>\n<p style=\"text-align: center\"><strong>ABSTRACT<\/strong><\/p>\n<p>Although the high number of native species produced in the state of Sao Paulo, one of the goals of this research was increase the possibility of species variability, especially those with great difficulty of production from seed. Therefore, we performed a floristic and phytosociological study in natural area whose vegetation was later devastated. Thus, we selected four species for production by cuttings (Maytenus evonymoides Reissek, Allophylus petiolulatus Radlk., Cupania oblongifolia Mart., Pisonia ambigua Heimerl), considering the unnatural occurrence and hence the low production of seedlings. For cutting propagation of these species, the main objective of this research was to study the effects of applying different IBA concentrations of talc and the survival of herbaceous cuttings in the four species. For floristic and phytosociological, the research installed 10 plots of 40 x 20m, divided into eight sub-plots of 10 x 10 m, where was identified 1,244 individual trees, from 35 families, 61 genera and 90 species. The experiment consisted in witness and two IBA concentrations, applied to each of the selected species. Each treatment was evaluated in three repetitions with 10 cuttings per treatment, arranged randomly. The seedlings were staked in trays with 200 cells, filled with commercial substrate. After 120 days in shade house, the survival rates (stakes with roots and shoots), shoots, callus formation and size of roots were evaluated. The results showed that 23.89% of M. evonymoides cuttings, 11.30% of A. petiolulatus cuttings, 4.07% of C. oblongifolia cuttings and 3.70% of P. ambigua cuttings survived. Those data indicated that the cutting technique is a viable alternative for the production of seedlings and for rescue genetic plant material.<span style=\"line-height: 1.5em\"><br \/>\n<\/span><strong>Keywords<\/strong>: Cuttings, auxin, IBA and native species<\/p>\n<p style=\"text-align: center\"><strong>RESUMO<\/strong><\/p>\n<p style=\"text-align: justify\"><span style=\"line-height: 1.5em\">Apesar do alto n\u00famero de esp\u00e9cies florestais nativas produzidas no estado de S\u00e3o Paulo, esta pesquisa teve como um dos objetivos aumentar a possibilidade de variabilidade espec\u00edfica, de esp\u00e9cies com maior dificuldade de produ\u00e7\u00e3o a partir de sementes. Para tanto, efetuou-se um estudo flor\u00edstico e fitossociol\u00f3gico em \u00e1rea natural, cuja vegeta\u00e7\u00e3o foi posteriormente suprimida. Desta forma, selecionaram-se, para produ\u00e7\u00e3o por estaquia, quatro esp\u00e9cies (<\/span><em>Maytenus evonymoides <\/em><span style=\"line-height: 1.5em\">Reissek, <\/span><em>Allophylus petiolulatus<\/em> <span style=\"line-height: 1.5em\">Radlk., <\/span><em>Cupania oblongifolia<\/em><span style=\"line-height: 1.5em\"> Mart., <\/span><em>Pisonia ambigua<\/em><span style=\"line-height: 1.5em\"> Heimerl), considerando-se a pouco ocorr\u00eancia natural e, consequentemente, a baixa produ\u00e7\u00e3o de mudas. Para a propaga\u00e7\u00e3o por estaquia destas esp\u00e9cies, o principal objetivo desta pesquisa foi estudar os efeitos da aplica\u00e7\u00e3o de diferentes concentra\u00e7\u00f5es de \u00e1cido indolbut\u00edrico em talco, na sobreviv\u00eancia de estacas herb\u00e1ceas das quatro esp\u00e9cies. Para o levantamento flor\u00edstico e fitossociol\u00f3gico, foram instaladas 10 parcelas de 40 x 20m, subdivididas em oito subparcelas de 10 x 10 m, onde foram identificados 1.244 indiv\u00edduos arb\u00f3reos, de 35 fam\u00edlias, 61 g\u00eaneros e 90 esp\u00e9cies. O experimento consistiu em uma testemunha e duas concentra\u00e7\u00f5es de \u00e1cido indolbut\u00edrico (AIB), aplicados a cada uma das esp\u00e9cies selecionadas. Cada tratamento foi avaliado em tr\u00eas repeti\u00e7\u00f5es, com 10 estacas por parcela, arranjadas aleatoriamente. Os prop\u00e1gulos foram estaqueados em bandejas de isopor com 200 c\u00e9lulas, preenchidas com substrato comercial. Ap\u00f3s 120 dias em casa de sombra, as porcentagens de sobreviv\u00eancia (estacas que apresentavam enraizamento e brotos), brota\u00e7\u00f5es, forma\u00e7\u00e3o de calos e tamanho de ra\u00edzes foram avaliados. Os resultados mostram que 23,89% das estacas de <\/span><em>M. evonymoides<\/em><span style=\"line-height: 1.5em\">, 11,30% das estacas de <\/span><em>A. petiolulatus<\/em><span style=\"line-height: 1.5em\">, 4,07% das estacas de <\/span><em>C. oblongifolia<\/em><span style=\"line-height: 1.5em\">, e 3,70% das estacas de <\/span><em>P. ambigua<\/em><span style=\"line-height: 1.5em\"> sobreviveram, indicando que a t\u00e9cnica de estaquia \u00e9 uma alternativa vi\u00e1vel para produ\u00e7\u00e3o de mudas, como forma de resgate gen\u00e9tico de material vegetal.<br \/>\n<\/span><strong>Palavras-chave<\/strong>: Estaquia, auxina, \u00e1cido indolbut\u00edrico e esp\u00e9cies nativas<\/p>\n<hr align=\"center\" noshade=\"noshade\" size=\"1\" width=\"100%\" \/>\n<p style=\"text-align: center\"><a href=\"https:\/\/smastr16.blob.core.windows.net\/pgibt\/2015\/12\/Fulvio_Cavalheri_Parajara_MS.pdf\"><img decoding=\"async\" loading=\"lazy\" class=\"aligncenter wp-image-2313 size-full\" style=\"border: 0px\" src=\"https:\/\/smastr16.blob.core.windows.net\/pgibt\/2013\/09\/pdf_grande.gif\" alt=\"pdf_grande\" width=\"60\" height=\"60\" \/><\/a><a href=\"https:\/\/smastr16.blob.core.windows.net\/pgibt\/2015\/12\/Fulvio_Cavalheri_Parajara_MS.pdf\" target=\"_blank\" rel=\"noopener\">Fulvio Cavalheri Parajara<br \/>\nPropaga\u00e7\u00e3o vegetativa e desenvolvimento de mudas de esp\u00e9cies nativas por estaquia de ramos herb\u00e1ceos<\/a><\/p>\n<hr align=\"center\" noshade=\"noshade\" size=\"1\" width=\"100%\" \/>\n<p style=\"text-align: center\"><strong>\u00a0<a href=\"https:\/\/www.infraestruturameioambiente.sp.gov.br\/pgibt\/dissertacoesteses\/\">VOLTAR AS DISSERTA\u00c7\u00d5ES E TESES<\/a><\/strong><\/p>\n<hr align=\"center\" noshade=\"noshade\" size=\"1\" width=\"100%\" \/>\n","protected":false},"excerpt":{"rendered":"<p>Fulvio Cavalheri Parajara No dia 17 de abril de 2015, no Anfiteatro do Instituto de Bot\u00e2nica de S\u00e3o Paulo (IBt), o aluno de mestrado Fulvio Cavalheri Parajara, do programa de p\u00f3s-gradua\u00e7\u00e3o em Biodiversidade Vegetal e Meio Ambiente deste Instituto, defendeu sua Disserta\u00e7\u00e3o de Mestrado intitulada \u201cPropaga\u00e7\u00e3o vegetativa e desenvolvimento de mudas de esp\u00e9cies nativas por [&hellip;]<\/p>\n","protected":false},"author":1,"featured_media":0,"parent":249,"menu_order":0,"comment_status":"closed","ping_status":"open","template":"","meta":[],"_links":{"self":[{"href":"https:\/\/www.infraestruturameioambiente.sp.gov.br\/pgibt\/wp-json\/wp\/v2\/pages\/4786"}],"collection":[{"href":"https:\/\/www.infraestruturameioambiente.sp.gov.br\/pgibt\/wp-json\/wp\/v2\/pages"}],"about":[{"href":"https:\/\/www.infraestruturameioambiente.sp.gov.br\/pgibt\/wp-json\/wp\/v2\/types\/page"}],"author":[{"embeddable":true,"href":"https:\/\/www.infraestruturameioambiente.sp.gov.br\/pgibt\/wp-json\/wp\/v2\/users\/1"}],"replies":[{"embeddable":true,"href":"https:\/\/www.infraestruturameioambiente.sp.gov.br\/pgibt\/wp-json\/wp\/v2\/comments?post=4786"}],"version-history":[{"count":3,"href":"https:\/\/www.infraestruturameioambiente.sp.gov.br\/pgibt\/wp-json\/wp\/v2\/pages\/4786\/revisions"}],"predecessor-version":[{"id":6505,"href":"https:\/\/www.infraestruturameioambiente.sp.gov.br\/pgibt\/wp-json\/wp\/v2\/pages\/4786\/revisions\/6505"}],"up":[{"embeddable":true,"href":"https:\/\/www.infraestruturameioambiente.sp.gov.br\/pgibt\/wp-json\/wp\/v2\/pages\/249"}],"wp:attachment":[{"href":"https:\/\/www.infraestruturameioambiente.sp.gov.br\/pgibt\/wp-json\/wp\/v2\/media?parent=4786"}],"curies":[{"name":"wp","href":"https:\/\/api.w.org\/{rel}","templated":true}]}}