{"id":4716,"date":"2015-12-17T11:10:59","date_gmt":"2015-12-17T13:10:59","guid":{"rendered":"https:\/\/www.infraestruturameioambiente.sp.gov.br\/pgibt\/?page_id=4716"},"modified":"2017-05-24T16:49:13","modified_gmt":"2017-05-24T19:49:13","slug":"2015-carolina-brandao-coelho","status":"publish","type":"page","link":"https:\/\/www.infraestruturameioambiente.sp.gov.br\/pgibt\/dissertacoesteses\/2015-carolina-brandao-coelho\/","title":{"rendered":"Carolina Brand\u00e3o Coelho DR"},"content":{"rendered":"<h2 style=\"text-align: center\"><a href=\"https:\/\/smastr16.blob.core.windows.net\/pgibt\/2015\/02\/faixapos6.jpg\"><img decoding=\"async\" loading=\"lazy\" class=\"aligncenter size-full wp-image-3777\" style=\"border: 0px\" src=\"https:\/\/smastr16.blob.core.windows.net\/pgibt\/2015\/02\/faixapos6.jpg\" alt=\"faixapos6\" width=\"950\" height=\"163\" srcset=\"https:\/\/smastr16.blob.core.windows.net\/pgibt\/2015\/02\/faixapos6.jpg 950w, https:\/\/smastr16.blob.core.windows.net\/pgibt\/2015\/02\/faixapos6-768x131.jpg 768w\" sizes=\"(max-width: 950px) 100vw, 950px\" \/><\/a><\/h2>\n<hr align=\"center\" noshade=\"noshade\" size=\"1\" width=\"100%\" \/>\n<h2 style=\"text-align: center\"><span style=\"color: #003300\">Carolina Brand\u00e3o Coelho<\/span><\/h2>\n<hr align=\"center\" noshade=\"noshade\" size=\"1\" width=\"100%\" \/>\n<p style=\"text-align: center\"><span style=\"line-height: 1.5em\"><a href=\"https:\/\/smastr16.blob.core.windows.net\/pgibt\/2013\/09\/Carolina-Brand\u00e3o-Coelho.jpg\"><img decoding=\"async\" loading=\"lazy\" class=\"aligncenter wp-image-4722\" src=\"https:\/\/smastr16.blob.core.windows.net\/pgibt\/2013\/09\/Carolina-Brand\u00e3o-Coelho.jpg\" alt=\"Carolina Brand\u00e3o Coelho\" width=\"389\" height=\"292\" \/><\/a><\/span><\/p>\n<p style=\"text-align: center\"><span style=\"line-height: 1.5em\">Carolina Brand\u00e3o Coelho, aluna do Programa de P\u00f3s-Gradua\u00e7\u00e3o em Biodiversidade Vegetal e Meio Ambiente do Instituto de Bot\u00e2nica de S\u00e3o Paulo, defendeu, no dia 26 de fevereiro de 2015, sua tese de Doutorado intitulada: \u201cDin\u00e2mica da deposi\u00e7\u00e3o dos esporos de Samambaias e Lic\u00f3fitas<br \/>\ndo Parque Estadual das Fontes do Ipiranga (PEFI), S\u00e3o Paulo, SP\u201d.<\/span><\/p>\n<p style=\"text-align: center\">A banca examinadora foi composta pelo seu orientador Dr. Luciano Mauricio Esteves (Instituto de Bot\u00e2nica\/S\u00e3o Paulo, N\u00facleo de Pesquisa em Palinologia), Dra. Claudine Massi Mynssen (Jardim Bot\u00e2nico do Rio de Janeiro, Herb\u00e1rio), Dr. Eduardo Cust\u00f3dio Gasparino (Universidade Estadual Paulista, Faculdade de Ci\u00eancias Agr\u00e1rias e Veterin\u00e1rias de Jaboticabal), Dr. Paulo Eduardo de Oliveira (Universidade de S\u00e3o Paulo, Instituto de Geoci\u00eancias) e Dr. Armando Reis Tavares (Instituto de Bot\u00e2nica\/S\u00e3o Paulo, N\u00facleo de Pesquisa em Plantas Ornamentais).<br \/>\nO trabalho teve como objetivo analisar os processos envolvidos na din\u00e2mica de deposi\u00e7\u00e3o dos esporos no Parque Estadual das Fontes do Ipiranga (PEFI), incluindo estudos sobre dispers\u00e3o, germina\u00e7\u00e3o, deposi\u00e7\u00e3o e ontogenia do gamet\u00f3fito.<br \/>\nO estudo foi realizado quatro \u00e1reas do PEFI. Os materiais de precipita\u00e7\u00e3o foram coletados atrav\u00e9s de coletores gravim\u00e9tricos de part\u00edcula e o processamento qu\u00edmico das amostras foi feita com base em literatura conhecida.<br \/>\nOs perfis litol\u00f3gicos para an\u00e1lise de deposi\u00e7\u00e3o temporal e germina\u00e7\u00e3o foram coletados com canaletas met\u00e1licas de 25 cm.<br \/>\nA metodologia para An\u00e1lise Palinol\u00f3gica seguiu literatura utilizada para an\u00e1lise de amostras do Quatern\u00e1rio.<br \/>\nPara a an\u00e1lise de germina\u00e7\u00e3o foram elaborados substratos artificiais conforme literatura espec\u00edfica.<br \/>\nA flora local dos quatro pontos de estudo tamb\u00e9m foi determinada para subsidiar poss\u00edveis correla\u00e7\u00f5es entre o per\u00edodo atual e passado.<br \/>\nOs esporos encontrados foram identificados em n\u00edvel gen\u00e9rico, contados, fotografados sob microscopia \u00f3ptica e os resultados obtidos foram tratados estatisticamente.<br \/>\nOs dados obtidos demonstram que n\u00e3o h\u00e1 um padr\u00e3o regular de dispers\u00e3o, entretanto as maiores frequ\u00eancias e concentra\u00e7\u00f5es foram registradas nos meses de mar\u00e7o a junho.<br \/>\nO fluxo de precipita\u00e7\u00e3o de esporos foi mais alto nos meses de mar\u00e7o e maio e a an\u00e1lise can\u00f4nica n\u00e3o estabeleceu<br \/>\nnenhuma ordena\u00e7\u00e3o que descrevessem um gradiente sazonal entre as unidades amostrais.<br \/>\nA an\u00e1lise de deposi\u00e7\u00e3o temporal demonstrou que os solos correspondem ao per\u00edodo atual e os esporos estavam presentes em todos os n\u00edveis amostrados<br \/>\nOs tipos identificados correspondem ao componente regional da comunidade vegetal do PEFI e as assembleias formadas apontam per\u00edodos de oscila\u00e7\u00e3o entre ambientes \u00famidos e secos em consequ\u00eancia da abund\u00e2ncia e diversidade de tipos herb\u00e1ceos e dossel com predom\u00ednio de ep\u00edfitas.<br \/>\nN\u00e3o foi poss\u00edvel evidenciar a forma\u00e7\u00e3o de banco de esporos, pois n\u00e3o foram observados taxas de germina\u00e7\u00e3o ou forma\u00e7\u00e3o de protalos.<br \/>\nPossivelmente os esporos s\u00e3o depositados no solo e carregados para as camadas profundas do solo, onde n\u00e3o encontram situa\u00e7\u00f5es<br \/>\nadequadas para germina\u00e7\u00e3o, perdendo assim a viabilidade.<br \/>\nO estudo sobre a din\u00e2mica da deposi\u00e7\u00e3o dos esporos integrando as informa\u00e7\u00f5es apresentadas na tese ainda \u00e9 pouco explorada e pode contribuir significativamente para os diversos processos de restaura\u00e7\u00e3o natural de \u00e1reas degradadas.<\/p>\n<hr align=\"center\" noshade=\"noshade\" size=\"1\" width=\"100%\" \/>\n<h3 style=\"text-align: center\"><b>Din\u00e2mica da deposi\u00e7\u00e3o dos esporos de Samambaias e Lic\u00f3fitas do Parque Estadual das Fontes do Ipiranga (PEFI), S\u00e3o Paulo, SP<\/b><\/h3>\n<hr align=\"center\" noshade=\"noshade\" size=\"1\" width=\"100%\" \/>\n<p style=\"text-align: center\"><strong>ABSTRACT<\/strong><\/p>\n<p>Studies on the dynamics of spore deposition of Ferns and lycophytes spores are scarce, but very important. With the aim of analyzing the dynamics of spore deposition in the area and understanding the possible factors that interfere in the ecological processes and in the colonization of species in PEFI, four spots of study were selected considering richness and diversity of species of ferns and lycophytes groups. In each spot, the number of species and specimens were surveyed with the use of gravimetric collectors of particles of <em>Old Field<\/em> type, adapted and installed at 30 cm height from the ground to register the spore precipitation. In these spots, two contiguous profiles of soil of 25 cm deep were sampled for the analysis of temporal deposition and spore germination studies. In the four spots, 16 species were recorded which totalized 584 specimens. The estimated spore production of each sampled spot varied in consequence of the number of sporophytes and fertile fronds recorded. It was observed that the sporulation periods of the species were registered within the season of high rainfall, with highlights to the December. The analysis of spore precipitation did not show a regular dispersal pattern. The types correspond to the species existent in PEFI area, but not necessarily to the sampled spot, meaning that it may interferes on the occurrence of spore dispersal far from the source of origin. The major concentrations and frequency of spores were recorded in March and June. The spore precipitation flow was higher in March and May and there was no correlation in data ordination that could describe a seasonal gradient among sampled units. Despite the evidences of oxidative processes, the spores were also present in all stratigraphic layers for the sampled spot in the analysis of temporal deposition. The determined types correspond to the regional component of the vegetal community of PEFI and indicate that the area experienced oscillation periods between humid and dry environments. Geochronological ages of the spots 1, 2, and 3 showed that these soils correspond to the current period and confirm the probable ecological conditions discussed. Different information was recovered from the spot 4, which evidences indicate that the period of formation (or traces) refers to the Pleistocene-Holocene. The ecological aspect analyzed, theoretically, enables the formation of a spore stock on soil. Meanwhile, the contribution of the deposited viable spores does not allow to confirm the degree of regeneration of the existent area indeed, having in mind that the analysis of spore germination in soil did not allow to verify neither the germination rates nor the formation of\u00a0 prothallium. Probably, the spores are deposited at the soil surface and they are carried to the deepest layers, without the proper conditions to germinate and, therefore, loose their viability and consequently no spore stocks are formed, being able to restore and colonize areas.<br \/>\n<strong>Keywords:<\/strong> spores, Ferns, PEFI, dispersion, Palinology.<\/p>\n<h4 style=\"text-align: center\"><strong>RESUMO<\/strong><\/h4>\n<p style=\"text-align: justify\">Estudos sobre a din\u00e2mica da deposi\u00e7\u00e3o dos esporos de Samambaias e Lic\u00f3fitas s\u00e3o escassos, por\u00e9m de extrema import\u00e2ncia. O objetivo do presente trabalho foi analisar os processos envolvidos na din\u00e2mica de deposi\u00e7\u00e3o dos esporos no Parque Estadual das Fontes do Ipiranga (PEFI) a partir de estudos sobre dispers\u00e3o, germina\u00e7\u00e3o, deposi\u00e7\u00e3o e ontogenia do gamet\u00f3fito. Foram selecionados quatro pontos de estudo no PEFI, considerando a riqueza e diversidade de esp\u00e9cies do grupo. Em cada ponto foi determinado o n\u00famero de esp\u00e9cies e esp\u00e9cimes, a partir da instala\u00e7\u00e3o de coletores gravim\u00e9tricos de part\u00edculas do tipo <em>Old Field<\/em>, adaptados e instalados a 30 cm de altura do solo para estudos da precipita\u00e7\u00e3o de esporos na \u00e1rea. Foram feitas tamb\u00e9m coletas de dois perfis cont\u00edguos de solo de 25 cm de profundidade, destinados para an\u00e1lise de deposi\u00e7\u00e3o temporal e estudos de germina\u00e7\u00e3o de esporos. Nos quatro pontos foram registradas 16 esp\u00e9cies, totalizando 584 esp\u00e9cimes. A produ\u00e7\u00e3o estimada de esporos para cada ponto de estudo variou em consequ\u00eancia do n\u00famero de espor\u00f3fitos e frondes f\u00e9rteis. Os per\u00edodos de esporula\u00e7\u00e3o das esp\u00e9cies foram registrados nos meses de alta pluviosidade, com destaque para dezembro. A an\u00e1lise de precipita\u00e7\u00e3o dos esporos n\u00e3o demostrou padr\u00e3o regular de dispers\u00e3o. Os tipos encontrados correspondem \u00e0s esp\u00e9cies existentes na \u00e1rea do PEFI, mas n\u00e3o necessariamente ao ponto amostrado, demonstrando dispers\u00e3o de esporos longe da fonte de origem. As maiores concentra\u00e7\u00f5es e frequ\u00eancias dos esporos foram registradas nos meses de mar\u00e7o a junho. O fluxo de precipita\u00e7\u00e3o de esporos foi mais alto nos meses de mar\u00e7o e maio e a an\u00e1lise can\u00f4nica n\u00e3o estabeleceu nenhuma ordena\u00e7\u00e3o que descrevessem um gradiente sazonal entre as unidades amostrais. Apesar das evidencias de processos oxidativos, os esporos estiveram presentes em todos os n\u00edveis estratigr\u00e1ficos na an\u00e1lise de deposi\u00e7\u00e3o temporal. Os tipos identificados correspondem ao componente regional da comunidade vegetal do PEFI e indicam que, a \u00e1rea passou por per\u00edodos de oscila\u00e7\u00e3o entre ambientes \u00famidos e secos. As idades geocronol\u00f3gicas dos pontos 1, 2 e 3 demonstram que esses solos correspondem ao per\u00edodo atual e confirmam as prov\u00e1veis condi\u00e7\u00f5es ecol\u00f3gicas discutidas, entretanto o ponto 4, a an\u00e1lise indicou per\u00edodo de forma\u00e7\u00e3o no limite Pleistoceno-Holoceno. Os aspectos ecol\u00f3gicos analisados possibilitam a forma\u00e7\u00e3o de um banco de esporos, por\u00e9m a contribui\u00e7\u00e3o dos esporos vi\u00e1veis depositados n\u00e3o confirma de fato o grau de regenera\u00e7\u00e3o da \u00e1rea existente, tendo em vista que na an\u00e1lise n\u00e3o foi evidenciado taxas de germina\u00e7\u00e3o ou forma\u00e7\u00e3o de protalos. Possivelmente os esporos s\u00e3o depositados no solo e carregados para as camadas mais profundas, onde n\u00e3o encontram situa\u00e7\u00f5es adequadas para a germina\u00e7\u00e3o, perdendo assim, a viabilidade e consequentemente n\u00e3o formando bancos de esporos capazes de regenerar e colonizar as \u00e1reas.<br \/>\n<strong>Palavras-chave:<\/strong> esporos, Samambaias, PEFI, dispers\u00e3o, Palinologia.<\/p>\n<hr align=\"center\" noshade=\"noshade\" size=\"1\" width=\"100%\" \/>\n<p style=\"text-align: center\"><a href=\"https:\/\/smastr16.blob.core.windows.net\/pgibt\/2015\/12\/Carolina_Brand%C3%A3o_Coelho_DR.pdf\"><img decoding=\"async\" loading=\"lazy\" class=\"aligncenter wp-image-2313 size-full\" style=\"border: 0px\" src=\"https:\/\/smastr16.blob.core.windows.net\/pgibt\/2013\/09\/pdf_grande.gif\" alt=\"pdf_grande\" width=\"60\" height=\"60\" \/><\/a><a href=\"https:\/\/smastr16.blob.core.windows.net\/pgibt\/2015\/12\/Carolina_Brand\u00e3o_Coelho_DR.pdf\" target=\"_blank\" rel=\"noopener noreferrer\">Carolina Brand\u00e3o Coelho<br \/>\nDin\u00e2mica da deposi\u00e7\u00e3o dos esporos de Samambaias e Lic\u00f3fitas do Parque Estadual das Fontes do Ipiranga (PEFI), S\u00e3o Paulo, SP<\/a><\/p>\n<hr align=\"center\" noshade=\"noshade\" size=\"1\" width=\"100%\" \/>\n<p style=\"text-align: center\"><strong> <a href=\"https:\/\/www.infraestruturameioambiente.sp.gov.br\/pgibt\/dissertacoesteses\/\">VOLTAR AS DISSERTA\u00c7\u00d5ES E TESES<\/a><\/strong><\/p>\n<hr align=\"center\" noshade=\"noshade\" size=\"1\" width=\"100%\" \/>\n","protected":false},"excerpt":{"rendered":"<p>Carolina Brand\u00e3o Coelho Carolina Brand\u00e3o Coelho, aluna do Programa de P\u00f3s-Gradua\u00e7\u00e3o em Biodiversidade Vegetal e Meio Ambiente do Instituto de Bot\u00e2nica de S\u00e3o Paulo, defendeu, no dia 26 de fevereiro de 2015, sua tese de Doutorado intitulada: \u201cDin\u00e2mica da deposi\u00e7\u00e3o dos esporos de Samambaias e Lic\u00f3fitas do Parque Estadual das Fontes do Ipiranga (PEFI), S\u00e3o [&hellip;]<\/p>\n","protected":false},"author":1,"featured_media":0,"parent":249,"menu_order":0,"comment_status":"closed","ping_status":"open","template":"","meta":[],"_links":{"self":[{"href":"https:\/\/www.infraestruturameioambiente.sp.gov.br\/pgibt\/wp-json\/wp\/v2\/pages\/4716"}],"collection":[{"href":"https:\/\/www.infraestruturameioambiente.sp.gov.br\/pgibt\/wp-json\/wp\/v2\/pages"}],"about":[{"href":"https:\/\/www.infraestruturameioambiente.sp.gov.br\/pgibt\/wp-json\/wp\/v2\/types\/page"}],"author":[{"embeddable":true,"href":"https:\/\/www.infraestruturameioambiente.sp.gov.br\/pgibt\/wp-json\/wp\/v2\/users\/1"}],"replies":[{"embeddable":true,"href":"https:\/\/www.infraestruturameioambiente.sp.gov.br\/pgibt\/wp-json\/wp\/v2\/comments?post=4716"}],"version-history":[{"count":0,"href":"https:\/\/www.infraestruturameioambiente.sp.gov.br\/pgibt\/wp-json\/wp\/v2\/pages\/4716\/revisions"}],"up":[{"embeddable":true,"href":"https:\/\/www.infraestruturameioambiente.sp.gov.br\/pgibt\/wp-json\/wp\/v2\/pages\/249"}],"wp:attachment":[{"href":"https:\/\/www.infraestruturameioambiente.sp.gov.br\/pgibt\/wp-json\/wp\/v2\/media?parent=4716"}],"curies":[{"name":"wp","href":"https:\/\/api.w.org\/{rel}","templated":true}]}}