{"id":422,"date":"2013-09-13T11:21:34","date_gmt":"2013-09-13T14:21:34","guid":{"rendered":"https:\/\/www.infraestruturameioambiente.sp.gov.br\/pgibt\/?page_id=422"},"modified":"2013-09-13T11:21:34","modified_gmt":"2013-09-13T14:21:34","slug":"2013-edmir-vicente-lamarca-dr","status":"publish","type":"page","link":"https:\/\/www.infraestruturameioambiente.sp.gov.br\/pgibt\/dissertacoesteses\/2013-edmir-vicente-lamarca-dr\/","title":{"rendered":"Edmir Vicente Lamarca DR"},"content":{"rendered":"<h2 style=\"text-align: center\"><a href=\"https:\/\/smastr16.blob.core.windows.net\/pgibt\/2015\/02\/faixapos6.jpg\"><img decoding=\"async\" loading=\"lazy\" class=\"aligncenter size-full wp-image-3777\" style=\"border: 0px\" alt=\"faixapos6\" src=\"https:\/\/smastr16.blob.core.windows.net\/pgibt\/2015\/02\/faixapos6.jpg\" width=\"950\" height=\"163\" srcset=\"https:\/\/smastr16.blob.core.windows.net\/pgibt\/2015\/02\/faixapos6.jpg 950w, https:\/\/smastr16.blob.core.windows.net\/pgibt\/2015\/02\/faixapos6-768x131.jpg 768w\" sizes=\"(max-width: 950px) 100vw, 950px\" \/><\/a><\/h2>\n<hr align=\"center\" noshade=\"noshade\" size=\"1\" width=\"100%\" \/>\n<h2 style=\"text-align: center\">Edmir Vicente Lamarca<\/h2>\n<hr align=\"center\" noshade=\"noshade\" size=\"1\" width=\"100%\" \/>\n<p style=\"text-align: center\">Em 07 de fevereiro de 2013, no anfiteatro do Instituto de Bot\u00e2nica de S\u00e3o Paulo (IBt), Edmir Vicente Lamarca,\u00a0aluno de doutorado do programa de P\u00f3s-Gradua\u00e7\u00e3o em Biodiversidade Vegetal e Meio Ambiente do Instituto de Bot\u00e2nica,\u00a0bolsista CAPES, defendeu sua Tese de Doutorado intitulada<br \/>\n\u201cSoma t\u00e9rmica como condicionadora quantitativa da toler\u00e2ncia \u00e0 desseca\u00e7\u00e3o e da germina\u00e7\u00e3o,\u00a0na produ\u00e7\u00e3o de sementes de\u00a0<em>Eugenia pyriformis<\/em>\u00a0Cambess\u201d.<\/p>\n<p>A banca examinadora foi presidida pelo Dr. Claudio Jos\u00e9 Barbedo, do N\u00facleo de Pesquisa em Sementes (IBt) e\u00a0contou com a participa\u00e7\u00e3o do Dr. Gabriel Constantino Blain (IAC), do Dr. Andr\u00e9 Belmont Pereira (UEPG),\u00a0do Dr. Victor Jose Mendes Cardoso (UNESP) e do Dr. Danilo da Cruz Centeno (UFABC).<\/p>\n<p style=\"text-align: center\">O tema de sua tese vem a oferecer novas informa\u00e7\u00f5es e perspectivas que poder\u00e3o contribuir para planos de repovoamento vegetal e conserva\u00e7\u00e3o de sementes de regi\u00f5es tropicais. Neste estudo, fez-se a an\u00e1lise das condi\u00e7\u00f5es h\u00eddricas e t\u00e9rmicas do ambiente sobre a matura\u00e7\u00e3o e aquisi\u00e7\u00e3o da toler\u00e2ncia \u00e0 desseca\u00e7\u00e3o de sementes de\u00a0<em>Eugenia pyriformis.\u00a0<\/em>Inicialmente foram analisados registros hist\u00f3ricos do termo\u00a0<em>uvaia<\/em>, descrevendo a trajet\u00f3ria da esp\u00e9cie pelo Brasil. A ampla distribui\u00e7\u00e3o regional do termo, demonstrou que \u00e9 esp\u00e9cie \u201ccosmopolita\u201d, com capacidade de adapta\u00e7\u00e3o e de regenera\u00e7\u00e3o fora de sua ocorr\u00eancia natural.<br \/>\nRespostas observadas na fisiologia de suas sementes, uma vez que sob condi\u00e7\u00f5es antag\u00f4nicas de chuva ou temperatura, observa-se a produ\u00e7\u00e3o de sementes vi\u00e1veis, embora com caracter\u00edsticas e qualidades fisiol\u00f3gicas diferentes. As varia\u00e7\u00f5es h\u00eddricas e t\u00e9rmicas do ambiente parecem condicionar a dura\u00e7\u00e3o do per\u00edodo matura\u00e7\u00e3o e especialmente a exig\u00eancia t\u00e9rmica para germina\u00e7\u00e3o e a toler\u00e2ncia \u00e0 desseca\u00e7\u00e3o.<br \/>\nAssim, confirmou-se a hip\u00f3tese testada, visto ainda que ferramentas agrometeorol\u00f3gicas, podem ser utilizadas tamb\u00e9m para esp\u00e9cies nativas do Brasil, dentre elas a<em>\u00a0Eugenia pyriformis<\/em>, auxiliando na diagnose do real estado de maturidade de sementes e na previsibilidade para coleta e<br \/>\nobten\u00e7\u00e3o de sementes de elevada qualidade fisiol\u00f3gica.<\/p>\n<div id=\"attachment_423\" style=\"width: 435px\" class=\"wp-caption aligncenter\"><a href=\"https:\/\/smastr16.blob.core.windows.net\/pgibt\/2013\/09\/Edmir1.jpg\"><img aria-describedby=\"caption-attachment-423\" decoding=\"async\" loading=\"lazy\" class=\"size-full wp-image-423\" alt=\"Edmir Vicente Lamarca\" src=\"https:\/\/smastr16.blob.core.windows.net\/pgibt\/2013\/09\/Edmir1.jpg\" width=\"425\" height=\"310\" \/><\/a><p id=\"caption-attachment-423\" class=\"wp-caption-text\">Edmir Vicente Lamarca<\/p><\/div>\n<hr align=\"center\" noshade=\"noshade\" size=\"1\" width=\"100%\" \/>\n<h3 style=\"text-align: center\">Soma t\u00e9rmica como condicionadora quantitativa da toler\u00e2ncia \u00e0 desseca\u00e7\u00e3o e da germina\u00e7\u00e3o,<br \/>\nna produ\u00e7\u00e3o de sementes de\u00a0<em>Eugenia pyriformis<\/em>\u00a0Cambess<\/h3>\n<hr align=\"center\" noshade=\"noshade\" size=\"1\" width=\"100%\" \/>\n<h4 style=\"text-align: center\"><strong>RESUMO<\/strong><\/h4>\n<p style=\"text-align: justify\">O conhecimento de aspectos biol\u00f3gicos sobre esp\u00e9cies sens\u00edveis \u00e0 desseca\u00e7\u00e3o e ao armazenamento, como a\u00a0<em>Eugenia pyriformis<\/em>, \u00e9 de extrema import\u00e2ncia aos planos de conserva\u00e7\u00e3o\u00a0<em>ex situ<\/em>. Faz-se, aqui, a an\u00e1lise das vari\u00e1veis h\u00eddricas e t\u00e9rmicas do ambiente, durante o desenvolvimento e matura\u00e7\u00e3o, sobre o condicionamento da germina\u00e7\u00e3o e da toler\u00e2ncia \u00e0 desseca\u00e7\u00e3o de sementes de\u00a0<em>Eugenia pyriformis.\u00a0<\/em>Sementes oriundas de diversas regi\u00f5es ou \u00e9pocas apresentaram varia\u00e7\u00f5es para os limites t\u00e9rmicos de germina\u00e7\u00e3o, para o grau de toler\u00e2ncia \u00e0 desseca\u00e7\u00e3o e para o metabolismo respirat\u00f3rio, visto que as condi\u00e7\u00f5es h\u00eddricas e t\u00e9rmicas do ambiente influenciam na dura\u00e7\u00e3o do per\u00edodo de matura\u00e7\u00e3o, bem como nesses processos<em>.<\/em><\/p>\n<p><strong>Palavras-chave:<\/strong>\u00a0Graus-dia, Matura\u00e7\u00e3o, Myrtaceae, Sementes Recalcitrantes<\/p>\n<hr align=\"center\" noshade=\"noshade\" size=\"1\" width=\"100%\" \/>\n<p style=\"text-align: center\"><a href=\"https:\/\/smastr16.blob.core.windows.net\/pgibt\/2013\/09\/pdf_grande.gif\"><img decoding=\"async\" loading=\"lazy\" class=\"aligncenter size-full wp-image-2313\" style=\"border: 0px\" alt=\"pdf_grande\" src=\"https:\/\/smastr16.blob.core.windows.net\/pgibt\/2013\/09\/pdf_grande.gif\" width=\"60\" height=\"60\" \/><\/a><a href=\"https:\/\/smastr16.blob.core.windows.net\/pgibt\/2013\/09\/Edmir_Vicente_Lamarca_DR.pdf\" target=\"_blank\">Edmir Vicente Lamarca<br \/>\nSoma t\u00e9rmica como condicionadora quantitativa da toler\u00e2ncia \u00e0 desseca\u00e7\u00e3o e da germina\u00e7\u00e3o,<br \/>\nna produ\u00e7\u00e3o de sementes de <em>Eugenia pyriformis<\/em> Cambess<\/a><\/p>\n<hr align=\"center\" noshade=\"noshade\" size=\"1\" width=\"100%\" \/>\n<p style=\"text-align: center\"><strong>\u00a0<a href=\"https:\/\/www.infraestruturameioambiente.sp.gov.br\/pgibt\/dissertacoesteses\/\">VOLTAR AS DISSERTA\u00c7\u00d5ES E TESES<\/a><\/strong><\/p>\n<hr align=\"center\" noshade=\"noshade\" size=\"1\" width=\"100%\" \/>\n<h1 style=\"text-align: center\"><\/h1>\n<p>&nbsp;<\/p>\n","protected":false},"excerpt":{"rendered":"<p>Edmir Vicente Lamarca Em 07 de fevereiro de 2013, no anfiteatro do Instituto de Bot\u00e2nica de S\u00e3o Paulo (IBt), Edmir Vicente Lamarca,\u00a0aluno de doutorado do programa de P\u00f3s-Gradua\u00e7\u00e3o em Biodiversidade Vegetal e Meio Ambiente do Instituto de Bot\u00e2nica,\u00a0bolsista CAPES, defendeu sua Tese de Doutorado intitulada \u201cSoma t\u00e9rmica como condicionadora quantitativa da toler\u00e2ncia \u00e0 desseca\u00e7\u00e3o e [&hellip;]<\/p>\n","protected":false},"author":1,"featured_media":0,"parent":249,"menu_order":0,"comment_status":"closed","ping_status":"closed","template":"fullpage.php","meta":[],"_links":{"self":[{"href":"https:\/\/www.infraestruturameioambiente.sp.gov.br\/pgibt\/wp-json\/wp\/v2\/pages\/422"}],"collection":[{"href":"https:\/\/www.infraestruturameioambiente.sp.gov.br\/pgibt\/wp-json\/wp\/v2\/pages"}],"about":[{"href":"https:\/\/www.infraestruturameioambiente.sp.gov.br\/pgibt\/wp-json\/wp\/v2\/types\/page"}],"author":[{"embeddable":true,"href":"https:\/\/www.infraestruturameioambiente.sp.gov.br\/pgibt\/wp-json\/wp\/v2\/users\/1"}],"replies":[{"embeddable":true,"href":"https:\/\/www.infraestruturameioambiente.sp.gov.br\/pgibt\/wp-json\/wp\/v2\/comments?post=422"}],"version-history":[{"count":0,"href":"https:\/\/www.infraestruturameioambiente.sp.gov.br\/pgibt\/wp-json\/wp\/v2\/pages\/422\/revisions"}],"up":[{"embeddable":true,"href":"https:\/\/www.infraestruturameioambiente.sp.gov.br\/pgibt\/wp-json\/wp\/v2\/pages\/249"}],"wp:attachment":[{"href":"https:\/\/www.infraestruturameioambiente.sp.gov.br\/pgibt\/wp-json\/wp\/v2\/media?parent=422"}],"curies":[{"name":"wp","href":"https:\/\/api.w.org\/{rel}","templated":true}]}}