{"id":4198,"date":"2015-02-05T16:03:42","date_gmt":"2015-02-05T18:03:42","guid":{"rendered":"https:\/\/www.infraestruturameioambiente.sp.gov.br\/pgibt\/?page_id=4198"},"modified":"2015-02-05T16:03:42","modified_gmt":"2015-02-05T18:03:42","slug":"2013-victor-martins-goncalez","status":"publish","type":"page","link":"https:\/\/www.infraestruturameioambiente.sp.gov.br\/pgibt\/dissertacoesteses\/2013-victor-martins-goncalez\/","title":{"rendered":"Victor Martins Gon\u00e7alez MS"},"content":{"rendered":"<h2 style=\"text-align: center\"><a href=\"https:\/\/smastr16.blob.core.windows.net\/pgibt\/2015\/02\/faixapos6.jpg\"><img decoding=\"async\" loading=\"lazy\" class=\"aligncenter size-full wp-image-3777\" style=\"border: 0px\" alt=\"faixapos6\" src=\"https:\/\/smastr16.blob.core.windows.net\/pgibt\/2015\/02\/faixapos6.jpg\" width=\"950\" height=\"163\" srcset=\"https:\/\/smastr16.blob.core.windows.net\/pgibt\/2015\/02\/faixapos6.jpg 950w, https:\/\/smastr16.blob.core.windows.net\/pgibt\/2015\/02\/faixapos6-768x131.jpg 768w\" sizes=\"(max-width: 950px) 100vw, 950px\" \/><\/a><\/h2>\n<hr align=\"center\" noshade=\"noshade\" size=\"1\" width=\"100%\" \/>\n<h2 style=\"text-align: center\"><span style=\"color: #003300\">Victor Martins Gon\u00e7alez<\/span><\/h2>\n<hr align=\"center\" noshade=\"noshade\" size=\"1\" width=\"100%\" \/>\n<p style=\"text-align: center\">No dia 25 de mar\u00e7o de 2013, o aluno da P\u00f3s-gradua\u00e7\u00e3o em Biodiversidade Vegetal e Meio Ambiente do Instituto de Bot\u00e2nica de S\u00e3o Paulo (IBt),<br \/>\nVictor Martins Gon\u00e7alez (Bolsista CAPES),\u00a0 defendeu sua disserta\u00e7\u00e3o de Mestrado intitulada<br \/>\n\u201c<em>Melochia<\/em> L. (Byttnerioideae, Malvaceae) na regi\u00e3o Sudeste do Brasil\u201d.<\/p>\n<p>A banca examinadora foi composta pela Dra. Gerleni Lopes Esteves (orientadora), Dr. Gerson Oliveira Rom\u00e3o e Dr. Ricardo Jos\u00e9 Francischetti Garcia.<\/p>\n<hr align=\"center\" noshade=\"noshade\" size=\"1\" width=\"100%\" \/>\n<h3 style=\"text-align: center\"><em>Melochia<\/em>\u00a0L. (Byttnerioideae, Malvaceae) na regi\u00e3o Sudeste do Brasil<\/h3>\n<hr align=\"center\" noshade=\"noshade\" size=\"1\" width=\"100%\" \/>\n<h4 style=\"text-align: center\"><strong>RESUMO<\/strong><\/h4>\n<p style=\"text-align: justify\"><em>Melochia<\/em> pertence \u00e0 Byttnerioideae, uma das nove subfam\u00edlias de Malvaceae <i>s.l.<\/i> Em Byttnerioideae, o g\u00eanero est\u00e1 situado em <em>Hermannieae<\/em>, a \u00fanica tribo monofil\u00e9tica da subfam\u00edlia como tradicionalmente circunscrita e que apresenta como sinapomorfias morfol\u00f3gicas as p\u00e9talas planas e o androceu constitu\u00eddo de cinco estames e cinco estamin\u00f3dios reduzidos ou ausentes. <em>Melochia<\/em> compreende cerca de 54 esp\u00e9cies com distribui\u00e7\u00e3o pantropical, tendo como principal centro de diversidade o continente Americano, onde ocorrem 39 esp\u00e9cies, das quais 24 est\u00e3o representadas no Brasil e quatro s\u00e3o end\u00eamicas. O g\u00eanero caracteriza-se pelo gineceu com ov\u00e1rio pentacarpelar, cada carpelo uni a biovulado, e cinco estiletes papilados na por\u00e7\u00e3o apical. O presente trabalho foi desenvolvido de acordo com os procedimentos usuais utilizados em estudos taxon\u00f4micos, incluindo o levantamento da bibliografia, coleta de material, visita aos herb\u00e1rios, estudo morfol\u00f3gico e a elabora\u00e7\u00e3o do trabalho. Foram realizadas nove viagens de coleta, abrangendo 45 munic\u00edpios da regi\u00e3o Sudeste e coletadas 13 cole\u00e7\u00f5es, referentes a seis esp\u00e9cies, que foram depositadas no Herb\u00e1rio do Instituto de Bot\u00e2nica. Al\u00e9m disso, foram analisadas cerca de 400 cole\u00e7\u00f5es dos herb\u00e1rios regionais. Foram registradas 10 esp\u00e9cies: <em>M. arenosa<\/em> Benth.<i>, <\/i><em>M. simplex<\/em> A. St.-Hil.<i>, <\/i><em>M. graminifolia<\/em> A. St. Hil.<i>, <\/i><em>M. villosa<\/em> (Mill.) Fawc. &amp; Rendle<i>,<\/i><em> M. regnellii<\/em> (K. Schum.) V. M. Gon\u00e7alez <em>stat. nov.<\/em> in\u00e9d.<i>, <\/i><em>M. gardneri<\/em> Sprague<i>, <\/i><em>M. pilosa<\/em> (Mill.) Fawc. &amp; Rendle<i>, <\/i><em>M. betonicifolia <\/em>A. St.-Hil.<i>, <\/i><em>M. morongii B<\/em>ritt.<i> <\/i>e <em>M. pyramidata<\/em> L., das quais tr\u00eas s\u00e3o end\u00eamicas e cinco constituem novas ocorr\u00eancias para a regi\u00e3o Sudeste. Os principais caracteres utilizados para a identifica\u00e7\u00e3o das se\u00e7\u00f5es e esp\u00e9cies foram os padr\u00f5es de organiza\u00e7\u00e3o das infloresc\u00eancias, forma e o tipo de deisc\u00eancia dos frutos, tipos de tricomas das estruturas vegetativas e a forma e as dimens\u00f5es das folhas e do c\u00e1lice. As esp\u00e9cies est\u00e3o distribu\u00eddas em todos os Estados do Sudeste, a maioria em Minas Gerais, habitando principalmente em \u00e1reas preservadas e alteradas de Cerrado. Quanto ao estado de conserva\u00e7\u00e3o, tr\u00eas esp\u00e9cies foram enquadradas na categoria amea\u00e7ada e quatro na categoria vulner\u00e1vel, de acordo com os crit\u00e9rios da IUCN. O trabalho consta de chave de identifica\u00e7\u00e3o para as se\u00e7\u00f5es e esp\u00e9cies, descri\u00e7\u00f5es morfol\u00f3gicas, ilustra\u00e7\u00f5es in\u00e9ditas, dados de distribui\u00e7\u00e3o geogr\u00e1fica e conserva\u00e7\u00e3o, al\u00e9m de coment\u00e1rios sobre a variabilidade e as rela\u00e7\u00f5es taxon\u00f4micas das esp\u00e9cies.<\/p>\n<p style=\"text-align: justify\"><strong>Palavras-chave:<\/strong> Malvaceae, status<b> <\/b>novo, novas ocorr\u00eancias, lectotipifica\u00e7\u00e3o, taxonomia, Cerrado<b><\/b><\/p>\n<hr align=\"center\" noshade=\"noshade\" size=\"1\" width=\"100%\" \/>\n<p style=\"text-align: center\"><a href=\"https:\/\/smastr16.blob.core.windows.net\/pgibt\/2013\/09\/pdf_grande.gif\"><img decoding=\"async\" loading=\"lazy\" class=\"aligncenter size-full wp-image-2313\" style=\"border: 0px\" alt=\"pdf_grande\" src=\"https:\/\/smastr16.blob.core.windows.net\/pgibt\/2013\/09\/pdf_grande.gif\" width=\"60\" height=\"60\" \/><\/a><a href=\"https:\/\/smastr16.blob.core.windows.net\/pgibt\/2015\/02\/Victor_Martins_-Goncalez_MS.pdf\" target=\"_blank\">Victor Martins Gon\u00e7alez<br \/>\n<em>Melochia<\/em>\u00a0L. (Byttnerioideae, Malvaceae) na regi\u00e3o Sudeste do Brasil<\/a><\/p>\n<hr align=\"center\" noshade=\"noshade\" size=\"1\" width=\"100%\" \/>\n<p style=\"text-align: center\"><strong>\u00a0<a href=\"https:\/\/www.infraestruturameioambiente.sp.gov.br\/pgibt\/dissertacoesteses\/\">VOLTAR AS DISSERTA\u00c7\u00d5ES E TESES<\/a><\/strong><\/p>\n<hr align=\"center\" noshade=\"noshade\" size=\"1\" width=\"100%\" \/>\n","protected":false},"excerpt":{"rendered":"<p>Victor Martins Gon\u00e7alez No dia 25 de mar\u00e7o de 2013, o aluno da P\u00f3s-gradua\u00e7\u00e3o em Biodiversidade Vegetal e Meio Ambiente do Instituto de Bot\u00e2nica de S\u00e3o Paulo (IBt), Victor Martins Gon\u00e7alez (Bolsista CAPES),\u00a0 defendeu sua disserta\u00e7\u00e3o de Mestrado intitulada \u201cMelochia L. (Byttnerioideae, Malvaceae) na regi\u00e3o Sudeste do Brasil\u201d. A banca examinadora foi composta pela Dra. [&hellip;]<\/p>\n","protected":false},"author":1,"featured_media":0,"parent":249,"menu_order":0,"comment_status":"closed","ping_status":"open","template":"fullpage.php","meta":[],"_links":{"self":[{"href":"https:\/\/www.infraestruturameioambiente.sp.gov.br\/pgibt\/wp-json\/wp\/v2\/pages\/4198"}],"collection":[{"href":"https:\/\/www.infraestruturameioambiente.sp.gov.br\/pgibt\/wp-json\/wp\/v2\/pages"}],"about":[{"href":"https:\/\/www.infraestruturameioambiente.sp.gov.br\/pgibt\/wp-json\/wp\/v2\/types\/page"}],"author":[{"embeddable":true,"href":"https:\/\/www.infraestruturameioambiente.sp.gov.br\/pgibt\/wp-json\/wp\/v2\/users\/1"}],"replies":[{"embeddable":true,"href":"https:\/\/www.infraestruturameioambiente.sp.gov.br\/pgibt\/wp-json\/wp\/v2\/comments?post=4198"}],"version-history":[{"count":0,"href":"https:\/\/www.infraestruturameioambiente.sp.gov.br\/pgibt\/wp-json\/wp\/v2\/pages\/4198\/revisions"}],"up":[{"embeddable":true,"href":"https:\/\/www.infraestruturameioambiente.sp.gov.br\/pgibt\/wp-json\/wp\/v2\/pages\/249"}],"wp:attachment":[{"href":"https:\/\/www.infraestruturameioambiente.sp.gov.br\/pgibt\/wp-json\/wp\/v2\/media?parent=4198"}],"curies":[{"name":"wp","href":"https:\/\/api.w.org\/{rel}","templated":true}]}}