{"id":391,"date":"2013-09-12T15:38:24","date_gmt":"2013-09-12T18:38:24","guid":{"rendered":"https:\/\/www.infraestruturameioambiente.sp.gov.br\/pgibt\/?page_id=391"},"modified":"2013-09-12T15:38:24","modified_gmt":"2013-09-12T18:38:24","slug":"2005-daniella-silva","status":"publish","type":"page","link":"https:\/\/www.infraestruturameioambiente.sp.gov.br\/pgibt\/dissertacoesteses\/2005-daniella-silva\/","title":{"rendered":"Daniella da Silva MS"},"content":{"rendered":"<h2 style=\"text-align: center\"><a href=\"https:\/\/smastr16.blob.core.windows.net\/pgibt\/2015\/02\/faixapos6.jpg\"><img decoding=\"async\" loading=\"lazy\" class=\"aligncenter size-full wp-image-3777\" style=\"border: 0px\" alt=\"faixapos6\" src=\"https:\/\/smastr16.blob.core.windows.net\/pgibt\/2015\/02\/faixapos6.jpg\" width=\"950\" height=\"163\" srcset=\"https:\/\/smastr16.blob.core.windows.net\/pgibt\/2015\/02\/faixapos6.jpg 950w, https:\/\/smastr16.blob.core.windows.net\/pgibt\/2015\/02\/faixapos6-768x131.jpg 768w\" sizes=\"(max-width: 950px) 100vw, 950px\" \/><\/a><\/h2>\n<hr align=\"center\" noshade=\"noshade\" size=\"1\" width=\"100%\" \/>\n<h2 style=\"text-align: center\">Daniella da Silva<\/h2>\n<hr align=\"center\" noshade=\"noshade\" size=\"1\" width=\"100%\" \/>\n<p style=\"text-align: center\">No dia 29 de abril de 2005, a aluna Daniella da Silva do Programa de P\u00f3s-gradua\u00e7\u00e3o em Biodiversidade Vegetal e Meio Ambiente do\u00a0Instituto de Bot\u00e2nica de S\u00e3o Paulo (IBt) e bolsista FAPESP, defendeu sua disserta\u00e7\u00e3o de mestrado, intitulada:<br \/>\n&#8220;Din\u00e2mica de popula\u00e7\u00f5es de <em>Microcystis (Cyanobacteria)<\/em> em pesqueiros da Regi\u00e3o Metropolitana de S\u00e3o Paulo, SP, Brasil&#8221;,<br \/>\nsob a orienta\u00e7\u00e3o da Dr\u00aa C\u00e9lia Leite Sant&#8217; Anna, pesquisadora do Instituto de Bot\u00e2nica de S\u00e3o Paulo.<\/p>\n<p style=\"text-align: center\">A banca examinadora foi composta pela Dr\u00aa Zuleika Beyruth (Instituto de Pesca &#8211; SP),\u00a0Dr\u00aa Maria Tereza de Paiva Azevedo (Instituto de Bot\u00e2nica &#8211; SP)<br \/>\ne sua orientadora, Dr\u00aa C\u00e9lia Leite Sant&#8217; Anna (Instituto de Bot\u00e2nica &#8211; SP).<\/p>\n<hr align=\"center\" noshade=\"noshade\" size=\"1\" width=\"100%\" \/>\n<h3 style=\"text-align: center\"><strong>Din\u00e2mica de popula\u00e7\u00f5es de\u00a0<em>Microcystis (Cyanobacteria)<\/em>\u00a0em pesqueiros da<br \/>\n<\/strong><strong>Regi\u00e3o Metropolitana de S\u00e3o Paulo, SP, Brasil<\/strong><\/h3>\n<hr align=\"center\" noshade=\"noshade\" size=\"1\" width=\"100%\" \/>\n<h4 style=\"text-align: center\"><strong>RESUMO<\/strong><\/h4>\n<p style=\"text-align: justify\">Considerando que o g\u00eanero <em>Microcystis<\/em> \u00e9 amplamente distribu\u00eddo em corpos d&#8217;\u00e1gua eutrofizados, que as suas flora\u00e7\u00f5es s\u00e3o quase sempre t\u00f3xicas, que as microcistinas acumulam-se na musculatura do peixe e que as informa\u00e7\u00f5es sobre estes organismos em sistemas destinados \u00e0 pesca e lazer s\u00e3o quase inexistentes, o objetivo do presente trabalho foi o conhecimento das esp\u00e9cies de <em>Microcystis<\/em>\u00a0que ocorrem nestes pesqueiros, bem como suas rela\u00e7\u00f5es com fatores ambientais. Assim, amostrou-se vinte pesqueiros localizados na RMSP, em duas \u00e9pocas do ano ano: seca e chuva.<br \/>\nForam medidos par\u00e2metros climatol\u00f3gicos, f\u00edsicos, qu\u00edmicos e biol\u00f3gicos. A an\u00e1lise qualitativa das popula\u00e7\u00f5es de <em>Microcystis<\/em>\u00a0foi realizada em microsc\u00f3pio \u00f3ptico binocular. A an\u00e1lise quantitativa baseou-se em <em>Uterm\u00f6h<\/em>l e a densidade foi calculada em n\u00famero de organismos (org.mL-1). Para o biovolume multiplicou-se as densidades de cada esp\u00e9cie pelo seu volume. Aplicou-se Carlson modificado na caracteriza\u00e7\u00e3o tr\u00f3fica. Identificou-se no presente trabalho quatro esp\u00e9cies de <em>Microcystis<\/em>: <em>M. aeruginosa<\/em>, <em>M. protocystis<\/em>,<em> M. wesenbergii<\/em> e <em>M. panniformis<\/em>.<br \/>\nOutras cianobact\u00e9rias encontradas freq\u00fcentemente em altas densidades foram<em> Aphanocapsa holsatica<\/em>, <em>A. elachista, Merismopedia tenuissima<\/em> e <em>Synechococcus sp<\/em>. Houve diferen\u00e7as quali e quantitativas nas popula\u00e7\u00f5es de <em>Microcystis<\/em>\u00a0entre as duas \u00e9pocas amostradas. Apesar destas apresentarem baixas densidades, provavelmente devido \u00e0 turbul\u00eancia, aus\u00eancia de estratifica\u00e7\u00e3o e abund\u00e2ncia de nutrientes, contribu\u00edram com elevada biomassa para 85% dos pesqueiros em pelo menos uma das duas \u00e9pocas amostradas, provavelmente contribuindo significativamente para a taxa fotossint\u00e9tica e din\u00e2mica do sistema. O per\u00edodo chuvoso apresentou maiores densidade, freq\u00fc\u00eancia, biomassa e distribui\u00e7\u00e3o das esp\u00e9cies de <em>Microcystis<\/em>. A a\u00e7\u00e3o antr\u00f3pica influenciou efetivamente a din\u00e2mica destes sistemas e os par\u00e2metros abi\u00f3ticos pouco variaram nos dois per\u00edodos amostrados. Algumas medidas que visem o controle adequado tanto do uso das ra\u00e7\u00f5es (qualidade e quantidade) quanto da calagem, s\u00e3o de fundamental import\u00e2ncia na manuten\u00e7\u00e3o da boa qualidade da \u00e1gua. Assim, promover-se-ia o desaceleramento da eutrofiza\u00e7\u00e3o e, conseq\u00fcentemente, haveria menor probabilidade de ocorr\u00eancia de flora\u00e7\u00f5es de algas e cianobact\u00e9rias.<\/p>\n<hr align=\"center\" noshade=\"noshade\" size=\"1\" width=\"100%\" \/>\n<p><a href=\"https:\/\/smastr16.blob.core.windows.net\/pgibt\/2013\/09\/pdf_grande.gif\"><img decoding=\"async\" loading=\"lazy\" class=\"aligncenter size-full wp-image-2313\" style=\"border: 0px\" alt=\"pdf_grande\" src=\"https:\/\/smastr16.blob.core.windows.net\/pgibt\/2013\/09\/pdf_grande.gif\" width=\"60\" height=\"60\" \/><\/a><\/p>\n<p style=\"text-align: center\"><a href=\"https:\/\/smastr16.blob.core.windows.net\/pgibt\/2013\/09\/Daniella_Silva_MS.pdf\" target=\"_blank\"> Daniella da Silva<br \/>\nDin\u00e2mica de popula\u00e7\u00f5es de <em>Microcystis (Cyanobacteria<\/em>) em pesqueiros da Regi\u00e3o Metropolitana de S\u00e3o Paulo, SP, Brasil<\/a><\/p>\n<hr align=\"center\" noshade=\"noshade\" size=\"1\" width=\"100%\" \/>\n<p style=\"text-align: center\"><strong>\u00a0<a href=\"https:\/\/www.infraestruturameioambiente.sp.gov.br\/pgibt\/dissertacoesteses\/\">VOLTAR AS DISSERTA\u00c7\u00d5ES E TESES<\/a><\/strong><\/p>\n<hr align=\"center\" noshade=\"noshade\" size=\"1\" width=\"100%\" \/>\n","protected":false},"excerpt":{"rendered":"<p>Daniella da Silva No dia 29 de abril de 2005, a aluna Daniella da Silva do Programa de P\u00f3s-gradua\u00e7\u00e3o em Biodiversidade Vegetal e Meio Ambiente do\u00a0Instituto de Bot\u00e2nica de S\u00e3o Paulo (IBt) e bolsista FAPESP, defendeu sua disserta\u00e7\u00e3o de mestrado, intitulada: &#8220;Din\u00e2mica de popula\u00e7\u00f5es de Microcystis (Cyanobacteria) em pesqueiros da Regi\u00e3o Metropolitana de S\u00e3o Paulo, [&hellip;]<\/p>\n","protected":false},"author":1,"featured_media":0,"parent":249,"menu_order":0,"comment_status":"closed","ping_status":"open","template":"fullpage.php","meta":[],"_links":{"self":[{"href":"https:\/\/www.infraestruturameioambiente.sp.gov.br\/pgibt\/wp-json\/wp\/v2\/pages\/391"}],"collection":[{"href":"https:\/\/www.infraestruturameioambiente.sp.gov.br\/pgibt\/wp-json\/wp\/v2\/pages"}],"about":[{"href":"https:\/\/www.infraestruturameioambiente.sp.gov.br\/pgibt\/wp-json\/wp\/v2\/types\/page"}],"author":[{"embeddable":true,"href":"https:\/\/www.infraestruturameioambiente.sp.gov.br\/pgibt\/wp-json\/wp\/v2\/users\/1"}],"replies":[{"embeddable":true,"href":"https:\/\/www.infraestruturameioambiente.sp.gov.br\/pgibt\/wp-json\/wp\/v2\/comments?post=391"}],"version-history":[{"count":0,"href":"https:\/\/www.infraestruturameioambiente.sp.gov.br\/pgibt\/wp-json\/wp\/v2\/pages\/391\/revisions"}],"up":[{"embeddable":true,"href":"https:\/\/www.infraestruturameioambiente.sp.gov.br\/pgibt\/wp-json\/wp\/v2\/pages\/249"}],"wp:attachment":[{"href":"https:\/\/www.infraestruturameioambiente.sp.gov.br\/pgibt\/wp-json\/wp\/v2\/media?parent=391"}],"curies":[{"name":"wp","href":"https:\/\/api.w.org\/{rel}","templated":true}]}}