{"id":3283,"date":"2014-10-08T11:05:07","date_gmt":"2014-10-08T14:05:07","guid":{"rendered":"https:\/\/www.infraestruturameioambiente.sp.gov.br\/pgibt\/?page_id=3283"},"modified":"2014-10-08T11:05:07","modified_gmt":"2014-10-08T14:05:07","slug":"2014-otavio-luis-marques-da-silva","status":"publish","type":"page","link":"https:\/\/www.infraestruturameioambiente.sp.gov.br\/pgibt\/dissertacoesteses\/2014-otavio-luis-marques-da-silva\/","title":{"rendered":"Ot\u00e1vio Luis Marques da Silva MS"},"content":{"rendered":"<h2 style=\"text-align: center\"><a href=\"https:\/\/smastr16.blob.core.windows.net\/pgibt\/2015\/02\/faixapos6.jpg\"><img decoding=\"async\" loading=\"lazy\" class=\"aligncenter size-full wp-image-3777\" style=\"border: 0px\" alt=\"faixapos6\" src=\"https:\/\/smastr16.blob.core.windows.net\/pgibt\/2015\/02\/faixapos6.jpg\" width=\"950\" height=\"163\" srcset=\"https:\/\/smastr16.blob.core.windows.net\/pgibt\/2015\/02\/faixapos6.jpg 950w, https:\/\/smastr16.blob.core.windows.net\/pgibt\/2015\/02\/faixapos6-768x131.jpg 768w\" sizes=\"(max-width: 950px) 100vw, 950px\" \/><\/a><\/h2>\n<hr align=\"center\" noshade=\"noshade\" size=\"1\" width=\"100%\" \/>\n<h2 style=\"text-align: center\">Ot\u00e1vio Luis Marques da Silva<\/h2>\n<hr align=\"center\" noshade=\"noshade\" size=\"1\" width=\"100%\" \/>\n<p style=\"text-align: center\">Em 17 de janeiro de 2014, no anfiteatro do Instituto de Bot\u00e2nica (IBt-SP), Ot\u00e1vio Luis Marques da Silva, aluno de mestrado do Programa de P\u00f3s-gradua\u00e7\u00e3o em Biodiversidade Vegetal e Meio Ambiente e bolsista da Coordena\u00e7\u00e3o de Aperfei\u00e7oamento de Pessoal de N\u00edvel Superior (CAPES), defendeu a sua disserta\u00e7\u00e3o intitulada<br \/>\n\u201cEstudo taxon\u00f4mico de <em>Euphorbia<\/em> L. (Euphorbiaceae)\u00a0no Estado de S\u00e3o Paulo, Brasil\u201d.<\/p>\n<p style=\"text-align: center\">A banca examinadora foi presidida pela Profa. Dra. Maria Beatriz Rossi Caruzo (UNIFESP), tendo como membros externos a Profa. Dra. Daniela Santos Carneiro-Torres (Universidade Estadual de Feira de Santana \u2013 Bahia) e a Profa. Mar\u00edlia Cristina Duarte (Universidade Mogi das Cruzes \u2013 S\u00e3o Paulo), e como suplentes a Dra. In\u00eas Cordeiro (IBt-SP) e a Dra. L\u00facia Rossi (IBt-SP).<\/p>\n<p style=\"text-align: center\" align=\"center\"><a href=\"https:\/\/smastr16.blob.core.windows.net\/pgibt\/2014\/10\/Otavio-Luis.jpg\"><img decoding=\"async\" loading=\"lazy\" class=\"aligncenter  wp-image-3284\" alt=\"Otavio Luis\" src=\"https:\/\/smastr16.blob.core.windows.net\/pgibt\/2014\/10\/Otavio-Luis.jpg\" width=\"398\" height=\"266\" \/><\/a><\/p>\n<p align=\"center\">A Profa. Dra. Daniela Santos Carneiro-Torres (Universidade Estadual de Feira de Santana \u2013 Bahia), o aluno Ot\u00e1vio Luis Marques da Silva,<br \/>\na Profa. Dra. Maria Beatriz Rossi Caruzo (UNIFESP) e a Profa. Dra. Mar\u00edlia Cristina Duarte (Universidade de Mogi das Cruzes \u2013 S\u00e3o Paulo).<\/p>\n<p style=\"text-align: center\">O trabalho consiste no estudo taxon\u00f4mico das esp\u00e9cies nativas do g\u00eanero <i>Euphorbia <\/i>no Estado de S\u00e3o Paulo. Como resultado, s\u00e3o apresentadas 23 esp\u00e9cies, grande parte delas ruderais ou invasoras de culturas como <i>Euphorbia heterophylla<\/i>, <i>Euphorbia hirta <\/i>e <i>Euphorbia prostrata<\/i>, mas tamb\u00e9m esp\u00e9cies com distribui\u00e7\u00e3o restrita e end\u00eamicas do Brasil, como <i>Euphorbia elodes<\/i>, <i>Euphorbia foliolosa <\/i>e <i>Euphorbia zonosperma<\/i>. Seis esp\u00e9cies representam novas cita\u00e7\u00f5es para o Estado de S\u00e3o Paulo, e, com a avalia\u00e7\u00e3o do status de conserva\u00e7\u00e3o das esp\u00e9cies de acordo com os crit\u00e9rios do Livro Vermelho das Esp\u00e9cies Vegetais Amea\u00e7adas do Estado de S\u00e3o Paulo, cinco esp\u00e9cies s\u00e3o apontadas na categoria \u201cEm perigo (EN)\u201d e uma na categoria \u201cPresumivelmente Extinta (EX)\u201d. \u00c9 apresentada uma chave de identifica\u00e7\u00e3o para as esp\u00e9cies, e para cada esp\u00e9cie s\u00e3o apresentados dados sobre sua distribui\u00e7\u00e3o no Estado de S\u00e3o Paulo, al\u00e9m de informa\u00e7\u00f5es sobre fenofase, coment\u00e1rios taxon\u00f4micos e fotografias e\/ou indica\u00e7\u00e3o de ilustra\u00e7\u00f5es dispon\u00edveis na literatura. Este trabalho contribui com a elabora\u00e7\u00e3o da monografia do g\u00eanero para a Flora Fanerog\u00e2mica do Estado de S\u00e3o Paulo e para o conhecimento do g\u00eanero no Brasil, uma vez que diversas esp\u00e9cies possuem ampla distribui\u00e7\u00e3o no pa\u00eds e tamb\u00e9m para o projeto <i>Euphorbia Planetary Biodiversity Inventory \u2013 Euphorbia PBI<\/i>, com informa\u00e7\u00f5es sobre esp\u00e9cies end\u00eamicas do Brasil.<\/p>\n<hr align=\"center\" noshade=\"noshade\" size=\"1\" width=\"100%\" \/>\n<h3 style=\"text-align: center\"><b>Estudo taxon\u00f4mico de <em>Euphorbia<\/em> L. (Euphorbiaceae) no Estado de S\u00e3o Paulo Brasil.<\/b><\/h3>\n<hr align=\"center\" noshade=\"noshade\" size=\"1\" width=\"100%\" \/>\n<h4 style=\"text-align: center\"><strong>RESUMO<\/strong><\/h4>\n<p style=\"text-align: justify\"><i>Euphorbia <\/i>L., com aproximadamente 2.000 esp\u00e9cies, \u00e9 o quarto maior g\u00eanero dentre as Angiospermas e o maior de Euphorbiaceae. O g\u00eanero apresenta distribui\u00e7\u00e3o subcosmopolita, ocorre em uma ampla variedade de habitats e possui uma extraordin\u00e1ria varia\u00e7\u00e3o morfol\u00f3gica. Apesar de sua grande diversidade, o g\u00eanero pode ser caracterizado pela presen\u00e7a de l\u00e1tex leitoso e pelo ci\u00e1tio, uma infloresc\u00eancia pseudantial com eixos e flores muito reduzidos. Tendo como objetivo elaborar a monografia de <i>Euphorbia <\/i>para o Estado de S\u00e3o Paulo, como parte integrante do projeto \u201cFlora Fanerog\u00e2mica do Estado de S\u00e3o Paulo\u201d, este trabalho foi realizado a partir do levantamento dos acervos depositados nos herb\u00e1rios com cole\u00e7\u00f5es representativas para o Estado de S\u00e3o Paulo e na observa\u00e7\u00e3o das popula\u00e7\u00f5es das esp\u00e9cies em seu habitat natural. Para o reconhecimento das esp\u00e9cies, foram observadas algumas caracter\u00edsticas vegetativas (p.e. forma de crescimento e filotaxia) e caracter\u00edsticas do ci\u00e1tio (p.e. a organiza\u00e7\u00e3o dos ci\u00e1tios em sinfloresc\u00eancias e a morfologia dos ap\u00eandices das gl\u00e2ndulas do ci\u00e1tio), as quais foram extremamente importantes para a delimita\u00e7\u00e3o das esp\u00e9cies, al\u00e9m da morfologia das sementes. Foram registradas 23 esp\u00e9cies de <i>Euphorbia <\/i>em S\u00e3o Paulo (<i>E. adenoptera<\/i>, <i>E. bahiensis<\/i>,\u00a0 <i>E. chrysophylla<\/i>, <i>E. comosa<\/i>, <i>E. cordeiroae<\/i>, <i>E. elodes<\/i>, <i>E. foliolosa<\/i>, <i>E. heterophylla<\/i>, <i>E. hirta<\/i>, <i>E. hyssopifolia<\/i>, <i>E. insulana<\/i>, <i>E. ophthalmica<\/i>, <i>E. papillosa<\/i>, <i>E. peperomioides<\/i>, <i>E. peplus<\/i>, <i>E. potentilloides<\/i>, <i>E. prostrata<\/i>, <i>E. rhabdodes<\/i>, <i>E. sciadophila<\/i>, <i>E. serpens<\/i>, <i>E. setosa<\/i>, <i>E. thymifolia<\/i> e <i>E. zonosperma<\/i>), que s\u00e3o frequentemente encontradas em ambientes antropizados, mas que tamb\u00e9m podem ocorrer em campos de altitude, cerrados, bordas de florestas e restingas, sendo 6 delas novas ocorr\u00eancias para o Estado. S\u00e3o apresentados: chave de identifica\u00e7\u00e3o para as esp\u00e9cies, descri\u00e7\u00f5es, distribui\u00e7\u00e3o geogr\u00e1fica, coment\u00e1rios sobre ecologia e taxonomia das esp\u00e9cies, fotografias e status de conserva\u00e7\u00e3o das esp\u00e9cies no Estado de S\u00e3o Paulo. Al\u00e9m de contribuir para o conhecimento de Euphorbiaceae no Estado de S\u00e3o Paulo, os estudos desenvolvidos tamb\u00e9m contribu\u00edram para o conhecimento de <i>Euphorbia<\/i> no Brasil, uma vez que algumas esp\u00e9cies s\u00e3o amplamente distribu\u00eddas no territ\u00f3rio brasileiro. Nos manuscritos anexos s\u00e3o propostas lectotipifica\u00e7\u00f5es para oito esp\u00e9cies, notas nomenclaturais e uma chave de identifica\u00e7\u00e3o baseada exclusivamente em caracter\u00edsticas das sementes.<\/p>\n<p style=\"text-align: justify\"><b>Palavras-chave:<\/b> Euphorbioideae, Euphorbieae, Flora do Brasil, Flora Fanerog\u00e2mica do Estado de S\u00e3o Paulo, taxonomia.<\/p>\n<hr align=\"center\" noshade=\"noshade\" size=\"1\" width=\"100%\" \/>\n<p style=\"text-align: center\"><a href=\"https:\/\/smastr16.blob.core.windows.net\/pgibt\/2013\/09\/pdf_grande.gif\"><img decoding=\"async\" loading=\"lazy\" class=\"aligncenter size-full wp-image-2313\" style=\"border: 0px\" alt=\"pdf_grande\" src=\"https:\/\/smastr16.blob.core.windows.net\/pgibt\/2013\/09\/pdf_grande.gif\" width=\"60\" height=\"60\" \/><\/a><a href=\"https:\/\/smastr16.blob.core.windows.net\/pgibt\/2014\/10\/Otavio_Luis_Marques_da_Silva_MS.pdf\" target=\"_blank\">Ot\u00e1vio Luis Marques da Silva<br \/>\nEstudo taxon\u00f4mico de <em>Euphorbia\u00a0<\/em>L. (Euphorbiaceae) no Estado de S\u00e3o Paulo Brasil.<\/a><\/p>\n<hr align=\"center\" noshade=\"noshade\" size=\"1\" width=\"100%\" \/>\n<p style=\"text-align: center\"><strong>\u00a0<a href=\"https:\/\/www.infraestruturameioambiente.sp.gov.br\/pgibt\/dissertacoesteses\/\">VOLTAR AS DISSERTA\u00c7\u00d5ES E TESES<\/a><\/strong><\/p>\n<hr align=\"center\" noshade=\"noshade\" size=\"1\" width=\"100%\" \/>\n","protected":false},"excerpt":{"rendered":"<p>Ot\u00e1vio Luis Marques da Silva Em 17 de janeiro de 2014, no anfiteatro do Instituto de Bot\u00e2nica (IBt-SP), Ot\u00e1vio Luis Marques da Silva, aluno de mestrado do Programa de P\u00f3s-gradua\u00e7\u00e3o em Biodiversidade Vegetal e Meio Ambiente e bolsista da Coordena\u00e7\u00e3o de Aperfei\u00e7oamento de Pessoal de N\u00edvel Superior (CAPES), defendeu a sua disserta\u00e7\u00e3o intitulada \u201cEstudo taxon\u00f4mico [&hellip;]<\/p>\n","protected":false},"author":1,"featured_media":0,"parent":249,"menu_order":0,"comment_status":"closed","ping_status":"open","template":"fullpage.php","meta":[],"_links":{"self":[{"href":"https:\/\/www.infraestruturameioambiente.sp.gov.br\/pgibt\/wp-json\/wp\/v2\/pages\/3283"}],"collection":[{"href":"https:\/\/www.infraestruturameioambiente.sp.gov.br\/pgibt\/wp-json\/wp\/v2\/pages"}],"about":[{"href":"https:\/\/www.infraestruturameioambiente.sp.gov.br\/pgibt\/wp-json\/wp\/v2\/types\/page"}],"author":[{"embeddable":true,"href":"https:\/\/www.infraestruturameioambiente.sp.gov.br\/pgibt\/wp-json\/wp\/v2\/users\/1"}],"replies":[{"embeddable":true,"href":"https:\/\/www.infraestruturameioambiente.sp.gov.br\/pgibt\/wp-json\/wp\/v2\/comments?post=3283"}],"version-history":[{"count":0,"href":"https:\/\/www.infraestruturameioambiente.sp.gov.br\/pgibt\/wp-json\/wp\/v2\/pages\/3283\/revisions"}],"up":[{"embeddable":true,"href":"https:\/\/www.infraestruturameioambiente.sp.gov.br\/pgibt\/wp-json\/wp\/v2\/pages\/249"}],"wp:attachment":[{"href":"https:\/\/www.infraestruturameioambiente.sp.gov.br\/pgibt\/wp-json\/wp\/v2\/media?parent=3283"}],"curies":[{"name":"wp","href":"https:\/\/api.w.org\/{rel}","templated":true}]}}