{"id":308,"date":"2013-04-22T15:52:19","date_gmt":"2013-04-22T18:52:19","guid":{"rendered":"https:\/\/www.infraestruturameioambiente.sp.gov.br\/pgibt\/?page_id=308"},"modified":"2023-10-05T15:25:25","modified_gmt":"2023-10-05T18:25:25","slug":"publicacoes-didaticas","status":"publish","type":"page","link":"https:\/\/www.infraestruturameioambiente.sp.gov.br\/pgibt\/menu-2\/publicacoes-didaticas\/","title":{"rendered":"Publica\u00e7\u00f5es Did\u00e1ticas"},"content":{"rendered":"<p>[vc_row][vc_column][vc_column_text]<\/p>\n<hr style=\"clear: both\" \/>\n<h4 style=\"text-align: left\"><strong>PDF\u00a0<\/strong><a href=\"https:\/\/smastr16.blob.core.windows.net\/pgibt\/sites\/242\/2023\/10\/algicultura_leandro_herrera_2023.pdf\">APOSTILA SOBRE ALGICULTURA<\/a> &#8211; 2023<br \/>\nLeandro Amaral Herrera<\/h4>\n<hr \/>\n<h4 style=\"text-align: left\"><strong>PDF\u00a0<\/strong><a href=\"https:\/\/smastr16.blob.core.windows.net\/pgibt\/sites\/242\/2023\/02\/jessica_de_lima-breve_guia_de_campo-briofitas_da_mata_atlantica.pdf\">BREVE GUIA DE CAMPO DE BRI\u00d3FITAS DA MATA ATL\u00c2NTICA<\/a> &#8211; 2022<br \/>\nJ\u00e9ssica de Lima<\/h4>\n<hr \/>\n<h4 style=\"text-align: left\"><strong>PDF\u00a0<\/strong><a href=\"https:\/\/smastr16.blob.core.windows.net\/pgibt\/sites\/242\/2023\/02\/keyla_guia_ruderais_jardim_bot.pdf\">PLANTAS RUDERAIS DO JARDIM BOT\u00c2NICO DE S\u00c3O PAULO<\/a> &#8211; 2022<br \/>\nRoberta Keyla Kojima<\/h4>\n<hr \/>\n<h4 style=\"text-align: left\"><strong>PDF<\/strong> <a href=\"https:\/\/smastr16.blob.core.windows.net\/pgibt\/sites\/242\/2023\/02\/camila-r._alonso-a-energia-que-vem-de-dentro.pdf\">A ENERGIA QUE VEM DE DENTRO: SEMENTES, DA FORMA\u00c7\u00c3O A CONSERVA\u00c7\u00c3O<\/a> &#8211; 2022<br \/>\nCamila R. Alonso<\/h4>\n<hr \/>\n<h4 style=\"text-align: left\"><strong>PDF\u00a0<\/strong><a href=\"https:\/\/smastr16.blob.core.windows.net\/pgibt\/sites\/242\/2023\/02\/mayara-algas.pdf\">EXTRA\u00c7\u00c3O DE \u00c1GAR E CONFEC\u00c7\u00c3O DE GELATINA ARTESANAL COM ALGA VERMELHA<\/a> &#8211; 2022<br \/>\nMayara Barbosa dos Santos<\/h4>\n<hr \/>\n<h4 style=\"text-align: left\"><strong>PDF <\/strong><a href=\"https:\/\/smastr16.blob.core.windows.net\/pgibt\/2013\/04\/livro-3_11_10_2017.pdf\" target=\"_blank\" rel=\"noopener noreferrer\">ATIVIDADES DID\u00c1TICAS: UMA CONTRIBUI\u00c7\u00c3O DO PROGRAMA DE P\u00d3S-GRADUA\u00c7\u00c3O DO INSTITUTO DE BOT\u00c2NICA PARA O ENSINO<\/a>\u00a0&#8211; 2017<br \/>\nOrganizadora: Tania Maria Cerati<\/h4>\n<hr \/>\n<h4 style=\"text-align: left\"><strong>PDF <\/strong><a href=\"https:\/\/smastr16.blob.core.windows.net\/pgibt\/2013\/04\/emanuela.pdf\" target=\"_blank\" rel=\"noopener noreferrer\">CARBOIDRATOS: AMIDO<\/a>\u00a0&#8211; 2015<br \/>\nEmanuela de Oliveira Joaquim<\/h4>\n<hr style=\"clear: both\" \/>\n<h4 style=\"text-align: left\"><strong>PDF<\/strong> <a href=\"https:\/\/smastr16.blob.core.windows.net\/pgibt\/2013\/04\/fernanda.pdf\" target=\"_blank\" rel=\"noopener noreferrer\">PRATO DE COMIDA BOTANICAMENTE DIVERSO<\/a>\u00a0&#8211; 2015<br \/>\nFernanda Hurbath Pita Brand\u00e3o<\/h4>\n<hr style=\"clear: both\" \/>\n<h4 style=\"text-align: left\"><strong>PDF <\/strong><a href=\"https:\/\/smastr16.blob.core.windows.net\/pgibt\/2013\/04\/luci.pdf\" target=\"_blank\" rel=\"noopener noreferrer\">REPRODU\u00c7\u00c3O NOS FUNGOS BASIDIOMICETOS (COGUMELOS)\u00a0<\/a>&#8211; 2015<br \/>\nLuci Kimie Okino Silva<\/h4>\n<hr style=\"clear: both\" \/>\n<h4 style=\"text-align: left\"><strong>PDF <\/strong><a href=\"https:\/\/smastr16.blob.core.windows.net\/pgibt\/2013\/04\/mayara.pdf\" target=\"_blank\" rel=\"noopener noreferrer\">POR QUE DEVEMOS PRESERVAR OS ECOSSISTEMAS?<\/a>\u00a0&#8211; 2015<br \/>\nMayara Ribeiro Casartelli<\/h4>\n<hr style=\"clear: both\" \/>\n<h4 style=\"text-align: left\"><strong>PDF<\/strong> <a href=\"https:\/\/smastr16.blob.core.windows.net\/pgibt\/2013\/04\/monique.pdf\" target=\"_blank\" rel=\"noopener noreferrer\">MORFOLOGIA DA FAM\u00cdLIA ORCHIDACEAE<\/a>\u00a0&#8211; 2015<br \/>\nMonique Juras<\/h4>\n<hr style=\"clear: both\" \/>\n<h4 style=\"text-align: left\"><strong>PDF <\/strong><a href=\"https:\/\/smastr16.blob.core.windows.net\/pgibt\/2013\/04\/otavio.pdf\" target=\"_blank\" rel=\"noopener noreferrer\">ENSINO PR\u00c1TICO DE MORFOLOGIA FOLIAR COMO FERRAMENTA PARA INCENTIVAR O ENSINO DE BOT\u00c2NICA<\/a>\u00a0&#8211; 2015<br \/>\nOt\u00e1vio Luis Marques da Silva<\/h4>\n<hr style=\"clear: both\" \/>\n<h4 style=\"text-align: left\"><strong>PDF <\/strong><a href=\"https:\/\/smastr16.blob.core.windows.net\/pgibt\/2013\/04\/rodrigo.pdf\" target=\"_blank\" rel=\"noopener noreferrer\">FOTOSS\u00cdNTESE<\/a>\u00a0&#8211; 2015<br \/>\nRodrigo Fazani Esteves Sanches<\/h4>\n<hr style=\"clear: both\" \/>\n<h4 style=\"text-align: left\"><strong>PDF <\/strong><a href=\"https:\/\/smastr16.blob.core.windows.net\/pgibt\/2013\/04\/samantha.pdf\" target=\"_blank\" rel=\"noopener noreferrer\">L\u00cdQUENS COMO BIOINDICADORES DA POLUI\u00c7\u00c3O ATMOSF\u00c9RICA<\/a>\u00a0&#8211; 2015<br \/>\nSamantha Borges Faustino<\/h4>\n<hr style=\"clear: both\" \/>\n<h4 style=\"text-align: left\"><strong>PDF <\/strong><a href=\"https:\/\/smastr16.blob.core.windows.net\/pgibt\/2013\/04\/augusto-1.pdf\" target=\"_blank\" rel=\"noopener noreferrer\">ENSINO PR\u00c1TICO DE MORFOLOGIA, POLINIZA\u00c7\u00c3O E TAXONOMIA VEGETAL<\/a>\u00a0&#8211; 2015<br \/>\nAugusto Francener<\/h4>\n<hr style=\"clear: both\" \/>\n<h4 style=\"text-align: left\"><strong>PDF <\/strong><a href=\"https:\/\/smastr16.blob.core.windows.net\/pgibt\/2013\/04\/athos.pdf\" target=\"_blank\" rel=\"noopener noreferrer\">BIOQU\u00cdMICA DE CARBOIDRATOS: COMPOSI\u00c7\u00c3O QU\u00cdMICA E LIGA\u00c7\u00d5ES GLICOS\u00cdDICAS<\/a>\u00a0&#8211; 2015<br \/>\nAthos Poli Rigui<\/h4>\n<hr style=\"clear: both\" \/>\n<h4 style=\"text-align: left\"><strong>PDF <\/strong><a href=\"https:\/\/smastr16.blob.core.windows.net\/pgibt\/2013\/04\/angelica.pdf\" target=\"_blank\" rel=\"noopener noreferrer\">A ATIDADE ANTR\u00d3PICA COMO ACELERADOR DE PROCESSOS DE EUTROFIZA\u00c7\u00c3O<\/a>\u00a0&#8211; 2015<br \/>\nAng\u00e9lica Nunes Garcia<\/h4>\n<hr style=\"clear: both\" \/>\n<h4 style=\"text-align: left\"><strong>PDF <\/strong><a href=\"https:\/\/smastr16.blob.core.windows.net\/pgibt\/2013\/04\/aluisio-1.pdf\" target=\"_blank\" rel=\"noopener noreferrer\">A IMPORT\u00c2NCIA DA NOMENCLATURA E A TAXONOMIA NA VIDA COTIDIANA<\/a><strong>\u00a0<\/strong>&#8211; 2015<br \/>\nAluisio Jos\u00e9 Fernandes J\u00fanior<\/h4>\n<hr style=\"clear: both\" \/>\n<h4 style=\"text-align: left\"><strong>PDF <\/strong><a href=\"https:\/\/smastr16.blob.core.windows.net\/pgibt\/sites\/242\/2021\/08\/estruturas-secretoras-em-plantas-poliana-ramos-cardoso.pdf\" target=\"_blank\" rel=\"noopener noreferrer\">ESTRUTURAS SECRETORAS EM PLANTAS<\/a>\u00a0&#8211; 2011<br \/>\nPoliana Ramos Cardoso<\/h4>\n<hr \/>\n<h4 style=\"text-align: left\"><strong>PDF <\/strong><a href=\"https:\/\/smastr16.blob.core.windows.net\/pgibt\/sites\/242\/2023\/10\/fungos-basidiomicetos-em-biorremediacao_marina-bianchini.pdf\">FUNGOS BASIDIOMICETOS EM BIORREMEDIA\u00c7\u00c3O<\/a>\u00a0&#8211; 2011<br \/>\nMariana \u00a0Bianchini<\/h4>\n<h4 style=\"text-align: left\"><strong>PDF <\/strong><a href=\"https:\/\/smastr16.blob.core.windows.net\/pgibt\/sites\/242\/2023\/10\/guia_ilustrado_convolvulaceae_cinthia_vieira.pdf\">GUIA ILUSTRADO DE CONVOLVULACEAE NO PARQUE ESTADUAL DAS FONTES DO IPIRANGA, S\u00c3O PAILO, SP<\/a>\u00a0&#8211; 2011<br \/>\nCintia Vieira da Silva<\/h4>\n<hr \/>\n<h4 style=\"text-align: left\"><strong>PDF <\/strong><a href=\"https:\/\/smastr16.blob.core.windows.net\/pgibt\/sites\/242\/2023\/10\/orchidaceae_aspectos-morfologicos-e-taxonomicos_vinicius-trettel-rodrigues.pdf\">ORCHIDACEAE \u00a0JUSS ASPECTOS MORFOL\u00d3GICOS E TAXON\u00d4MICOS<\/a>\u00a0&#8211; 2011<br \/>\nVinicius Trettel Rodrigues<\/h4>\n<hr \/>\n<h4 style=\"text-align: left\"><strong>PDF <\/strong><a href=\"https:\/\/smastr16.blob.core.windows.net\/pgibt\/sites\/242\/2023\/10\/frutanos_flavio_trevisan.pdf\">FRUTANOS: ORIGEM \u00a0E PAPEL \u00a0ECOL\u00d3GICO EM PLANTAS SUPERIORES<\/a>\u00a0&#8211; 2011<br \/>\nFlavio Trevisan &amp; Maria Angela Machado de Carvalho<\/h4>\n<hr \/>\n<h4 style=\"text-align: left\"><strong>PDF <\/strong><a href=\"https:\/\/smastr16.blob.core.windows.net\/pgibt\/sites\/242\/2023\/10\/efeitos-da-poluicao-do-ar-sobre-as-plantas_marcelle-dafre-martinelli.pdf\">EFEITOS DA POLUI\u00c7\u00c3O SOBRE AS PLANTAS<\/a>\u00a0&#8211; 2011<br \/>\nMarcelle Dafr\u00e9 Martinelle<\/h4>\n<hr \/>\n<h4 style=\"text-align: left\"><strong>PDF <\/strong><a href=\"https:\/\/smastr16.blob.core.windows.net\/pgibt\/sites\/242\/2023\/10\/conceitos-basicos-de-filogenia_leandro-cardoso-pederneiras.pdf\">CONCEITOS B\u00c1SICOS DE FILOGENIA<\/a>\u00a0&#8211; 2011<br \/>\nLeandro Cardoso Perdeneiras<\/h4>\n<hr \/>\n<h4 style=\"text-align: left\"><strong>PDF <\/strong><a href=\"https:\/\/smastr16.blob.core.windows.net\/pgibt\/sites\/242\/2023\/10\/fungos-basidiomicetos_luciana-jandelli-gimenes.pdf\">FUNGOS BASIDIOMICICETOS<\/a>\u00a0&#8211; 2010<br \/>\nLuciana Jandelli Gimenes<\/h4>\n<hr \/>\n<h4 style=\"text-align: left\"><strong>PDF <\/strong><a href=\"http:\/\/www.biodiversidade.pgibt.ibot.sp.gov.br\/Web\/pdf\/A_rotina_de_plantulas_de_Hymenaea_courbaril_Fabio_Reis_Della_Molle.pdf\" target=\"_blank\" rel=\"noopener noreferrer\">A ROTINA DE PL\u00c2NTULAS DE <em>HYMENAEA COURBARIL<\/em> L. (JATOB\u00c1) NO SOLO DA FLORESTA<\/a>\u00a0&#8211; 2010<br \/>\nFabio Reis Dalle Molle<\/h4>\n<hr \/>\n<h4 style=\"text-align: left\"><strong>PDF <\/strong><a href=\"https:\/\/smastr16.blob.core.windows.net\/pgibt\/sites\/242\/2023\/10\/fungos-em-ambientes-aquaticos-continentais_carolina-gasch-moreira.pdf\">FUNGOS EM AMBIENTE AQU\u00c1TICOS CONTINENTAIS<\/a>\u00a0&#8211; 2010<br \/>\nCarolina Gasch Moreira &amp; Iracema H. Schoenlein &#8211; Crusius<\/h4>\n<hr \/>\n<h4 style=\"text-align: left\"><strong>PDF <\/strong><a href=\"https:\/\/smastr16.blob.core.windows.net\/pgibt\/sites\/242\/2023\/10\/diversidade-algas-marinhas-ingrid-balesteros.pdf\">DIVERSIDADE DE ALGAS MARINHAS<\/a>\u00a0&#8211; 2010<br \/>\nIngrid Balesteros Silva<\/h4>\n<hr \/>\n<h4 style=\"text-align: left\"><strong>PDF <\/strong><a href=\"http:\/\/www.biodiversidade.pgibt.ibot.sp.gov.br\/Web\/pdf\/Briofitas_Jucara_Bordin.pdf\" target=\"_blank\" rel=\"noopener noreferrer\">\u00a0BRI\u00d3FITAS<\/a>\u00a0&#8211; 2009<br \/>\nJu\u00e7ara Bordin<\/h4>\n<hr \/>\n<h4 style=\"text-align: left\"><strong>PDF <\/strong><a href=\"https:\/\/smastr16.blob.core.windows.net\/pgibt\/sites\/242\/2023\/10\/poluentes-atmosfericos-plantas-bioindicadoras-andrea-nunes-vaz-pedroso.pdf\">POLUENTES ATMOSF\u00c9RICOS &amp; PLANTAS BIOINDICADORAS<\/a>\u00a0&#8211; 2007<br \/>\nAndrea Nunes Vaz Pedroso<\/h4>\n<hr \/>\n<h4 style=\"text-align: left\"><strong>PDF <\/strong><a href=\"https:\/\/smastr16.blob.core.windows.net\/pgibt\/sites\/242\/2023\/10\/fungos-liquenizados-liquens_spielmann.pdf\">FUNGOS LIQUENIZADOS (LIQUENS)<\/a>\u00a0&#8211; 2006<br \/>\nSpielmann &amp; Marcelli<\/h4>\n<hr \/>\n<h4 style=\"text-align: left\"><strong>PDF <\/strong>NOTAS DID\u00c1TICAS SOBRE BIODIVERSIDADE\u00a0&#8211; 2006<br \/>\nPqC Tania Maria Cerati<\/h4>\n<hr \/>\n<h4 style=\"text-align: left\"><strong>PDF <\/strong> <a href=\"https:\/\/smastr16.blob.core.windows.net\/pgibt\/sites\/242\/2023\/10\/o_ambiente_aquatico_e_as_algas_diogina_barata_e_lilian_crispino.pdf\">O AMBIENTE AQU\u00c1TICO E AS ALGAS<\/a>\u00a0&#8211; 2006<br \/>\nDi\u00f3gina Barata &amp; Lilian M. B. Crispino<\/h4>\n<hr \/>\n<h4 style=\"text-align: left\"><strong>PDF <\/strong><a href=\"https:\/\/smastr16.blob.core.windows.net\/pgibt\/sites\/242\/2023\/10\/adaptacoes_estruturais_das_plantas_ao_ambiente_elisa_aoyama.pdf\">ADAPTA\u00c7\u00d5ES ESTRUTURAS DAS PLANTAS AO MEIO AMBIENTE<\/a>\u00a0&#8211; 2006<br \/>\nElisa Mitsuko Aoyama &amp; Solange Cristina Mazzoni &#8211; Viveiros<\/h4>\n<hr \/>\n<h4 style=\"text-align: left\"><strong>PDF <\/strong><a href=\"https:\/\/smastr16.blob.core.windows.net\/pgibt\/sites\/242\/2023\/10\/producao_serapilheira_cerrado_mogi_guacu_rosana_carreira.pdf\">PRODU\u00c7\u00c3O DE SERAPILHEIRA EM UMA \u00c1REA DE CERRADO DE MOGI GUA\u00c7U, SP<\/a>\u00a0&#8211; 2006<br \/>\nRosana Cristina Carreira, Josimara Nolasco Rondon &amp; Lilian B. P. Zaidan<\/h4>\n<hr \/>\n<h4 style=\"text-align: left\"><strong>PDF <\/strong><a href=\"https:\/\/smastr16.blob.core.windows.net\/pgibt\/sites\/242\/2023\/10\/bromelias_bianca_moreira.pdf\">BROM\u00c9LIAS: IMPORT\u00c2NCIA ECOL\u00d3GICA E DIVERSIDADE. TAXONOMIA E MORFOLOGIA<\/a>\u00a0&#8211; 2006<br \/>\nBianca Alsina Moreira, Maria das Gra\u00e7as L. Wanderley &amp; Maria Am\u00e9lia V. da Cruz-Barros<\/h4>\n<hr \/>\n<h4 style=\"text-align: left\"><strong>PDF <\/strong><a href=\"https:\/\/smastr16.blob.core.windows.net\/pgibt\/sites\/242\/2023\/10\/palinologia_eduardo_gasparino.pdf\">PALINOLOGIA<\/a>\u00a0&#8211; 2006<br \/>\nEduardo C. Gasparino &amp; Maria Am\u00e9lia V. Cruz-Barros<\/h4>\n<hr \/>\n<h4 style=\"text-align: left\"><strong>PDF <\/strong><a href=\"https:\/\/smastr16.blob.core.windows.net\/pgibt\/sites\/242\/2023\/10\/fungos_principais_grupos_aplicacoes_biotecnologicas_ricardo-silva.pdf\">FUNGOS &#8211; PRINCIPAIS GRUPOS E APLICA\u00c7\u00d5ES BIOTECNOL\u00d3GICAS<\/a>\u00a0&#8211; 2006<br \/>\nRicardo Ribeiro da Silva &amp; Glauciane Danuza Coelho<\/h4>\n<hr \/>\n<h4 style=\"text-align: left\"><strong>PDF <\/strong><a href=\"https:\/\/smastr16.blob.core.windows.net\/pgibt\/sites\/242\/2023\/10\/jardins-botanicos-e-a-biodiversidade-tania-cerati.pdf\">JARDINS BOT\u00c2NICOS E A BIODIVERSIDADE<\/a>\u00a0&#8211; 2006<br \/>\nPqC Tania Maria Cerati<\/h4>\n<hr style=\"clear: both\" \/>\n<h4 style=\"text-align: justify\"><\/h4>\n<p>[\/vc_column_text][\/vc_column][\/vc_row]<\/p>\n","protected":false},"excerpt":{"rendered":"<p>[vc_row][vc_column][vc_column_text] PDF\u00a0APOSTILA SOBRE ALGICULTURA &#8211; 2023 Leandro Amaral Herrera PDF\u00a0BREVE GUIA DE CAMPO DE BRI\u00d3FITAS DA MATA ATL\u00c2NTICA &#8211; 2022 J\u00e9ssica de Lima PDF\u00a0PLANTAS RUDERAIS DO JARDIM BOT\u00c2NICO DE S\u00c3O PAULO &#8211; 2022 Roberta Keyla Kojima PDF A ENERGIA QUE VEM DE DENTRO: SEMENTES, DA FORMA\u00c7\u00c3O A CONSERVA\u00c7\u00c3O &#8211; 2022 Camila R. Alonso PDF\u00a0EXTRA\u00c7\u00c3O DE [&hellip;]<\/p>\n","protected":false},"author":1,"featured_media":0,"parent":185,"menu_order":10,"comment_status":"closed","ping_status":"open","template":"","meta":[],"_links":{"self":[{"href":"https:\/\/www.infraestruturameioambiente.sp.gov.br\/pgibt\/wp-json\/wp\/v2\/pages\/308"}],"collection":[{"href":"https:\/\/www.infraestruturameioambiente.sp.gov.br\/pgibt\/wp-json\/wp\/v2\/pages"}],"about":[{"href":"https:\/\/www.infraestruturameioambiente.sp.gov.br\/pgibt\/wp-json\/wp\/v2\/types\/page"}],"author":[{"embeddable":true,"href":"https:\/\/www.infraestruturameioambiente.sp.gov.br\/pgibt\/wp-json\/wp\/v2\/users\/1"}],"replies":[{"embeddable":true,"href":"https:\/\/www.infraestruturameioambiente.sp.gov.br\/pgibt\/wp-json\/wp\/v2\/comments?post=308"}],"version-history":[{"count":22,"href":"https:\/\/www.infraestruturameioambiente.sp.gov.br\/pgibt\/wp-json\/wp\/v2\/pages\/308\/revisions"}],"predecessor-version":[{"id":8871,"href":"https:\/\/www.infraestruturameioambiente.sp.gov.br\/pgibt\/wp-json\/wp\/v2\/pages\/308\/revisions\/8871"}],"up":[{"embeddable":true,"href":"https:\/\/www.infraestruturameioambiente.sp.gov.br\/pgibt\/wp-json\/wp\/v2\/pages\/185"}],"wp:attachment":[{"href":"https:\/\/www.infraestruturameioambiente.sp.gov.br\/pgibt\/wp-json\/wp\/v2\/media?parent=308"}],"curies":[{"name":"wp","href":"https:\/\/api.w.org\/{rel}","templated":true}]}}