{"id":286,"date":"2013-04-19T12:55:36","date_gmt":"2013-04-19T15:55:36","guid":{"rendered":"https:\/\/www.infraestruturameioambiente.sp.gov.br\/pgibt\/?page_id=286"},"modified":"2026-02-03T07:23:47","modified_gmt":"2026-02-03T10:23:47","slug":"matriculas-2","status":"publish","type":"page","link":"https:\/\/www.infraestruturameioambiente.sp.gov.br\/pgibt\/menu-2\/matriculas-2\/","title":{"rendered":"Matr\u00edculas"},"content":{"rendered":"<h2 style=\"text-align: center\"><span style=\"color: #0000ff\"><strong>Matr\u00edculas<\/strong><\/span><\/h2>\n<hr style=\"clear: both\" \/>\n<h2 style=\"text-align: center\"><strong>Per\u00edodo de Matr\u00edcula<\/strong><\/h2>\n<h2 style=\"text-align: center\"><span style=\"color: #ff0000\"><strong>Para Alunos Novos, Regulares e Especiais:<br \/>\nDe 23\/02 a 06\/03 de 2026<br \/>\nMatr\u00edcula do primeiro semestre<\/strong><\/span><\/h2>\n<hr style=\"clear: both\" \/>\n<h3 style=\"text-align: justify\"><span style=\"color: #ff9900\">ALUNOS NOVOS e REGULARES:<\/span><\/h3>\n<p>Realizar a matr\u00edcula com ou sem disciplina exclusivamente no SISPG\u00a0 <a href=\"http:\/\/200.144.29.107\/botanicaweb\/login.xhtml\">http:\/\/200.144.29.107\/botanicaweb\/login.xhtml<\/a><\/p>\n<hr style=\"clear: both\" \/>\n<h3>\u00a0<span style=\"color: #339966\">ALUNOS\u00a0EGRESSOS<\/span><\/h3>\n<p>Os alunos egressos devem fazer a solicita\u00e7\u00e3o do Doutorado exclusivamente no SISPG <a href=\"http:\/\/200.144.29.107\/botanicaweb\/login.xhtml\">http:\/\/200.144.29.107\/botanicaweb\/login.xhtml<\/a><\/p>\n<p>Para solicitar a entrada no Doutorado clicar em \u201cPedir doutorado\u201d e, posteriormente, enviar o projeto a ser desenvolvido para Coordena\u00e7\u00e3o (<a href=\"mailto:ipa.posgraduacao@sp.gov.br\">ipa.posgraduacao@sp.gov.br<\/a>), o qual inicialmente ser\u00e1 avaliado pelo Coordenador de \u00c1rea.<\/p>\n<p>Ap\u00f3s o aceite do orientador e a autoriza\u00e7\u00e3o da Coordena\u00e7\u00e3o do Programa de P\u00f3s-Gradua\u00e7\u00e3o, o aluno poder\u00e1 fazer a matr\u00edcula no SISPG.<\/p>\n<hr style=\"clear: both\" \/>\n<h2><span style=\"color: #339966\">ALUNOS ESPECIAIS<\/span><\/h2>\n<p>Alunos externos ao Programa de P\u00f3s-Gradua\u00e7\u00e3o em Biodiversidade Vegetal e Meio Ambiente do Instituto de Pesquisas Ambientais que desejarem cursar disciplinas dever\u00e3o encaminhar os documentos listados abaixo \u00e0 Secretaria da P\u00f3s-Gradua\u00e7\u00e3o (<a href=\"mailto:ipa.posgraduacao@sp.gov.br\">ipa.posgraduacao@sp.gov.br<\/a>), exclusivamente durante o per\u00edodo de matr\u00edcula do semestre correspondente \u00e0 disciplina de interesse.<\/p>\n<p>a) Declara\u00e7\u00e3o de matr\u00edcula da Universidade em que est\u00e1 cursando a P\u00f3s-Gradua\u00e7\u00e3o<\/p>\n<p>b) Requerimento de Matr\u00edcula de Alunos Especiais com Disciplinas.<\/p>\n<hr style=\"clear: both\" \/>\n<h3><a href=\"https:\/\/smastr16.blob.core.windows.net\/pgibt\/sites\/242\/2022\/08\/requerimento_de_matricula_alunos_especiais.docx\"><strong>Requerimento de <\/strong>MATR\u00cdCULA para ALUNOS ESPECIAIS \u2013 Com disciplinas<\/a><\/h3>\n<hr style=\"clear: both\" \/>\n<p style=\"text-align: center\" align=\"center\">\n","protected":false},"excerpt":{"rendered":"<p>Matr\u00edculas Per\u00edodo de Matr\u00edcula Para Alunos Novos, Regulares e Especiais: De 23\/02 a 06\/03 de 2026 Matr\u00edcula do primeiro semestre ALUNOS NOVOS e REGULARES: Realizar a matr\u00edcula com ou sem disciplina exclusivamente no SISPG\u00a0 http:\/\/200.144.29.107\/botanicaweb\/login.xhtml \u00a0ALUNOS\u00a0EGRESSOS Os alunos egressos devem fazer a solicita\u00e7\u00e3o do Doutorado exclusivamente no SISPG http:\/\/200.144.29.107\/botanicaweb\/login.xhtml Para solicitar a entrada no Doutorado [&hellip;]<\/p>\n","protected":false},"author":1,"featured_media":0,"parent":185,"menu_order":7,"comment_status":"closed","ping_status":"open","template":"","meta":[],"_links":{"self":[{"href":"https:\/\/www.infraestruturameioambiente.sp.gov.br\/pgibt\/wp-json\/wp\/v2\/pages\/286"}],"collection":[{"href":"https:\/\/www.infraestruturameioambiente.sp.gov.br\/pgibt\/wp-json\/wp\/v2\/pages"}],"about":[{"href":"https:\/\/www.infraestruturameioambiente.sp.gov.br\/pgibt\/wp-json\/wp\/v2\/types\/page"}],"author":[{"embeddable":true,"href":"https:\/\/www.infraestruturameioambiente.sp.gov.br\/pgibt\/wp-json\/wp\/v2\/users\/1"}],"replies":[{"embeddable":true,"href":"https:\/\/www.infraestruturameioambiente.sp.gov.br\/pgibt\/wp-json\/wp\/v2\/comments?post=286"}],"version-history":[{"count":37,"href":"https:\/\/www.infraestruturameioambiente.sp.gov.br\/pgibt\/wp-json\/wp\/v2\/pages\/286\/revisions"}],"predecessor-version":[{"id":9897,"href":"https:\/\/www.infraestruturameioambiente.sp.gov.br\/pgibt\/wp-json\/wp\/v2\/pages\/286\/revisions\/9897"}],"up":[{"embeddable":true,"href":"https:\/\/www.infraestruturameioambiente.sp.gov.br\/pgibt\/wp-json\/wp\/v2\/pages\/185"}],"wp:attachment":[{"href":"https:\/\/www.infraestruturameioambiente.sp.gov.br\/pgibt\/wp-json\/wp\/v2\/media?parent=286"}],"curies":[{"name":"wp","href":"https:\/\/api.w.org\/{rel}","templated":true}]}}