{"id":2247,"date":"2013-10-30T10:02:18","date_gmt":"2013-10-30T12:02:18","guid":{"rendered":"https:\/\/www.infraestruturameioambiente.sp.gov.br\/pgibt\/?page_id=2247"},"modified":"2013-10-30T10:02:18","modified_gmt":"2013-10-30T12:02:18","slug":"2008-berta-lucia","status":"publish","type":"page","link":"https:\/\/www.infraestruturameioambiente.sp.gov.br\/pgibt\/dissertacoesteses\/2008-berta-lucia\/","title":{"rendered":"Berta L\u00facia Pereira Villagra MS"},"content":{"rendered":"<h2 style=\"text-align: center\"><a href=\"https:\/\/smastr16.blob.core.windows.net\/pgibt\/2015\/02\/faixapos6.jpg\"><img decoding=\"async\" loading=\"lazy\" class=\"aligncenter size-full wp-image-3777\" style=\"border: 0px\" alt=\"faixapos6\" src=\"https:\/\/smastr16.blob.core.windows.net\/pgibt\/2015\/02\/faixapos6.jpg\" width=\"950\" height=\"163\" srcset=\"https:\/\/smastr16.blob.core.windows.net\/pgibt\/2015\/02\/faixapos6.jpg 950w, https:\/\/smastr16.blob.core.windows.net\/pgibt\/2015\/02\/faixapos6-768x131.jpg 768w\" sizes=\"(max-width: 950px) 100vw, 950px\" \/><\/a><\/h2>\n<hr align=\"center\" noshade=\"noshade\" size=\"1\" width=\"100%\" \/>\n<h2 style=\"text-align: center\"><span style=\"color: #003300\">Berta L\u00facia Pereira Villagra<\/span><\/h2>\n<hr align=\"center\" noshade=\"noshade\" size=\"1\" width=\"100%\" \/>\n<p style=\"text-align: center\">No dia 27 de fevereiro de 2008, a aluna do Programa de P\u00f3s-Gradua\u00e7\u00e3o\u00a0em Biodiversidade Vegetal e Meio Ambiente do Instituto de Bot\u00e2nica\/IBt,<br \/>\nBerta L\u00facia Pereira Villagra (Bolsista Capes), defendeu sua\u00a0disserta\u00e7\u00e3o de mestrado intitulada<\/p>\n<p align=\"center\">&#8220;Diversidade flor\u00edstica e\u00a0estrutura a comunidade de plantas trepadeiras no<br \/>\nParque Estadual\u00a0das Fontes do Ipiranga, S\u00e3o Paulo, SP, Brasil&#8221;.<\/p>\n<p style=\"text-align: center\" align=\"center\">A banca examinadora\u00a0foi composta pelo Dr. Sergio Romaniuc Neto (Orientador e Presidente\u00a0\/ IBt), Dra Maria Margarida\u00a0da Rocha Fiuza de Melo (IBt)<br \/>\ne Dr. Jorge Luiz Waechter (UFRS), como mostrado na\u00a0foto. A aluna foi aprovada\u00a0com distin\u00e7\u00e3o e louvor.<\/p>\n<p align=\"center\"><a href=\"https:\/\/smastr16.blob.core.windows.net\/pgibt\/2013\/10\/berta1.jpg\"><img decoding=\"async\" loading=\"lazy\" class=\"aligncenter\" alt=\"berta1\" src=\"https:\/\/smastr16.blob.core.windows.net\/pgibt\/2013\/10\/berta1.jpg\" width=\"250\" height=\"211\" \/><\/a><\/p>\n<hr align=\"center\" noshade=\"noshade\" size=\"1\" width=\"100%\" \/>\n<h3 style=\"text-align: center\">Diversidade flor\u00edstica e estrutura da comunidade de plantas trepadeiras no<br \/>\nParque Estadual das Fontes do Ipiranga, S\u00e3o Paulo, SP, Brasil<\/h3>\n<hr align=\"center\" noshade=\"noshade\" size=\"1\" width=\"100%\" \/>\n<h4 style=\"text-align: center\"><strong>RESUMO<\/strong><\/h4>\n<p style=\"text-align: justify\">Este\u00a0foi realizado em \u00e1rea administrada pelo Instituto de\u00a0Bot\u00e2nica, pertencente ao Parque Estadual das Fontes do\u00a0Ipiranga &#8211; PEFI (23\u00ba38&#8217;08?S &#8211; 23\u00ba40&#8217;18?S e 46\u00ba36&#8217;48?W- 46\u00ba38&#8217;00?W), que est\u00e1 a 798 m de altitude e possui\u00a0549,31 ha. O PEFI possui \u00e1reas de floresta ombr\u00f3fila\u00a0densa com influ\u00eancia de floresta estacional semidecidual,\u00a0entrecortadas por trilhas em diversos est\u00e1gios de uso\u00a0e conserva\u00e7\u00e3o. Neste trabalho foram consideradas\u00a0plantas trepadeiras todos os indiv\u00edduos terrestres que\u00a0utilizam suporte para sustenta\u00e7\u00e3o, sejam lenhosos\u00a0ou herb\u00e1ceos. O presente trabalho objetivou contribuir\u00a0para o conhecimento da flora e da estrutura da comunidade das\u00a0plantas trepadeiras. A hip\u00f3tese levantada foi que em\u00a0trilhas de alto impacto h\u00e1 menor diversidade de esp\u00e9cies\u00a0de plantas trepadeiras e maior densidade populacional, se comparada\u00a0\u00e0s trilhas de m\u00e9dio e baixo impacto. Os estudos\u00a0flor\u00edsticos relacionados ao conhecimento da diversidade\u00a0foram centrados nos esp\u00e9cimes depositados no Herb\u00e1rio\u00a0do Instituto de Bot\u00e2nica (SP) e complementados com\u00a0coletas mensais (jan\/2006 a jun\/2007), percorrendo-se toda a\u00a0\u00e1rea do PEFI. Foram encontradas 187 esp\u00e9cies de\u00a0plantas trepadeiras, distribu\u00eddas em 108 g\u00eaneros\u00a0e 32 fam\u00edlias, sendo as de maior n\u00famero de esp\u00e9cies\u00a0Fabaceae (21), Bignoniaceae (20), Asteraceae (20) e Apocynaceae\u00a0(18). Foi confeccionada chave de determina\u00e7\u00e3o\u00a0para fam\u00edlias e descri\u00e7\u00f5es suscintas para\u00a0as esp\u00e9cies. Na an\u00e1lise quantitativa foi amostrada\u00a0uma \u00e1rea de 3.000 m\u00b2, compreendendo 30 transectos\u00a0de 2\u00d750 m, dispostos paralelamente a tr\u00eas trilhas\u00a0com diferentes intensidades de uso: trilha de terra batida _alto impacto; trilha Fontes do Ipiranga _ m\u00e9dio impacto;\u00a0trilha controle _ baixo impacto. Al\u00e9m da medida do di\u00e2metro\u00a0DAP a 1,3 m do ponto de enraizamento e\u00a0&gt;\u00a02 cm, foram\u00a0coletados ramos, folhas e flores e amostras de lenho, posteriormente\u00a0depositadas na xiloteca do Herb\u00e1rio do Estado (SP).<\/p>\n<p style=\"text-align: justify\">Para\u00a0a an\u00e1lise comparativa foi utilizado o \u00cdndice de\u00a0Similaridade de S\u00f8rensen e confeccionados perfis de vegeta\u00e7\u00e3o\u00a0para cada trilha estudada. Encontrou-se 35 esp\u00e9cies em\u00a0um total de 221 indiv\u00edduos, \u00edndice de diversidade\u00a0(<em>H&#8217;<\/em>) 3,014 nats.ind<sup>&#8211;<\/sup>\u00b9. Apresentaram o\u00a0maior n\u00famero de esp\u00e9cies Bignoniaceae (10), Sapindaceae\u00a0(5) e Fabaceae (5). A adapta\u00e7\u00e3o mais encontrada\u00a0foi a pre\u00eansil. Foi apresentada chave de determina\u00e7\u00e3o para esp\u00e9cies com base na macro-anatomia do lenho, al\u00e9m\u00a0de descri\u00e7\u00f5es macro-anat\u00f4micas para as 35\u00a0esp\u00e9cies. Embora tenha sido alta a similaridade entre\u00a0as trilhas de terra batida e Fontes do Ipiranga, a hip\u00f3tese\u00a0assumida n\u00e3o \u00e9 verdadeira; o estudo revelou maior\u00a0diversidade (<em>H&#8217;<\/em>=2,64) na trilha de terra batida comparada\u00a0a Fontes do Ipiranga (<em>H&#8217;<\/em>=1,84). A trilha controle confirmou-se\u00a0com maior grau de conserva\u00e7\u00e3o devido a alta diversidade\u00a0(<em>H&#8217;<\/em>=2,83) e esp\u00e9cies com di\u00e2metros maiores\u00a0que 10 cm.<\/p>\n<p style=\"text-align: center\"><a href=\"https:\/\/smastr16.blob.core.windows.net\/pgibt\/2013\/10\/berta2.jpg\"><img decoding=\"async\" loading=\"lazy\" class=\"alignnone size-full wp-image-2256\" alt=\"\" src=\"https:\/\/smastr16.blob.core.windows.net\/pgibt\/2013\/10\/berta2.jpg\" width=\"126\" height=\"120\" \/><\/a> <a href=\"https:\/\/smastr16.blob.core.windows.net\/pgibt\/2013\/10\/berta3.jpg\"><img decoding=\"async\" loading=\"lazy\" class=\"alignnone size-full wp-image-2257\" alt=\"\" src=\"https:\/\/smastr16.blob.core.windows.net\/pgibt\/2013\/10\/berta3.jpg\" width=\"134\" height=\"120\" \/><\/a> <a href=\"https:\/\/smastr16.blob.core.windows.net\/pgibt\/2013\/10\/berta4.jpg\"><img decoding=\"async\" loading=\"lazy\" class=\"alignnone size-full wp-image-2258\" alt=\"\" src=\"https:\/\/smastr16.blob.core.windows.net\/pgibt\/2013\/10\/berta4.jpg\" width=\"148\" height=\"120\" \/><\/a> <a href=\"https:\/\/smastr16.blob.core.windows.net\/pgibt\/2013\/10\/berta5.jpg\"><img decoding=\"async\" loading=\"lazy\" class=\"alignnone size-full wp-image-2259\" alt=\"\" src=\"https:\/\/smastr16.blob.core.windows.net\/pgibt\/2013\/10\/berta5.jpg\" width=\"142\" height=\"120\" \/><\/a><\/p>\n<hr align=\"center\" noshade=\"noshade\" size=\"1\" width=\"100%\" \/>\n<p style=\"text-align: center\"><a href=\"https:\/\/smastr16.blob.core.windows.net\/pgibt\/2013\/09\/pdf_grande.gif\"><img decoding=\"async\" loading=\"lazy\" class=\"aligncenter size-full wp-image-2313\" style=\"border: 0px\" alt=\"pdf_grande\" src=\"https:\/\/smastr16.blob.core.windows.net\/pgibt\/2013\/09\/pdf_grande.gif\" width=\"60\" height=\"60\" \/><\/a><a href=\"https:\/\/smastr16.blob.core.windows.net\/pgibt\/2013\/10\/Berta_Lucia_Pereira_Villagra_MS.pdf\" target=\"_blank\">Berta L\u00facia Pereira Villagra<br \/>\nDiversidade flor\u00edstica e estrutura da comunidade de plantas trepadeiras no Parque Estadual das Fontes do Ipiranga, S\u00e3o Paulo, SP, Brasil<\/a><\/p>\n<hr align=\"center\" noshade=\"noshade\" size=\"1\" width=\"100%\" \/>\n<p style=\"text-align: center\"><strong>\u00a0<a href=\"https:\/\/www.infraestruturameioambiente.sp.gov.br\/pgibt\/dissertacoesteses\/\">VOLTAR AS DISSERTA\u00c7\u00d5ES E TESES<\/a><\/strong><\/p>\n<hr align=\"center\" noshade=\"noshade\" size=\"1\" width=\"100%\" \/>\n","protected":false},"excerpt":{"rendered":"<p>Berta L\u00facia Pereira Villagra No dia 27 de fevereiro de 2008, a aluna do Programa de P\u00f3s-Gradua\u00e7\u00e3o\u00a0em Biodiversidade Vegetal e Meio Ambiente do Instituto de Bot\u00e2nica\/IBt, Berta L\u00facia Pereira Villagra (Bolsista Capes), defendeu sua\u00a0disserta\u00e7\u00e3o de mestrado intitulada &#8220;Diversidade flor\u00edstica e\u00a0estrutura a comunidade de plantas trepadeiras no Parque Estadual\u00a0das Fontes do Ipiranga, S\u00e3o Paulo, SP, Brasil&#8221;. [&hellip;]<\/p>\n","protected":false},"author":1,"featured_media":0,"parent":249,"menu_order":0,"comment_status":"closed","ping_status":"open","template":"fullpage.php","meta":[],"_links":{"self":[{"href":"https:\/\/www.infraestruturameioambiente.sp.gov.br\/pgibt\/wp-json\/wp\/v2\/pages\/2247"}],"collection":[{"href":"https:\/\/www.infraestruturameioambiente.sp.gov.br\/pgibt\/wp-json\/wp\/v2\/pages"}],"about":[{"href":"https:\/\/www.infraestruturameioambiente.sp.gov.br\/pgibt\/wp-json\/wp\/v2\/types\/page"}],"author":[{"embeddable":true,"href":"https:\/\/www.infraestruturameioambiente.sp.gov.br\/pgibt\/wp-json\/wp\/v2\/users\/1"}],"replies":[{"embeddable":true,"href":"https:\/\/www.infraestruturameioambiente.sp.gov.br\/pgibt\/wp-json\/wp\/v2\/comments?post=2247"}],"version-history":[{"count":0,"href":"https:\/\/www.infraestruturameioambiente.sp.gov.br\/pgibt\/wp-json\/wp\/v2\/pages\/2247\/revisions"}],"up":[{"embeddable":true,"href":"https:\/\/www.infraestruturameioambiente.sp.gov.br\/pgibt\/wp-json\/wp\/v2\/pages\/249"}],"wp:attachment":[{"href":"https:\/\/www.infraestruturameioambiente.sp.gov.br\/pgibt\/wp-json\/wp\/v2\/media?parent=2247"}],"curies":[{"name":"wp","href":"https:\/\/api.w.org\/{rel}","templated":true}]}}