{"id":2198,"date":"2013-10-29T11:14:57","date_gmt":"2013-10-29T13:14:57","guid":{"rendered":"https:\/\/www.infraestruturameioambiente.sp.gov.br\/pgibt\/?page_id=2198"},"modified":"2013-10-29T11:14:57","modified_gmt":"2013-10-29T13:14:57","slug":"2008-alessandra-carla","status":"publish","type":"page","link":"https:\/\/www.infraestruturameioambiente.sp.gov.br\/pgibt\/dissertacoesteses\/2008-alessandra-carla\/","title":{"rendered":"Alessandra Carla F. E. Machado DR"},"content":{"rendered":"<h2 style=\"text-align: center\"><a href=\"https:\/\/smastr16.blob.core.windows.net\/pgibt\/2015\/02\/faixapos6.jpg\"><img decoding=\"async\" loading=\"lazy\" class=\"aligncenter size-full wp-image-3777\" style=\"border: 0px\" alt=\"faixapos6\" src=\"https:\/\/smastr16.blob.core.windows.net\/pgibt\/2015\/02\/faixapos6.jpg\" width=\"950\" height=\"163\" srcset=\"https:\/\/smastr16.blob.core.windows.net\/pgibt\/2015\/02\/faixapos6.jpg 950w, https:\/\/smastr16.blob.core.windows.net\/pgibt\/2015\/02\/faixapos6-768x131.jpg 768w\" sizes=\"(max-width: 950px) 100vw, 950px\" \/><\/a><\/h2>\n<hr align=\"center\" noshade=\"noshade\" size=\"1\" width=\"100%\" \/>\n<h2 style=\"text-align: center\"><span style=\"color: #003300\">Alessandra Carla F. E. Machado<\/span><\/h2>\n<hr align=\"center\" noshade=\"noshade\" size=\"1\" width=\"100%\" \/>\n<p style=\"text-align: center\">\n<hr align=\"center\" noshade=\"noshade\" size=\"1\" width=\"100%\" \/>\n<h3 align=\"center\">Avalia\u00e7\u00e3o da viabilidade de utiliza\u00e7\u00e3o de\u00a0<em>Tradescantia pallida<\/em>\u00a0cv. Purpurea<br \/>\nno biomonitoramento de fontes estacion\u00e1rias\u00a0de contamina\u00e7\u00e3o atmosf\u00e9rica<\/h3>\n<hr align=\"center\" noshade=\"noshade\" size=\"1\" width=\"100%\" \/>\n<h4 style=\"text-align: center\"><strong>RESUMO<\/strong><\/h4>\n<p style=\"text-align: justify\">O biomonitoramento da contamina\u00e7\u00e3o atmosf\u00e9rica constitui importante procedimento para ado\u00e7\u00e3o de medidas de controle ambiental. Ensaios biol\u00f3gicos t\u00eam sido bastante empregados para avaliar agentes genot\u00f3xicos presentes no ambiente. Entre o bioensaios com plantas, o Trad-MCN tem sido extensivamente usado no monitoramento ambiental por sua efic\u00e1cia na detec\u00e7\u00e3o de danos cromoss\u00f4micos em prepara\u00e7\u00f5es citol\u00f3gicas de f\u00e1cil execu\u00e7\u00e3o. O presente estudo objetivou avaliar, pelo bioensaio Trad-MCN, a genotoxicidade dos elementos testados, bem como a possibilidade de utilizar a esp\u00e9cie\u00a0<em>Tradescantia pallida<\/em>\u00a0em monitoramento\u00a0<em>in situ<\/em>. Para tanto foram realizados ensaios laboratoriais, exposi\u00e7\u00f5es\u00a0<em>in situ<\/em>\u00a0e an\u00e1lises de ac\u00famulo foliar. Nos ensaios laboratoriais os elementos testados foram os efluentes l\u00edquidos provenientes de lavadores de gases, am\u00f4nia e \u00e1cido fluor\u00eddrico, bem como a radia\u00e7\u00e3o ionizante gama, considerados representativos das atividades desenvolvidas no local. As exposi\u00e7\u00f5es\u00a0<em>in situ<\/em>\u00a0foram executadas com mudas de\u00a0<em>T<\/em>.<em>\u00a0pallida<\/em>\u00a0cultivadas em canteiros ou floreiras, estabelecidos pr\u00f3ximos \u00e0s fontes de emiss\u00e3o atmosf\u00e9rica. O bioensaio foi realizado de acordo com protocolo j\u00e1 consagrado. As freq\u00fc\u00eancias de micron\u00facleos foram comparadas fazendo uso da an\u00e1lise de vari\u00e2ncia Kruskal-Wallis. Os resultados obtidos indicaram que os ensaios experimentais, em condi\u00e7\u00f5es controladas, foram v\u00e1lidos e que a\u00a0<em>T<\/em>.<em>\u00a0pallida<\/em>\u00a0\u00e9 um bioindicador sens\u00edvel para os contaminantes testados e tamb\u00e9m \u00e9 capaz de acumular discriminadamente o ur\u00e2nio. Por\u00e9m, o modelo de biomonitoramento\u00a0<em>in situ<\/em>\u00a0adotado n\u00e3o foi adequado, provavelmente devido \u00e0 forte influencia de fatores ambientais sobre a planta.<\/p>\n<p style=\"text-align: justify\"><strong>Palavras-chave:<\/strong>\u00a0bioensaio, biomonitoramento, micron\u00facleos, Trad-MCN<\/p>\n<hr align=\"center\" noshade=\"noshade\" size=\"1\" width=\"100%\" \/>\n<p style=\"text-align: center\"><a href=\"https:\/\/smastr16.blob.core.windows.net\/pgibt\/2013\/09\/pdf_grande.gif\"><img decoding=\"async\" loading=\"lazy\" class=\"aligncenter size-full wp-image-2313\" style=\"border: 0px\" alt=\"pdf_grande\" src=\"https:\/\/smastr16.blob.core.windows.net\/pgibt\/2013\/09\/pdf_grande.gif\" width=\"60\" height=\"60\" \/><\/a><a href=\"https:\/\/smastr16.blob.core.windows.net\/pgibt\/2013\/10\/Alessandra_Carla_F_E_Machado_DR.pdf\" target=\"_blank\">Alessandra Carla F. E. Machado<br \/>\nAvalia\u00e7\u00e3o da viabilidade de utiliza\u00e7\u00e3o de <em>Tradescantia pallida<\/em> cv. Purpurea<br \/>\nno biomonitoramento de fontes estacion\u00e1rias de contamina\u00e7\u00e3o atmosf\u00e9rica<\/a><\/p>\n<hr align=\"center\" noshade=\"noshade\" size=\"1\" width=\"100%\" \/>\n<p style=\"text-align: center\"><strong>\u00a0<a href=\"https:\/\/www.infraestruturameioambiente.sp.gov.br\/pgibt\/dissertacoesteses\/\">VOLTAR AS DISSERTA\u00c7\u00d5ES E TESES<\/a><\/strong><\/p>\n<hr align=\"center\" noshade=\"noshade\" size=\"1\" width=\"100%\" \/>\n","protected":false},"excerpt":{"rendered":"<p>Alessandra Carla F. E. Machado Avalia\u00e7\u00e3o da viabilidade de utiliza\u00e7\u00e3o de\u00a0Tradescantia pallida\u00a0cv. Purpurea no biomonitoramento de fontes estacion\u00e1rias\u00a0de contamina\u00e7\u00e3o atmosf\u00e9rica RESUMO O biomonitoramento da contamina\u00e7\u00e3o atmosf\u00e9rica constitui importante procedimento para ado\u00e7\u00e3o de medidas de controle ambiental. Ensaios biol\u00f3gicos t\u00eam sido bastante empregados para avaliar agentes genot\u00f3xicos presentes no ambiente. Entre o bioensaios com plantas, o [&hellip;]<\/p>\n","protected":false},"author":1,"featured_media":0,"parent":249,"menu_order":0,"comment_status":"closed","ping_status":"open","template":"fullpage.php","meta":[],"_links":{"self":[{"href":"https:\/\/www.infraestruturameioambiente.sp.gov.br\/pgibt\/wp-json\/wp\/v2\/pages\/2198"}],"collection":[{"href":"https:\/\/www.infraestruturameioambiente.sp.gov.br\/pgibt\/wp-json\/wp\/v2\/pages"}],"about":[{"href":"https:\/\/www.infraestruturameioambiente.sp.gov.br\/pgibt\/wp-json\/wp\/v2\/types\/page"}],"author":[{"embeddable":true,"href":"https:\/\/www.infraestruturameioambiente.sp.gov.br\/pgibt\/wp-json\/wp\/v2\/users\/1"}],"replies":[{"embeddable":true,"href":"https:\/\/www.infraestruturameioambiente.sp.gov.br\/pgibt\/wp-json\/wp\/v2\/comments?post=2198"}],"version-history":[{"count":0,"href":"https:\/\/www.infraestruturameioambiente.sp.gov.br\/pgibt\/wp-json\/wp\/v2\/pages\/2198\/revisions"}],"up":[{"embeddable":true,"href":"https:\/\/www.infraestruturameioambiente.sp.gov.br\/pgibt\/wp-json\/wp\/v2\/pages\/249"}],"wp:attachment":[{"href":"https:\/\/www.infraestruturameioambiente.sp.gov.br\/pgibt\/wp-json\/wp\/v2\/media?parent=2198"}],"curies":[{"name":"wp","href":"https:\/\/api.w.org\/{rel}","templated":true}]}}