{"id":2179,"date":"2013-10-25T16:21:52","date_gmt":"2013-10-25T18:21:52","guid":{"rendered":"https:\/\/www.infraestruturameioambiente.sp.gov.br\/pgibt\/?page_id=2179"},"modified":"2013-10-25T16:21:52","modified_gmt":"2013-10-25T18:21:52","slug":"2008-lilian-carminitti","status":"publish","type":"page","link":"https:\/\/www.infraestruturameioambiente.sp.gov.br\/pgibt\/dissertacoesteses\/2008-lilian-carminitti\/","title":{"rendered":"Lilian Carminitti MS"},"content":{"rendered":"<h2 style=\"text-align: center\"><a href=\"https:\/\/smastr16.blob.core.windows.net\/pgibt\/2015\/02\/faixapos6.jpg\"><img decoding=\"async\" loading=\"lazy\" class=\"aligncenter size-full wp-image-3777\" style=\"border: 0px\" alt=\"faixapos6\" src=\"https:\/\/smastr16.blob.core.windows.net\/pgibt\/2015\/02\/faixapos6.jpg\" width=\"950\" height=\"163\" srcset=\"https:\/\/smastr16.blob.core.windows.net\/pgibt\/2015\/02\/faixapos6.jpg 950w, https:\/\/smastr16.blob.core.windows.net\/pgibt\/2015\/02\/faixapos6-768x131.jpg 768w\" sizes=\"(max-width: 950px) 100vw, 950px\" \/><\/a><\/h2>\n<hr align=\"center\" noshade=\"noshade\" size=\"1\" width=\"100%\" \/>\n<h2 style=\"text-align: center\"><span style=\"color: #003300\">Lilian Carminitti<\/span><\/h2>\n<hr align=\"center\" noshade=\"noshade\" size=\"1\" width=\"100%\" \/>\n<p style=\"text-align: center\">\n<hr align=\"center\" noshade=\"noshade\" size=\"1\" width=\"100%\" \/>\n<h3 style=\"text-align: center\">Estabelecimento do potencial de plantas no monitoramento de hidrocarbonetos<br \/>\npolic\u00edclicos arom\u00e1ticos (HPAs) presentes na atmosfera urbana de S\u00e3o Paulo, SP.<\/h3>\n<hr align=\"center\" noshade=\"noshade\" size=\"1\" width=\"100%\" \/>\n<h4 style=\"text-align: center\"><strong>RESUMO<\/strong><\/h4>\n<p>O presente estudo teve por objetivos: 1) avaliar, em condi\u00e7\u00f5es de campo, o potencial de\u00a0<em>Lolium multiflorum\u00a0<\/em>ssp\u00a0<em>italicum<\/em>\u00a0var. Lema &#8211; Gramineae e de uma cultivar regional (manteiga) de\u00a0<em>Brassica oleracea<\/em>\u00a0<em>acephala\u00a0<\/em>_ Cruciferae como amostradoras passivas de 14 Hidrocarbonetos Polic\u00edclicos Arom\u00e1ticos (HPAs) estabelecidos como priorit\u00e1rios pela Ag\u00eancia de Prote\u00e7\u00e3o Ambiental dos EUA (EPA), devido a sua alta toxicidade; 2) verificar, entre essas duas esp\u00e9cies, qual \u00e9 a de maior potencial acumulador de HPAs e poder\u00e1 ser futuramente utilizada em programas de biomonitoramento de HPAs na cidade de S\u00e3o Paulo. Os HPAs presentes no material particulado atmosf\u00e9rico (MPA) foram coletados diariamente atrav\u00e9s de filtros de fibra de vidro utilizando um\u00a0<em>high-vol<\/em>\u00a0como amostrador ativo, nos per\u00edodos de 26 de fevereiro a 26 de mar\u00e7o (ver\u00e3o) e de 25 de junho a 23 de julho (inverno) de 2007. Concomitantemente, plantas de\u00a0<em>Brassica oleracea acephala<\/em>\u00a0(cultivar manteiga) e de\u00a0<em>Lolium multiflorum<\/em>\u00a0ssp\u00a0<em>italicum<\/em>\u00a0`Lema&#8217; foram expostas para a coleta passiva dos HPAs presentes no MPA depositado sobre suas folhas. As coletas ocorreram simultaneamente em duas diferentes regi\u00f5es da cidade de S\u00e3o Paulo, Zona Sul (ZS) e Zona Oeste (ZO). As amostras foram submetidas a um sistema de extra\u00e7\u00e3o Soxhlet e as concentra\u00e7\u00f5es dos 14 HPAs foram determinadas por cromatografia l\u00edquida de alta performance (HPLC) acoplada ao detector de fluoresc\u00eancia. Embora as duas regi\u00f5es estudadas tenham sido afetadas principalmente por MP e por HPAs emitidos por fontes veiculares, estes encontraram-se mais concentrados no local de amostragem situado na ZO, se comparado ao da ZS. Ambos os tipos de amostragem (f\u00edsico-qu\u00edmica e biol\u00f3gica) mostraram que benzo(ghi)perileno, naftaleno, acenafteno e fluoranteno foram os HPAs mais abundantes nos locais de estudo. Plantas de\u00a0<em>L. multiflorum<\/em>\u00a0se mostraram mais eficientes no ac\u00famulo de HPAs, quando comparada \u00e0 efici\u00eancia das plantas de\u00a0<em>B. oleracea<\/em>. Plantas de\u00a0<em>L. multiflorum<\/em>\u00a0e de\u00a0<em>B. oleracea<\/em>\u00a0podem, potencialmente, ser usadas para estimar a concentra\u00e7\u00e3o de alguns HPAs presentes na atmosfera.Concluiu-se, tamb\u00e9m, que as duas esp\u00e9cies vegetais podem ser, potencialmente, utilizadas para estimar as concentra\u00e7\u00f5es de alguns HPAs presentes na atmosfera, inclusive de benzo(a)pireno, que \u00e9 um importante indicador de risco carcinog\u00eanico.<\/p>\n<p><strong><em>Palavras-chave:<\/em><\/strong>\u00a0Polui\u00e7\u00e3o atmosf\u00e9rica; material particulado atmosf\u00e9rico; HPAs;\u00a0<em>Brassica oleracea<\/em>;\u00a0<em>Lolium multiflorum<\/em><\/p>\n<hr align=\"center\" noshade=\"noshade\" size=\"1\" width=\"100%\" \/>\n<p style=\"text-align: center\"><a href=\"https:\/\/smastr16.blob.core.windows.net\/pgibt\/2013\/09\/pdf_grande.gif\"><img decoding=\"async\" loading=\"lazy\" class=\"aligncenter size-full wp-image-2313\" style=\"border: 0px\" alt=\"pdf_grande\" src=\"https:\/\/smastr16.blob.core.windows.net\/pgibt\/2013\/09\/pdf_grande.gif\" width=\"60\" height=\"60\" \/><\/a><a href=\"https:\/\/smastr16.blob.core.windows.net\/pgibt\/2013\/10\/Lilian_Carminitti_MS.pdf\" target=\"_blank\">Lilian Carminitti<br \/>\nEstabelecimento do potencial de plantas no monitoramento de hidrocarbonetos polic\u00edclicos arom\u00e1ticos (HPAs) presentes na atmosfera urbana de S\u00e3o Paulo, SP<\/a><\/p>\n<hr align=\"center\" noshade=\"noshade\" size=\"1\" width=\"100%\" \/>\n<p style=\"text-align: center\"><strong>\u00a0<a href=\"https:\/\/www.infraestruturameioambiente.sp.gov.br\/pgibt\/dissertacoesteses\/\">VOLTAR AS DISSERTA\u00c7\u00d5ES E TESES<\/a><\/strong><\/p>\n<hr align=\"center\" noshade=\"noshade\" size=\"1\" width=\"100%\" \/>\n","protected":false},"excerpt":{"rendered":"<p>Lilian Carminitti Estabelecimento do potencial de plantas no monitoramento de hidrocarbonetos polic\u00edclicos arom\u00e1ticos (HPAs) presentes na atmosfera urbana de S\u00e3o Paulo, SP. RESUMO O presente estudo teve por objetivos: 1) avaliar, em condi\u00e7\u00f5es de campo, o potencial de\u00a0Lolium multiflorum\u00a0ssp\u00a0italicum\u00a0var. Lema &#8211; Gramineae e de uma cultivar regional (manteiga) de\u00a0Brassica oleracea\u00a0acephala\u00a0_ Cruciferae como amostradoras passivas de [&hellip;]<\/p>\n","protected":false},"author":1,"featured_media":0,"parent":249,"menu_order":0,"comment_status":"closed","ping_status":"open","template":"fullpage.php","meta":[],"_links":{"self":[{"href":"https:\/\/www.infraestruturameioambiente.sp.gov.br\/pgibt\/wp-json\/wp\/v2\/pages\/2179"}],"collection":[{"href":"https:\/\/www.infraestruturameioambiente.sp.gov.br\/pgibt\/wp-json\/wp\/v2\/pages"}],"about":[{"href":"https:\/\/www.infraestruturameioambiente.sp.gov.br\/pgibt\/wp-json\/wp\/v2\/types\/page"}],"author":[{"embeddable":true,"href":"https:\/\/www.infraestruturameioambiente.sp.gov.br\/pgibt\/wp-json\/wp\/v2\/users\/1"}],"replies":[{"embeddable":true,"href":"https:\/\/www.infraestruturameioambiente.sp.gov.br\/pgibt\/wp-json\/wp\/v2\/comments?post=2179"}],"version-history":[{"count":0,"href":"https:\/\/www.infraestruturameioambiente.sp.gov.br\/pgibt\/wp-json\/wp\/v2\/pages\/2179\/revisions"}],"up":[{"embeddable":true,"href":"https:\/\/www.infraestruturameioambiente.sp.gov.br\/pgibt\/wp-json\/wp\/v2\/pages\/249"}],"wp:attachment":[{"href":"https:\/\/www.infraestruturameioambiente.sp.gov.br\/pgibt\/wp-json\/wp\/v2\/media?parent=2179"}],"curies":[{"name":"wp","href":"https:\/\/api.w.org\/{rel}","templated":true}]}}