{"id":1828,"date":"2013-10-23T10:58:50","date_gmt":"2013-10-23T12:58:50","guid":{"rendered":"https:\/\/www.infraestruturameioambiente.sp.gov.br\/pgibt\/?page_id=1828"},"modified":"2013-10-23T10:58:50","modified_gmt":"2013-10-23T12:58:50","slug":"2006-rodrigo-strohmayer-dourado","status":"publish","type":"page","link":"https:\/\/www.infraestruturameioambiente.sp.gov.br\/pgibt\/dissertacoesteses\/2006-rodrigo-strohmayer-dourado\/","title":{"rendered":"Rodrigo Strohmayer Dourado MS"},"content":{"rendered":"<h2 style=\"text-align: center\"><a href=\"https:\/\/smastr16.blob.core.windows.net\/pgibt\/2015\/02\/faixapos6.jpg\"><img decoding=\"async\" loading=\"lazy\" class=\"aligncenter size-full wp-image-3777\" style=\"border: 0px\" alt=\"faixapos6\" src=\"https:\/\/smastr16.blob.core.windows.net\/pgibt\/2015\/02\/faixapos6.jpg\" width=\"950\" height=\"163\" srcset=\"https:\/\/smastr16.blob.core.windows.net\/pgibt\/2015\/02\/faixapos6.jpg 950w, https:\/\/smastr16.blob.core.windows.net\/pgibt\/2015\/02\/faixapos6-768x131.jpg 768w\" sizes=\"(max-width: 950px) 100vw, 950px\" \/><\/a><\/h2>\n<hr align=\"center\" noshade=\"noshade\" size=\"1\" width=\"100%\" \/>\n<h2 style=\"text-align: center\"><span style=\"color: #003300\">Rodrigo Strohmayer Dourado<\/span><\/h2>\n<hr align=\"center\" noshade=\"noshade\" size=\"1\" width=\"100%\" \/>\n<p align=\"center\">Rodrigo Strohmayer Dourado, aluno do Programa de P\u00f3s-gradua\u00e7\u00e3o em Biodiversidade Vegetal e Meio Ambiente do Instituto de Bot\u00e2nica de S\u00e3o Paulo (IBt), defendeu, no dia 26 de julho de 2006, sua disserta\u00e7\u00e3o de mestrado com o t\u00edtulo:<br \/>\n&#8220;Isolamento de Compostos Secund\u00e1rios em Extratos de Caule e Folha de\u00a0<em>Hypericum cordatum<\/em>\u00a0(Vell. Conc.) N. Robson&#8221;,<br \/>\numa esp\u00e9cie nativa do Cerrado, e que ainda n\u00e3o possu\u00eda estudos qu\u00edmicos.<\/p>\n<p style=\"text-align: center\">A banca examinadora foi composta por sua orientadora, Dra. \u00c2ngela Maria Ladeira (IBt) e pelos arg\u00fcidores Dra. Maria Claudia M. Young (IBt) e<br \/>\npelo prof. Dr. Marco Aur\u00e9lio Sivero Mayworm (Universidade de Santo Amaro).<\/p>\n<p style=\"text-align: center\"><a href=\"https:\/\/smastr16.blob.core.windows.net\/pgibt\/2013\/10\/rodrigo1.jpg\"><img decoding=\"async\" loading=\"lazy\" alt=\"rodrigo1\" src=\"https:\/\/smastr16.blob.core.windows.net\/pgibt\/2013\/10\/rodrigo1.jpg\" width=\"246\" height=\"185\" \/><\/a><\/p>\n<hr align=\"center\" noshade=\"noshade\" size=\"1\" width=\"100%\" \/>\n<h3 style=\"text-align: center\"><span style=\"font-size: 1.17em;line-height: 1.5em\">Isolamento de compostos secund\u00e1rios em extratos de Caule e Folha de<\/span><em style=\"font-size: 1.17em;line-height: 1.5em\">\u00a0Hypericum cordatum<br \/>\n<\/em><span style=\"font-size: 1.17em;line-height: 1.5em\">(Vell. Conc.) N. Robson<\/span><\/h3>\n<hr align=\"center\" noshade=\"noshade\" size=\"1\" width=\"100%\" \/>\n<h4 style=\"text-align: center\"><strong>RESUMO<\/strong><\/h4>\n<p style=\"text-align: justify\">O trabalho teve como objetivo detectar flavon\u00f3ides presentes no extrato metan\u00f3lico de caule e folha e detectar atividade antif\u00fangica do extrato clorof\u00f3rmico.<\/p>\n<p style=\"text-align: justify\">A avalia\u00e7\u00e3o do extrato metan\u00f3lico de caule e de folha apresentou um grande n\u00famero de flavon\u00f3ides, em especial flavonas e flavon\u00f3is, dos quais, quercetina e quercitrina foram detectados nos extratos de caule e nos extratos de folhas, enquanto rutina e canferol foram confirmados apenas nos extrato de caule.<\/p>\n<p style=\"text-align: justify\">O isolamento dos compostos foi realizado por t\u00e9cnicas de cromatografia em coluna, placa e Cromatografia L\u00edquida de Alta Efici\u00eancia (CLAE) e a identifica\u00e7\u00e3o foi realizada pela\u00a0an\u00e1lise do espectro na regi\u00e3o do ultravioleta\u00a0dos compostos isolados comparados aos espectros dos padr\u00f5es\u00a0comerciais de rutina, quercitrina, quercetina e canferol.<\/p>\n<p style=\"text-align: justify\">Em\u00a0rela\u00e7\u00e3o \u00e0 atividade antif\u00fangica,\u00a0o extrato clorof\u00f3rmico de folha apresentou duas fra\u00e7\u00f5es\u00a0com atividade antif\u00fangica m\u00e9dia, as quais tiveram\u00a0seu perfil cromatogr\u00e1fico avaliado e foram enviadas\u00a0para an\u00e1lises por t\u00e9cnicas de Resson\u00e2ncia\u00a0Magn\u00e9tica Nuclear (RMN).<\/p>\n<p style=\"text-align: center\"><a href=\"https:\/\/smastr16.blob.core.windows.net\/pgibt\/2013\/10\/rodrigo2.jpg\"><img decoding=\"async\" loading=\"lazy\" class=\"alignnone size-full wp-image-1834\" alt=\"Laborat\u00f3rio fitoqu\u00edmica\" src=\"https:\/\/smastr16.blob.core.windows.net\/pgibt\/2013\/10\/rodrigo2.jpg\" width=\"242\" height=\"182\" \/><\/a>\u00a0<a href=\"https:\/\/smastr16.blob.core.windows.net\/pgibt\/2013\/10\/rodrigo3.jpg\"><img decoding=\"async\" loading=\"lazy\" class=\"alignnone size-full wp-image-1833\" alt=\"Hypericum Cordatum\" src=\"https:\/\/smastr16.blob.core.windows.net\/pgibt\/2013\/10\/rodrigo3.jpg\" width=\"233\" height=\"182\" \/><\/a><\/p>\n<hr align=\"center\" noshade=\"noshade\" size=\"1\" width=\"100%\" \/>\n<p style=\"text-align: center\"><a href=\"https:\/\/smastr16.blob.core.windows.net\/pgibt\/2013\/09\/pdf_grande.gif\"><img decoding=\"async\" loading=\"lazy\" class=\"aligncenter size-full wp-image-2313\" style=\"border: 0px\" alt=\"pdf_grande\" src=\"https:\/\/smastr16.blob.core.windows.net\/pgibt\/2013\/09\/pdf_grande.gif\" width=\"60\" height=\"60\" \/><\/a><a href=\"https:\/\/smastr16.blob.core.windows.net\/pgibt\/2013\/10\/Rodrigo_Strohmayer_Dourado_MS.pdf\">Rodrigo Strohmayer Dourado<br \/>\nIsolamento de Compostos Secund\u00e1rios em Extratos de Caule e Folha de <em>Hypericum cordatum<\/em> (Vell. Conc.) N. Robson<\/a><\/p>\n<hr align=\"center\" noshade=\"noshade\" size=\"1\" width=\"100%\" \/>\n<p style=\"text-align: center\"><strong>\u00a0<a href=\"https:\/\/www.infraestruturameioambiente.sp.gov.br\/pgibt\/dissertacoesteses\/\">VOLTAR AS DISSERTA\u00c7\u00d5ES E TESES<\/a><\/strong><\/p>\n<hr align=\"center\" noshade=\"noshade\" size=\"1\" width=\"100%\" \/>\n","protected":false},"excerpt":{"rendered":"<p>Rodrigo Strohmayer Dourado Rodrigo Strohmayer Dourado, aluno do Programa de P\u00f3s-gradua\u00e7\u00e3o em Biodiversidade Vegetal e Meio Ambiente do Instituto de Bot\u00e2nica de S\u00e3o Paulo (IBt), defendeu, no dia 26 de julho de 2006, sua disserta\u00e7\u00e3o de mestrado com o t\u00edtulo: &#8220;Isolamento de Compostos Secund\u00e1rios em Extratos de Caule e Folha de\u00a0Hypericum cordatum\u00a0(Vell. Conc.) N. Robson&#8221;, [&hellip;]<\/p>\n","protected":false},"author":1,"featured_media":0,"parent":249,"menu_order":0,"comment_status":"closed","ping_status":"open","template":"fullpage.php","meta":[],"_links":{"self":[{"href":"https:\/\/www.infraestruturameioambiente.sp.gov.br\/pgibt\/wp-json\/wp\/v2\/pages\/1828"}],"collection":[{"href":"https:\/\/www.infraestruturameioambiente.sp.gov.br\/pgibt\/wp-json\/wp\/v2\/pages"}],"about":[{"href":"https:\/\/www.infraestruturameioambiente.sp.gov.br\/pgibt\/wp-json\/wp\/v2\/types\/page"}],"author":[{"embeddable":true,"href":"https:\/\/www.infraestruturameioambiente.sp.gov.br\/pgibt\/wp-json\/wp\/v2\/users\/1"}],"replies":[{"embeddable":true,"href":"https:\/\/www.infraestruturameioambiente.sp.gov.br\/pgibt\/wp-json\/wp\/v2\/comments?post=1828"}],"version-history":[{"count":0,"href":"https:\/\/www.infraestruturameioambiente.sp.gov.br\/pgibt\/wp-json\/wp\/v2\/pages\/1828\/revisions"}],"up":[{"embeddable":true,"href":"https:\/\/www.infraestruturameioambiente.sp.gov.br\/pgibt\/wp-json\/wp\/v2\/pages\/249"}],"wp:attachment":[{"href":"https:\/\/www.infraestruturameioambiente.sp.gov.br\/pgibt\/wp-json\/wp\/v2\/media?parent=1828"}],"curies":[{"name":"wp","href":"https:\/\/api.w.org\/{rel}","templated":true}]}}