{"id":1610,"date":"2009-04-27T11:21:29","date_gmt":"2009-04-27T14:21:29","guid":{"rendered":"https:\/\/www.infraestruturameioambiente.sp.gov.br\/pgibt\/?page_id=1610"},"modified":"2009-04-27T11:21:29","modified_gmt":"2009-04-27T14:21:29","slug":"2009-paola-mitie","status":"publish","type":"page","link":"https:\/\/www.infraestruturameioambiente.sp.gov.br\/pgibt\/dissertacoesteses\/2009-paola-mitie\/","title":{"rendered":"Paola Mitie Aparecida Garcia MS"},"content":{"rendered":"<h2 style=\"text-align: center\"><a href=\"https:\/\/smastr16.blob.core.windows.net\/pgibt\/2015\/02\/faixapos6.jpg\"><img decoding=\"async\" loading=\"lazy\" class=\"aligncenter size-full wp-image-3777\" style=\"border: 0px\" alt=\"faixapos6\" src=\"https:\/\/smastr16.blob.core.windows.net\/pgibt\/2015\/02\/faixapos6.jpg\" width=\"950\" height=\"163\" srcset=\"https:\/\/smastr16.blob.core.windows.net\/pgibt\/2015\/02\/faixapos6.jpg 950w, https:\/\/smastr16.blob.core.windows.net\/pgibt\/2015\/02\/faixapos6-768x131.jpg 768w\" sizes=\"(max-width: 950px) 100vw, 950px\" \/><\/a><\/h2>\n<hr align=\"center\" noshade=\"noshade\" size=\"1\" width=\"100%\" \/>\n<h2 style=\"text-align: center\"><span style=\"color: #003300\">Paola Mitie Aparecida Garcia<\/span><\/h2>\n<hr align=\"center\" noshade=\"noshade\" size=\"1\" width=\"100%\" \/>\n<p style=\"text-align: center\">No dia 27 de abril de 2009, Paola Mitie Aparecida Garcia, aluna de p\u00f3s-gradua\u00e7\u00e3o em Biodiversidade Vegetal e Meio Ambiente do Instituto de Bot\u00e2nica (IBt),<br \/>\ndefendeu sua disserta\u00e7\u00e3o de mestrado intitulada<br \/>\n\u201cVaria\u00e7\u00f5es no metabolismo de frutanos em <em>Vernonia herbacea<\/em> (Vell.) Rusby (Asteraceae)<br \/>\nem resposta ao d\u00e9ficit h\u00eddrico e sua rela\u00e7\u00e3o com a toler\u00e2ncia \u00e0 seca\u201d.<\/p>\n<p style=\"text-align: center\">A banca examinadora foi composta ple Dra. Maria Angela Machado de Carvalho (Orientadora\/IBt),<br \/>\nDr. Carlos Alberto Martinez (F.F.C.L.Rib.Preto, USP) de Dr. Rafael Vasconcelos Ribeiro (IAC).<\/p>\n<div id=\"attachment_1611\" style=\"width: 435px\" class=\"wp-caption aligncenter\"><a href=\"https:\/\/smastr16.blob.core.windows.net\/pgibt\/2013\/09\/paola2.jpg\"><img aria-describedby=\"caption-attachment-1611\" decoding=\"async\" loading=\"lazy\" class=\"size-full wp-image-1611\" alt=\"Dr. Rafael V. Ribeiro, Dr. Emerson A. da Silva, MSc. Paola M. A. Garcia,  Dra. M. Angela M. de Carvalho e Dr. Carlos A. Martinez. \" src=\"https:\/\/smastr16.blob.core.windows.net\/pgibt\/2013\/09\/paola2.jpg\" width=\"425\" height=\"318\" \/><\/a><p id=\"caption-attachment-1611\" class=\"wp-caption-text\">Dr. Rafael V. Ribeiro, Dr. Emerson A. da Silva, MSc. Paola M. A. Garcia,<br \/>Dra. M. Angela M. de Carvalho e Dr. Carlos A. Martinez.<\/p><\/div>\n<hr align=\"center\" noshade=\"noshade\" size=\"1\" width=\"100%\" \/>\n<h3 style=\"text-align: center\">Varia\u00e7\u00f5es no metabolismo de frutanos em <em>Vernonia herbacea<\/em> (Vell.) Rusby (Asteraceae)<br \/>\nem resposta\u00a0ao d\u00e9ficit h\u00eddrico e sua rela\u00e7\u00e3o com a toler\u00e2ncia \u00e0 seca<\/h3>\n<hr align=\"center\" noshade=\"noshade\" size=\"1\" width=\"100%\" \/>\n<h4 style=\"text-align: center\"><strong>RESUMO<\/strong><\/h4>\n<p style=\"text-align: justify\">A falta de \u00e1gua tem sido a maior for\u00e7a seletiva na evolu\u00e7\u00e3o das plantas e a habilidade de enfrentar o d\u00e9ficit h\u00eddrico \u00e9 um determinante importante na distribui\u00e7\u00e3o geogr\u00e1fica das plantas. Preservar uma por\u00e7\u00e3o dos produtos fotosintetizados em \u00f3rg\u00e3os de reserva \u00e9 uma estrat\u00e9gia de sobreviv\u00eancia de todas as plantas. Os carboidratos de reserva mais comuns s\u00e3o o amido e a sacarose, por\u00e9m, os frutanos s\u00e3o outra forma de carboidratos de reserva bastante comuns, que ocorrem em aproximadamente 15% das angiospermas. Os frutanos consistem de s\u00e9ries hom\u00f3logas de oligo e polissacar\u00eddeos n\u00e3o redutores, formados por unidades de frutose ligadas a uma mol\u00e9cula de sacarose. A enzima que inicia a s\u00edntese de frutanos \u00e9 a sacarose:sacarose 1-frutosiltransferase (1-SST), que catalisa a transfer\u00eancia da unidade de frutose de uma sacarose para outra. O alongamento da cadeia \u00e9 feito pela frutano:frutano 1-frutosiltransferase (1-FFT), que catalisa a transfer\u00eancia de unidades de frutose de uma mol\u00e9cula para outra. A degrada\u00e7\u00e3o de frutanos em frutose e sacarose ocorre pela remo\u00e7\u00e3o seq\u00fcencial das unidades terminais de frutose pela a\u00e7\u00e3o da frutano exohidrolase (1-FEH). Vernonia herbacea \u00e9 uma Asteraceae nativa da vegeta\u00e7\u00e3o do cerrado que apresenta alto conte\u00fado de frutanos do tipo inulina em seus \u00f3rg\u00e3os de reserva, denominados riz\u00f3foros. O conte\u00fado elevado de frutanos encontrado em \u00f3rg\u00e3os subterr\u00e2neos de esp\u00e9cies do cerrado sugere que esses compostos atuam na adapta\u00e7\u00e3o de plantas que atravessam condi\u00e7\u00f5es ambientais desfavor\u00e1veis durante o seu ciclo de desenvolvimento. Estes compostos atuam como reserva de energia, al\u00e9m da prote\u00e7\u00e3o contra a seca e o frio atrav\u00e9s da regula\u00e7\u00e3o osm\u00f3tica e da estabiliza\u00e7\u00e3o de membranas e biomol\u00e9culas. O objetivo deste trabalho foi analisar a composi\u00e7\u00e3o e o metabolismo de frutanos em plantas de V. herbacea submetidas \u00e0 suspens\u00e3o total e a diferentes regimes de rega. Sob regimes de rega diferentes, as plantas tratadas apresentaram diminui\u00e7\u00e3o do potencial h\u00eddrico na parte a\u00e9rea e no riz\u00f3foro e manuten\u00e7\u00e3o da turgesc\u00eancia e da fotoss\u00edntese. Por outro lado, a suspens\u00e3o total de regas causou diminui\u00e7\u00e3o da fotoss\u00edntese, sem muitas varia\u00e7\u00f5es na turgesc\u00eancia dos riz\u00f3foros. O alto teor de prolina presente nas plantas sob d\u00e9ficit h\u00eddrico sugere sua atua\u00e7\u00e3o na osmorregula\u00e7\u00e3o ou na sinaliza\u00e7\u00e3o e regula\u00e7\u00e3o de outras respostas na planta. O aumento observado na concentra\u00e7\u00e3o de frutose e na raz\u00e3o oligo:polissacar\u00eddeos indicam a ocorr\u00eancia da hidr\u00f3lise parcial dos frutanos em resposta ao d\u00e9ficit h\u00eddrico induzido e o envolvimento das enzimas do metabolismo de frutanos, contribuindo para a toler\u00e2ncia \u00e0 seca nessas plantas. As an\u00e1lises dos fruto-oligossacar\u00eddeos por HPAEC\/PAD\u00a0evidenciaram que a seca promoveu um r\u00e1pido aumento nos monossacar\u00eddeos. Sabe-se que o ac\u00famulo de fruto-oligossacar\u00eddeos no vac\u00faolo possibilita a diminui\u00e7\u00e3o do potencial h\u00eddrico, afetando o influxo de \u00e1gua do citoplasma e interferindo na sinaliza\u00e7\u00e3o da seca e que a FEH pode degradar seletivamente esses frutanos, produzindo uma mistura de hexoses, sacarose e fruto-oligossacar\u00eddeos, promovendo a prote\u00e7\u00e3o da membrana e de biomol\u00e9culas. Desse modo, o aumento da raz\u00e3o oligo:polissacar\u00eddeos, de frutanos de cadeias curtas e de a\u00e7\u00facares redutores verificado em plantas submetidas ao d\u00e9ficit h\u00eddrico \u00e9 consistente com a hip\u00f3tese de que os frutanos atuam na toler\u00e2ncia \u00e0 seca em V. herbacea, uma vez que altera\u00e7\u00f5es apresentadas em seu metabolismo possibilitaram aos riz\u00f3foros uma baixa perda de \u00e1gua durante a suspens\u00e3o de rega.<\/p>\n<p style=\"text-align: justify\">Palavras-chave: estresse h\u00eddrico, frutanos, toler\u00e2ncia \u00e0 seca.<\/p>\n<div id=\"attachment_1612\" style=\"width: 234px\" class=\"wp-caption aligncenter\"><a href=\"https:\/\/smastr16.blob.core.windows.net\/pgibt\/2013\/09\/paola1.jpg\"><img aria-describedby=\"caption-attachment-1612\" decoding=\"async\" loading=\"lazy\" class=\"size-medium wp-image-1612\" alt=\"Planta de Vernonia herbacea no cerrado de Mogi Gua\u00e7u\" src=\"https:\/\/smastr16.blob.core.windows.net\/pgibt\/2013\/09\/paola1-224x300.jpg\" width=\"224\" height=\"300\" \/><\/a><p id=\"caption-attachment-1612\" class=\"wp-caption-text\">Planta de Vernonia herbacea no cerrado de Mogi Gua\u00e7u<\/p><\/div>\n<hr align=\"center\" noshade=\"noshade\" size=\"1\" width=\"100%\" \/>\n<p style=\"text-align: center\"><a href=\"https:\/\/smastr16.blob.core.windows.net\/pgibt\/2013\/09\/pdf_grande.gif\"><img decoding=\"async\" loading=\"lazy\" class=\"aligncenter size-full wp-image-2313\" style=\"border: 0px\" alt=\"pdf_grande\" src=\"https:\/\/smastr16.blob.core.windows.net\/pgibt\/2013\/09\/pdf_grande.gif\" width=\"60\" height=\"60\" \/><\/a><a href=\"https:\/\/smastr16.blob.core.windows.net\/pgibt\/2013\/09\/Paola_Mitie_Aparecida_Garcia_MS.pdf\" target=\"_blank\">Paola Mitie Aparecida Garcia<br \/>\nVaria\u00e7\u00f5es no metabolismo de frutanos em<em> Vernonia herbacea<\/em> (Vell.) Rusby (Asteraceae)<br \/>\nem resposta ao d\u00e9ficit h\u00eddrico e sua rela\u00e7\u00e3o com a toler\u00e2ncia \u00e0 seca<\/a><\/p>\n<hr align=\"center\" noshade=\"noshade\" size=\"1\" width=\"100%\" \/>\n<p style=\"text-align: center\"><strong>\u00a0<a href=\"https:\/\/www.infraestruturameioambiente.sp.gov.br\/pgibt\/dissertacoesteses\/\">VOLTAR AS DISSERTA\u00c7\u00d5ES E TESES<\/a><\/strong><\/p>\n<hr align=\"center\" noshade=\"noshade\" size=\"1\" width=\"100%\" \/>\n","protected":false},"excerpt":{"rendered":"<p>Paola Mitie Aparecida Garcia No dia 27 de abril de 2009, Paola Mitie Aparecida Garcia, aluna de p\u00f3s-gradua\u00e7\u00e3o em Biodiversidade Vegetal e Meio Ambiente do Instituto de Bot\u00e2nica (IBt), defendeu sua disserta\u00e7\u00e3o de mestrado intitulada \u201cVaria\u00e7\u00f5es no metabolismo de frutanos em Vernonia herbacea (Vell.) Rusby (Asteraceae) em resposta ao d\u00e9ficit h\u00eddrico e sua rela\u00e7\u00e3o com [&hellip;]<\/p>\n","protected":false},"author":1,"featured_media":0,"parent":249,"menu_order":0,"comment_status":"closed","ping_status":"open","template":"fullpage.php","meta":[],"_links":{"self":[{"href":"https:\/\/www.infraestruturameioambiente.sp.gov.br\/pgibt\/wp-json\/wp\/v2\/pages\/1610"}],"collection":[{"href":"https:\/\/www.infraestruturameioambiente.sp.gov.br\/pgibt\/wp-json\/wp\/v2\/pages"}],"about":[{"href":"https:\/\/www.infraestruturameioambiente.sp.gov.br\/pgibt\/wp-json\/wp\/v2\/types\/page"}],"author":[{"embeddable":true,"href":"https:\/\/www.infraestruturameioambiente.sp.gov.br\/pgibt\/wp-json\/wp\/v2\/users\/1"}],"replies":[{"embeddable":true,"href":"https:\/\/www.infraestruturameioambiente.sp.gov.br\/pgibt\/wp-json\/wp\/v2\/comments?post=1610"}],"version-history":[{"count":0,"href":"https:\/\/www.infraestruturameioambiente.sp.gov.br\/pgibt\/wp-json\/wp\/v2\/pages\/1610\/revisions"}],"up":[{"embeddable":true,"href":"https:\/\/www.infraestruturameioambiente.sp.gov.br\/pgibt\/wp-json\/wp\/v2\/pages\/249"}],"wp:attachment":[{"href":"https:\/\/www.infraestruturameioambiente.sp.gov.br\/pgibt\/wp-json\/wp\/v2\/media?parent=1610"}],"curies":[{"name":"wp","href":"https:\/\/api.w.org\/{rel}","templated":true}]}}