{"id":1506,"date":"2009-12-15T16:31:34","date_gmt":"2009-12-15T18:31:34","guid":{"rendered":"https:\/\/www.infraestruturameioambiente.sp.gov.br\/pgibt\/?page_id=1506"},"modified":"2009-12-15T16:31:34","modified_gmt":"2009-12-15T18:31:34","slug":"2009-daniella-da-silva","status":"publish","type":"page","link":"https:\/\/www.infraestruturameioambiente.sp.gov.br\/pgibt\/dissertacoesteses\/2009-daniella-da-silva\/","title":{"rendered":"Daniela da Silva DR"},"content":{"rendered":"<h2 style=\"text-align: center\"><a href=\"https:\/\/smastr16.blob.core.windows.net\/pgibt\/2015\/02\/faixapos6.jpg\"><img decoding=\"async\" loading=\"lazy\" class=\"aligncenter size-full wp-image-3777\" style=\"border: 0px\" alt=\"faixapos6\" src=\"https:\/\/smastr16.blob.core.windows.net\/pgibt\/2015\/02\/faixapos6.jpg\" width=\"950\" height=\"163\" srcset=\"https:\/\/smastr16.blob.core.windows.net\/pgibt\/2015\/02\/faixapos6.jpg 950w, https:\/\/smastr16.blob.core.windows.net\/pgibt\/2015\/02\/faixapos6-768x131.jpg 768w\" sizes=\"(max-width: 950px) 100vw, 950px\" \/><\/a><\/h2>\n<hr align=\"center\" noshade=\"noshade\" size=\"1\" width=\"100%\" \/>\n<h2 style=\"text-align: center\"><span style=\"color: #003300\">Daniela da Silva\u00a0<\/span><\/h2>\n<hr align=\"center\" noshade=\"noshade\" size=\"1\" width=\"100%\" \/>\n<p style=\"text-align: center\">No dia 15 de dezembro de 2009, a aluna Daniella da Silva (Bolsista CNPq), do Programa de P\u00f3s-Gradua\u00e7\u00e3o em Biodiversidade Vegetal e Meio Ambiente do Instituto de Bot\u00e2nica de S\u00e3o Paulo (IBt), defendeu sua tese de Doutorado intitulada<br \/>\n\u201c Revis\u00e3o do g\u00eanero <em>Planktothrix<\/em> Anagnostidis &amp; Kom\u00e1rek, 1988 (Cyanobacteria\/Oscillatoriales), no Brasil\u201d.<\/p>\n<p style=\"text-align: center\">A Banca examinadora foi composta pela Dra. C\u00e9lia Leite Sant\u2019Anna (Orientadora e Presidente\/IBt), Dra. Mariana Cabral de Oliveira (USP),\u00a0Dr. Armando Augusto Henriques Vieira (UFSCar), Dra. Maria Teresa de Paiva Azevedo (Pesquisador visitante\/IBt) e Dra. Andr\u00e9a Tucci (IBt).<\/p>\n<hr align=\"center\" noshade=\"noshade\" size=\"1\" width=\"100%\" \/>\n<h3 style=\"text-align: center\">Revis\u00e3o do g\u00eanero\u00a0<em>Planktothrix<\/em>\u00a0Anagnostidis &amp; Kom\u00e1rek, 1988\u00a0(Cyanobacteria\/Oscllatoriales), no Brasil<\/h3>\n<hr align=\"center\" noshade=\"noshade\" size=\"1\" width=\"100%\" \/>\n<h4 style=\"text-align: center\"><strong>RESUMO<\/strong><\/h4>\n<p align=\"justify\"><em>Planktothrix<\/em>\u00a0era conhecido originalmente como\u00a0<em>Oscillatoria<\/em>\u00a0Gomont e \u00e9 considerado um dos g\u00eaneros mais comuns em rela\u00e7\u00e3o \u00e0 forma\u00e7\u00e3o de flora\u00e7\u00f5es, produ\u00e7\u00e3o de toxinas e geosmina. A taxonomia do g\u00eanero\u00a0<em>Planktothrix<\/em>\u00a0ainda \u00e9 problem\u00e1tica e bastante dif\u00edcil, principalmente devido \u00e0 grande variabilidade morfol\u00f3gica e imprecis\u00e3o taxon\u00f4mica, de modo que investiga\u00e7\u00f5es taxon\u00f4micas adicionais s\u00e3o sempre necess\u00e1rias. Considerando a import\u00e2ncia do g\u00eanero no que se refere \u00e0 flora\u00e7\u00e3o e toxicidade, o presente estudo tem como objetivos o conhecimento, caracteriza\u00e7\u00e3o e a correta identifica\u00e7\u00e3o das esp\u00e9cies brasileiras de\u00a0<em>Planktothrix.<\/em>\u00a0Para isso, tomamos como base estudos morfol\u00f3gicos, tanto em material da natureza como de cultura e herb\u00e1rio e realizamos estudos filogen\u00e9ticos e taxon\u00f4micos a partir do seq\u00fcenciamento do gene RNAr 16S. Foram realizados ainda experimentos\u00a0<em>in vitro<\/em>\u00a0objetivando determinar as condi\u00e7\u00f5es de temperatura e irradi\u00e2ncia que melhor favorecem o desenvolvimento de duas das mais importantes e amplamente distribu\u00eddas esp\u00e9cies do g\u00eanero no Brasil,\u00a0<em>P. agardhii<\/em>\u00a0e\u00a0<em>P. isothrix<\/em>. Registrou-se a partir da an\u00e1lise taxon\u00f4mica ao microsc\u00f3pio quatro esp\u00e9cies de\u00a0<em>Planktothrix<\/em>no Brasil:\u00a0<em>P. agardhii<\/em>,\u00a0<em>P. isothrix<\/em>,\u00a0<em>P. rubescens<\/em>\u00a0e\u00a0<em>P. planctonica<\/em>. Verificou-se que as caracter\u00edsticas morfom\u00e9tricas quando observadas e analisadas em conjunto auxiliaram de forma efetiva a diferencia\u00e7\u00e3o, identifica\u00e7\u00e3o e caracteriza\u00e7\u00e3o das esp\u00e9cies do g\u00eanero\u00a0<em>Planktothrix<\/em>. As seq\u00fc\u00eancias geradas do gene codificador para a subunidade menor do RNA riboss\u00f4mico (RNAr 16S) mostraram-se adequadas para o estudo das linhagens de\u00a0<em>Planktothrix<\/em>\u00a0uma vez que, de modo geral, foram congruentes com marcadores morfol\u00f3gicos na circunscri\u00e7\u00e3o gen\u00e9rica. Entretanto, em n\u00edvel espec\u00edfico o gene nem sempre refletiu as observa\u00e7\u00f5es morfol\u00f3gicas. A partir dos experimentos realizados com\u00a0<em>P. agardhii<\/em>\u00a0e\u00a0<em>P. isothrix<\/em>\u00a0sob diferentes temperaturas e irradi\u00e2ncias, observou-se que as melhores taxas de crescimento estiveram relacionadas \u00e0 irradi\u00e2ncia. Assim, conclu\u00edmos que ambas as cepas sofreram maior influ\u00eancia da temperatura, entretanto, nenhuma das condi\u00e7\u00f5es testadas limitaram o crescimento das mesmas. J\u00e1 as mudan\u00e7as morfom\u00e9tricas promovidas pelas vari\u00e1veis abi\u00f3ticas est\u00e3o de acordo com a descri\u00e7\u00e3o original e com a descri\u00e7\u00e3o mais atualizada das duas esp\u00e9cies, n\u00e3o tendo sido observados limites m\u00e9tricos e fenot\u00edpicos discrepantes.<\/p>\n<p><strong>Palavras-Chave:<\/strong>\u00a0<em>Planktothrix,<\/em>\u00a0morfologia, estudo\u00a0<em>in vitro<\/em>, taxonomia, filogenia.<\/p>\n<hr align=\"center\" noshade=\"noshade\" size=\"1\" width=\"100%\" \/>\n<p style=\"text-align: center\"><a href=\"https:\/\/smastr16.blob.core.windows.net\/pgibt\/2013\/09\/pdf_grande.gif\"><img decoding=\"async\" loading=\"lazy\" class=\"aligncenter size-full wp-image-2313\" style=\"border: 0px\" alt=\"pdf_grande\" src=\"https:\/\/smastr16.blob.core.windows.net\/pgibt\/2013\/09\/pdf_grande.gif\" width=\"60\" height=\"60\" \/><\/a><\/p>\n<p style=\"text-align: center\"><a href=\"https:\/\/smastr16.blob.core.windows.net\/pgibt\/2013\/09\/Daniella_da_Silva_DR.pdf\" target=\"_blank\">Daniela da Silva<br \/>\nRevis\u00e3o do g\u00eanero <em>Planktothrix<\/em> Anagnostidis &amp; Kom\u00e1rek, 1988 (Cyanobacteria\/Oscllatoriales), no Brasil<\/a><\/p>\n<hr align=\"center\" noshade=\"noshade\" size=\"1\" width=\"100%\" \/>\n<p style=\"text-align: center\"><strong>\u00a0<a href=\"https:\/\/www.infraestruturameioambiente.sp.gov.br\/pgibt\/dissertacoesteses\/\">VOLTAR AS DISSERTA\u00c7\u00d5ES E TESES<\/a><\/strong><\/p>\n<hr align=\"center\" noshade=\"noshade\" size=\"1\" width=\"100%\" \/>\n","protected":false},"excerpt":{"rendered":"<p>Daniela da Silva\u00a0 No dia 15 de dezembro de 2009, a aluna Daniella da Silva (Bolsista CNPq), do Programa de P\u00f3s-Gradua\u00e7\u00e3o em Biodiversidade Vegetal e Meio Ambiente do Instituto de Bot\u00e2nica de S\u00e3o Paulo (IBt), defendeu sua tese de Doutorado intitulada \u201c Revis\u00e3o do g\u00eanero Planktothrix Anagnostidis &amp; Kom\u00e1rek, 1988 (Cyanobacteria\/Oscillatoriales), no Brasil\u201d. A Banca [&hellip;]<\/p>\n","protected":false},"author":1,"featured_media":0,"parent":249,"menu_order":0,"comment_status":"closed","ping_status":"open","template":"fullpage.php","meta":[],"_links":{"self":[{"href":"https:\/\/www.infraestruturameioambiente.sp.gov.br\/pgibt\/wp-json\/wp\/v2\/pages\/1506"}],"collection":[{"href":"https:\/\/www.infraestruturameioambiente.sp.gov.br\/pgibt\/wp-json\/wp\/v2\/pages"}],"about":[{"href":"https:\/\/www.infraestruturameioambiente.sp.gov.br\/pgibt\/wp-json\/wp\/v2\/types\/page"}],"author":[{"embeddable":true,"href":"https:\/\/www.infraestruturameioambiente.sp.gov.br\/pgibt\/wp-json\/wp\/v2\/users\/1"}],"replies":[{"embeddable":true,"href":"https:\/\/www.infraestruturameioambiente.sp.gov.br\/pgibt\/wp-json\/wp\/v2\/comments?post=1506"}],"version-history":[{"count":0,"href":"https:\/\/www.infraestruturameioambiente.sp.gov.br\/pgibt\/wp-json\/wp\/v2\/pages\/1506\/revisions"}],"up":[{"embeddable":true,"href":"https:\/\/www.infraestruturameioambiente.sp.gov.br\/pgibt\/wp-json\/wp\/v2\/pages\/249"}],"wp:attachment":[{"href":"https:\/\/www.infraestruturameioambiente.sp.gov.br\/pgibt\/wp-json\/wp\/v2\/media?parent=1506"}],"curies":[{"name":"wp","href":"https:\/\/api.w.org\/{rel}","templated":true}]}}