{"id":1426,"date":"2013-09-20T14:47:17","date_gmt":"2013-09-20T17:47:17","guid":{"rendered":"https:\/\/www.infraestruturameioambiente.sp.gov.br\/pgibt\/?page_id=1426"},"modified":"2013-09-20T14:47:17","modified_gmt":"2013-09-20T17:47:17","slug":"2007-vanessa-fatima-de-oliveira","status":"publish","type":"page","link":"https:\/\/www.infraestruturameioambiente.sp.gov.br\/pgibt\/dissertacoesteses\/2007-vanessa-fatima-de-oliveira\/","title":{"rendered":"Vanessa F\u00e1tima de Oliveira MS"},"content":{"rendered":"<h2 style=\"text-align: center\"><a href=\"https:\/\/smastr16.blob.core.windows.net\/pgibt\/2015\/02\/faixapos6.jpg\"><img decoding=\"async\" loading=\"lazy\" class=\"aligncenter size-full wp-image-3777\" style=\"border: 0px\" alt=\"faixapos6\" src=\"https:\/\/smastr16.blob.core.windows.net\/pgibt\/2015\/02\/faixapos6.jpg\" width=\"950\" height=\"163\" srcset=\"https:\/\/smastr16.blob.core.windows.net\/pgibt\/2015\/02\/faixapos6.jpg 950w, https:\/\/smastr16.blob.core.windows.net\/pgibt\/2015\/02\/faixapos6-768x131.jpg 768w\" sizes=\"(max-width: 950px) 100vw, 950px\" \/><\/a><\/h2>\n<hr align=\"center\" noshade=\"noshade\" size=\"1\" width=\"100%\" \/>\n<h2 style=\"text-align: center\"><span style=\"color: #003300\">Vanessa F\u00e1tima de Oliveira<\/span><\/h2>\n<hr align=\"center\" noshade=\"noshade\" size=\"1\" width=\"100%\" \/>\n<p style=\"text-align: center\">No dia 26 de junho de 2007, a bi\u00f3loga Vanessa F\u00e1tima de Oliveira, aluna do Programa de P\u00f3s-Gradua\u00e7\u00e3o em Biodiversidade Vegetal e Meio Ambiente do Instituto de Bot\u00e2nica de S\u00e3o Paulo, defendeu sua disserta\u00e7\u00e3o de mestrado intitulada:<br \/>\n&#8220;Efeito da atmosfera enriquecida em CO<sub>2<\/sub> no crescimento, na aloca\u00e7\u00e3o de biomassa e\u00a0no metabolismo de frutanos em\u00a0<em>Vernonia herbacea<\/em> (Vell.) Rusby<em>&#8220;<\/em>.<\/p>\n<p>A banca examinadora foi presidida pela sua orientadora Dra. Maria Angela Machado de Carvalho (IBt) e contou com a participa\u00e7\u00e3o do Dr. Massanori Takata (UNESP), como convidado externo, e do Dr. Emerson Alves da Silva (IBt), como convidado interno.\u00a0<em>Vernonia herbacea<\/em>\u00a0\u00e9 uma herb\u00e1cea da fam\u00edlia\u00a0<em>Asteraceae<\/em>\u00a0nativa do cerrado e possui \u00f3rg\u00e3os subterr\u00e2neos de reserva (riz\u00f3foros) que armazenam frutanos do tipo inulina. Frutanos s\u00e3o pol\u00edmeros de frutose originados da sacarose, sintetizados por duas enzimas: sacarose:<em>\u00a0sacarose frutosiltransferase (SST)<\/em>, que catalisa a forma\u00e7\u00e3o da 1-cestose, e frutano: frutano frutosiltransferase (FFT), respons\u00e1vel pelo alongamento da mol\u00e9cula, e despolimerizados pela frutano-exohidrolase (FEH).<\/p>\n<div id=\"attachment_1428\" style=\"width: 197px\" class=\"wp-caption aligncenter\"><a href=\"https:\/\/smastr16.blob.core.windows.net\/pgibt\/2013\/09\/vanessa1.jpg\"><img aria-describedby=\"caption-attachment-1428\" decoding=\"async\" loading=\"lazy\" class=\"size-full wp-image-1428\" alt=\"A aluna Vanessa F\u00e1tima de Oliveira\" src=\"https:\/\/smastr16.blob.core.windows.net\/pgibt\/2013\/09\/vanessa1.jpg\" width=\"187\" height=\"251\" \/><\/a><p id=\"caption-attachment-1428\" class=\"wp-caption-text\">A aluna Vanessa F\u00e1tima de Oliveira<\/p><\/div>\n<hr align=\"center\" noshade=\"noshade\" size=\"1\" width=\"100%\" \/>\n<h3 style=\"text-align: center\">Efeito da atmosfera enriquecida em CO<sub>2<\/sub> no crescimento,<br \/>\nna aloca\u00e7\u00e3o de biomassa e no\u00a0metabolismo de frutanos em\u00a0<em>Vernonia herbacea <\/em>(Vell.) Rusby<\/h3>\n<hr align=\"center\" noshade=\"noshade\" size=\"1\" width=\"100%\" \/>\n<h4 style=\"text-align: center\"><strong>RESUMO<\/strong><\/h4>\n<p style=\"text-align: justify\">O seq\u00fcestro de carbono, pela fotoss\u00edntese, e sua aloca\u00e7\u00e3o em biomassa s\u00e3o considerados ferramentas para minimizar os efeitos do aumento da concentra\u00e7\u00e3o de CO<sub>2<\/sub>\u00a0atmosf\u00e9rico previstos para este s\u00e9culo. Poucos trabalhos relatam o efeito da alta concentra\u00e7\u00e3o de CO<sub>2<\/sub>\u00a0atmosf\u00e9rico em plantas acumuladoras de frutanos, principalmente em \u00f3rg\u00e3os subterr\u00e2neos. O objetivo do presente trabalho foi analisar o efeito da atmosfera enriquecida em CO<sub>2<\/sub>\u00a0no crescimento, aloca\u00e7\u00e3o de biomassa e metabolismo de frutanos em V. herbacea. Dois lotes de plantas foram mantidos em c\u00e2maras de topo aberto sob ~380 ppm (controle) e ~720 ppm (tratado) de CO<sub>2<\/sub>. Medidas de crescimento, biomassa, fotoss\u00edntese, conte\u00fado e produtividade de frutanos, atividade de SST, FFT, FEH e invertase e an\u00e1lise da \u00e1gua de lavagem dos riz\u00f3foros foram realizadas no momento da transfer\u00eancia para as c\u00e2maras (T0) e aos 15, 30, 60, 90 e 120 dias ap\u00f3s o in\u00edcio do tratamento. As plantas responderam positivamente \u00e0 elevada concentra\u00e7\u00e3o de CO<sub>2<\/sub>, apresentando maior crescimento (40%), maior taxa fotossint\u00e9tica (63%), incremento de biomassa a\u00e9rea (32%) e, ao final do per\u00edodo de exposi\u00e7\u00e3o, incremento de biomassa subterr\u00e2nea (47%). Plantas sob 720 ppm de CO<sub>2<\/sub>\u00a0tamb\u00e9m apresentaram maior atividade de SST (150%), FFT (34%) e invertase (54%) e menor atividade de FEH (-37%) do que plantas controle. As plantas tratadas tamb\u00e9m apresentaram maior produtividade de frutanos, principalmente de fruto-polissacar\u00eddeos (39%). A elevada concentra\u00e7\u00e3o de CO<sub>2<\/sub>\u00a0tamb\u00e9m promoveu maior exsuda\u00e7\u00e3o de a\u00e7\u00facares pelos riz\u00f3foros, sendo detectada pela primeira vez para esta esp\u00e9cie a exsuda\u00e7\u00e3o de inulina. Considerando as previs\u00f5es de aumento do CO<sub>2<\/sub>\u00a0atmosf\u00e9rico, os resultados obtidos neste trabalho sugerem que\u00a0<em>V. herbacea<\/em>\u00a0apresenta estrat\u00e9gias para responder favoravelmente a essa altera\u00e7\u00e3o ambiental, alocando parte do carbono assimilado para produ\u00e7\u00e3o de compostos de reserva.<\/p>\n<div id=\"attachment_1429\" style=\"width: 179px\" class=\"wp-caption aligncenter\"><a href=\"https:\/\/smastr16.blob.core.windows.net\/pgibt\/2013\/09\/vanessa2.jpg\"><img aria-describedby=\"caption-attachment-1429\" decoding=\"async\" loading=\"lazy\" class=\"size-full wp-image-1429\" alt=\"C\u00e2maras de topo aberto, localizadas na Se\u00e7\u00e3o de Fisiologia e Bioqu\u00edmica de Plantas, utilizada no experimento\" src=\"https:\/\/smastr16.blob.core.windows.net\/pgibt\/2013\/09\/vanessa2.jpg\" width=\"169\" height=\"183\" \/><\/a><p id=\"caption-attachment-1429\" class=\"wp-caption-text\">C\u00e2maras de topo aberto, localizadas na Se\u00e7\u00e3o de Fisiologia e Bioqu\u00edmica<br \/>de Plantas, utilizada no experimento<\/p><\/div>\n<hr align=\"center\" noshade=\"noshade\" size=\"1\" width=\"100%\" \/>\n<p style=\"text-align: center\"><a href=\"https:\/\/smastr16.blob.core.windows.net\/pgibt\/2013\/09\/pdf_grande.gif\"><img decoding=\"async\" loading=\"lazy\" class=\"aligncenter size-full wp-image-2313\" style=\"border: 0px\" alt=\"pdf_grande\" src=\"https:\/\/smastr16.blob.core.windows.net\/pgibt\/2013\/09\/pdf_grande.gif\" width=\"60\" height=\"60\" \/><\/a><a href=\"https:\/\/smastr16.blob.core.windows.net\/pgibt\/2013\/09\/Vanessa_Fatima_de_Oliveira_MS.pdf\" target=\"_blank\">Vanessa F\u00e1tima de Oliveira<br \/>\nEfeito da atmosfera enriquecida em CO<sub>2<\/sub>\u00a0no crescimento, na aloca\u00e7\u00e3o de biomassa<br \/>\ne no metabolismo de frutanos em\u00a0<em>Vernonia herbacea<\/em> (Vell.) Rusby<\/a><\/p>\n<hr align=\"center\" noshade=\"noshade\" size=\"1\" width=\"100%\" \/>\n<p style=\"text-align: center\"><strong>\u00a0<a href=\"https:\/\/www.infraestruturameioambiente.sp.gov.br\/pgibt\/dissertacoesteses\/\">VOLTAR AS DISSERTA\u00c7\u00d5ES E TESES<\/a><\/strong><\/p>\n<hr align=\"center\" noshade=\"noshade\" size=\"1\" width=\"100%\" \/>\n","protected":false},"excerpt":{"rendered":"<p>Vanessa F\u00e1tima de Oliveira No dia 26 de junho de 2007, a bi\u00f3loga Vanessa F\u00e1tima de Oliveira, aluna do Programa de P\u00f3s-Gradua\u00e7\u00e3o em Biodiversidade Vegetal e Meio Ambiente do Instituto de Bot\u00e2nica de S\u00e3o Paulo, defendeu sua disserta\u00e7\u00e3o de mestrado intitulada: &#8220;Efeito da atmosfera enriquecida em CO2 no crescimento, na aloca\u00e7\u00e3o de biomassa e\u00a0no metabolismo [&hellip;]<\/p>\n","protected":false},"author":1,"featured_media":0,"parent":249,"menu_order":0,"comment_status":"closed","ping_status":"open","template":"fullpage.php","meta":[],"_links":{"self":[{"href":"https:\/\/www.infraestruturameioambiente.sp.gov.br\/pgibt\/wp-json\/wp\/v2\/pages\/1426"}],"collection":[{"href":"https:\/\/www.infraestruturameioambiente.sp.gov.br\/pgibt\/wp-json\/wp\/v2\/pages"}],"about":[{"href":"https:\/\/www.infraestruturameioambiente.sp.gov.br\/pgibt\/wp-json\/wp\/v2\/types\/page"}],"author":[{"embeddable":true,"href":"https:\/\/www.infraestruturameioambiente.sp.gov.br\/pgibt\/wp-json\/wp\/v2\/users\/1"}],"replies":[{"embeddable":true,"href":"https:\/\/www.infraestruturameioambiente.sp.gov.br\/pgibt\/wp-json\/wp\/v2\/comments?post=1426"}],"version-history":[{"count":0,"href":"https:\/\/www.infraestruturameioambiente.sp.gov.br\/pgibt\/wp-json\/wp\/v2\/pages\/1426\/revisions"}],"up":[{"embeddable":true,"href":"https:\/\/www.infraestruturameioambiente.sp.gov.br\/pgibt\/wp-json\/wp\/v2\/pages\/249"}],"wp:attachment":[{"href":"https:\/\/www.infraestruturameioambiente.sp.gov.br\/pgibt\/wp-json\/wp\/v2\/media?parent=1426"}],"curies":[{"name":"wp","href":"https:\/\/api.w.org\/{rel}","templated":true}]}}