{"id":1262,"date":"2013-09-19T17:44:33","date_gmt":"2013-09-19T20:44:33","guid":{"rendered":"https:\/\/www.infraestruturameioambiente.sp.gov.br\/pgibt\/?page_id=1262"},"modified":"2013-09-19T17:44:33","modified_gmt":"2013-09-19T20:44:33","slug":"2006-patricia-jungbluth","status":"publish","type":"page","link":"https:\/\/www.infraestruturameioambiente.sp.gov.br\/pgibt\/dissertacoesteses\/2006-patricia-jungbluth\/","title":{"rendered":"Patr\u00edcia Jungbluth MS"},"content":{"rendered":"<h2 style=\"text-align: center\"><a href=\"https:\/\/smastr16.blob.core.windows.net\/pgibt\/2015\/02\/faixapos6.jpg\"><img decoding=\"async\" loading=\"lazy\" class=\"aligncenter size-full wp-image-3777\" style=\"border: 0px\" alt=\"faixapos6\" src=\"https:\/\/smastr16.blob.core.windows.net\/pgibt\/2015\/02\/faixapos6.jpg\" width=\"950\" height=\"163\" srcset=\"https:\/\/smastr16.blob.core.windows.net\/pgibt\/2015\/02\/faixapos6.jpg 950w, https:\/\/smastr16.blob.core.windows.net\/pgibt\/2015\/02\/faixapos6-768x131.jpg 768w\" sizes=\"(max-width: 950px) 100vw, 950px\" \/><\/a><\/h2>\n<hr align=\"center\" noshade=\"noshade\" size=\"1\" width=\"100%\" \/>\n<h2 style=\"text-align: center\"><span style=\"color: #003300\">Patr\u00edcia Jungbluth<\/span><\/h2>\n<hr align=\"center\" noshade=\"noshade\" size=\"1\" width=\"100%\" \/>\n<p style=\"text-align: center\">Patr\u00edcia Jungbluth, aluna do Programa de P\u00f3s-gradua\u00e7\u00e3o em Biodiversidade Vegetal e Meio Ambiente do Instituto de Bot\u00e2nica de S\u00e3o Paulo (IBt) e bolsista FAPESP, defendeu, no dia 10 de fevereiro de 2006, sua disserta\u00e7\u00e3o de Mestrado com o t\u00edtulo:<\/p>\n<p style=\"text-align: center\">&#8220;A fam\u00edlia\u00a0<em>Parmeliaceae<\/em>\u00a0(fungos liquenizados) em fragmentos de cerrados do Estado de S\u00e3o Paulo, Brasil&#8221;.<\/p>\n<p style=\"text-align: center\">A banca examinadora foi composta pelo seu orientador, Dr. Marcelo Pinto Marcelli (Instituto de Bot\u00e2nica), pela<br \/>\nDra Rosely Ana Picollo Grandi (Instituto de Bot\u00e2nica) e Dra Sionara Eliasaro (Universidade Federal do Paran\u00e1).<\/p>\n<p style=\"text-align: center\"><a href=\"https:\/\/smastr16.blob.core.windows.net\/pgibt\/2013\/09\/patricia2.jpg\"><img decoding=\"async\" loading=\"lazy\" alt=\"Dra Sionara Eliasaro, Patr\u00edcia Jungbluth, Dra Rosely Ana Picollo Grandi e Dr. Marcelo Pinto Marcelli.\" src=\"https:\/\/smastr16.blob.core.windows.net\/pgibt\/2013\/09\/patricia2.jpg\" width=\"237\" height=\"178\" \/><\/a><\/p>\n<p style=\"text-align: center\">Dra Sionara Eliasaro, Patr\u00edcia Jungbluth, Dra Rosely Ana Picollo Grandi e Dr. Marcelo Pinto Marcelli.<\/p>\n<hr align=\"center\" noshade=\"noshade\" size=\"1\" width=\"100%\" \/>\n<h3 style=\"text-align: center\">A fam\u00edlia\u00a0<em>Parmeliaceae<\/em>\u00a0(fungos liquenizados) em fragmentos de cerrados do Estado de S\u00e3o Paulo, Brasil<\/h3>\n<hr align=\"center\" noshade=\"noshade\" size=\"1\" width=\"100%\" \/>\n<h4 style=\"text-align: center\"><strong>RESUMO<\/strong><\/h4>\n<p style=\"text-align: justify\">O trabalho consistiu num levantamento das esp\u00e9cies de fungos liquenizados (liquens) da fam\u00edlia\u00a0<em>Parmeliaceae<\/em>\u00a0presentes em v\u00e1rios h\u00e1bitats e fisionomias vegetais de fragmentos de cerrado, concentrados principalmente no Centro-Leste do Estado de S\u00e3o Paulo. Foram estudadas amostras de herb\u00e1rio e coletas recentes efetuadas nas seguintes Unidades de Conserva\u00e7\u00e3o: Reserva Biol\u00f3gica de Mogi-Gua\u00e7u,Esta\u00e7\u00f5es Experimentais de Itirapina, Luis Ant\u00f4nio e Mogi-Mirim, Esta\u00e7\u00e3o Ecol\u00f3gica de Itirapina e Parque Estadual de Vassununga, al\u00e9m de fragmentos de cerrados nos munic\u00edpios de Botucatu,Cachoeira de Emas, Campo Limpo Paulista, Corumbata\u00ed, Ibi\u00fana, Pedreira, Pirapora do Bom Jesus, S\u00e3o Jos\u00e9 do Rio Preto e S\u00e3o Manuel. Os dados obtidos foram apresentados no formato de &#8220;flora&#8221;, contendo descri\u00e7\u00f5es, coment\u00e1rios, chaves para identifica\u00e7\u00e3o e ilustra\u00e7\u00f5es. Ao todo foram encontradas 95 esp\u00e9cies pertencentes a 12 g\u00eaneros:\u00a0<em>Bulbothrix Hale<\/em>\u00a0(14 esp\u00e9cies),\u00a0<em>Canomaculina Elix &amp; Hale<\/em>\u00a0(6),\u00a0<em>Canoparmelia Elix &amp; Hale<\/em>\u00a0(11),\u00a0<em>Flavoparmelia Hale<\/em>\u00a0(1),\u00a0<em>Hypotrachyna<\/em>\u00a0(<em>Vainio) Hale<\/em>\u00a0(12),\u00a0<em>Myelochroa (Asahina) Elix &amp; Hale<\/em>\u00a0(1),\u00a0<em>Parmelinella Elix &amp; Hale<\/em>\u00a0(2),\u00a0<em>Parmelinopsis Elix &amp; Hale<\/em>\u00a0(6),\u00a0<em>Parmotrema Massalongo<\/em>\u00a0(29),\u00a0<em>Punctelia Krog<\/em>\u00a0(7),\u00a0<em>Relicina (Hale &amp; Kurok.) Hale<\/em>\u00a0(1) e\u00a0<em>Rimelia Hale &amp; A. Fletcher<\/em>\u00a0(5).<\/p>\n<p><a href=\"https:\/\/smastr16.blob.core.windows.net\/pgibt\/2013\/09\/patricia5.jpg\"><img decoding=\"async\" loading=\"lazy\" class=\"aligncenter\" alt=\"Quanto \u00e0s novidades taxon\u00f4micas e biogeogr\u00e1ficas, dezoito esp\u00e9cies s\u00e3o novas para a Ci\u00eancia,  uma \u00e9 nova cita\u00e7\u00e3o para o Brasil e vinte e uma s\u00e3o citadas pela primeira vez para o Estado de S\u00e3o Paulo.  Al\u00e9m disso, s\u00e3o propostas duas combina\u00e7\u00f5es novas. \" src=\"https:\/\/smastr16.blob.core.windows.net\/pgibt\/2013\/09\/patricia5.jpg\" width=\"455\" height=\"418\" \/><\/a><\/p>\n<p style=\"text-align: center\">Quanto \u00e0s novidades taxon\u00f4micas e biogeogr\u00e1ficas, dezoito esp\u00e9cies s\u00e3o novas para a Ci\u00eancia,\u00a0uma \u00e9 nova cita\u00e7\u00e3o para o Brasil e<br \/>\nvinte e uma s\u00e3o citadas pela primeira vez para o Estado de S\u00e3o Paulo.<br \/>\nAl\u00e9m disso, s\u00e3o propostas duas combina\u00e7\u00f5es novas.<\/p>\n<hr align=\"center\" noshade=\"noshade\" size=\"1\" width=\"100%\" \/>\n<p style=\"text-align: center\"><a href=\"https:\/\/smastr16.blob.core.windows.net\/pgibt\/2013\/09\/pdf_grande.gif\"><img decoding=\"async\" loading=\"lazy\" class=\"aligncenter size-full wp-image-2313\" style=\"border: 0px\" alt=\"pdf_grande\" src=\"https:\/\/smastr16.blob.core.windows.net\/pgibt\/2013\/09\/pdf_grande.gif\" width=\"60\" height=\"60\" \/><\/a><a href=\"https:\/\/smastr16.blob.core.windows.net\/pgibt\/2013\/09\/Patricia_Jungbluth_MS.pdf\" target=\"_blank\">Patr\u00edcia Jungbluth<br \/>\nA fam\u00edlia\u00a0<em>Parmeliaceae<\/em>\u00a0(fungos liquenizados) em fragmentos de cerrados do Estado de S\u00e3o Paulo, Brasil<\/a><\/p>\n<hr align=\"center\" noshade=\"noshade\" size=\"1\" width=\"100%\" \/>\n<p style=\"text-align: center\"><strong>\u00a0<a href=\"https:\/\/www.infraestruturameioambiente.sp.gov.br\/pgibt\/dissertacoesteses\/\">VOLTAR AS DISSERTA\u00c7\u00d5ES E TESES<\/a><\/strong><\/p>\n<hr align=\"center\" noshade=\"noshade\" size=\"1\" width=\"100%\" \/>\n<h1 style=\"text-align: center\"><\/h1>\n","protected":false},"excerpt":{"rendered":"<p>Patr\u00edcia Jungbluth Patr\u00edcia Jungbluth, aluna do Programa de P\u00f3s-gradua\u00e7\u00e3o em Biodiversidade Vegetal e Meio Ambiente do Instituto de Bot\u00e2nica de S\u00e3o Paulo (IBt) e bolsista FAPESP, defendeu, no dia 10 de fevereiro de 2006, sua disserta\u00e7\u00e3o de Mestrado com o t\u00edtulo: &#8220;A fam\u00edlia\u00a0Parmeliaceae\u00a0(fungos liquenizados) em fragmentos de cerrados do Estado de S\u00e3o Paulo, Brasil&#8221;. A [&hellip;]<\/p>\n","protected":false},"author":1,"featured_media":0,"parent":249,"menu_order":0,"comment_status":"closed","ping_status":"closed","template":"fullpage.php","meta":[],"_links":{"self":[{"href":"https:\/\/www.infraestruturameioambiente.sp.gov.br\/pgibt\/wp-json\/wp\/v2\/pages\/1262"}],"collection":[{"href":"https:\/\/www.infraestruturameioambiente.sp.gov.br\/pgibt\/wp-json\/wp\/v2\/pages"}],"about":[{"href":"https:\/\/www.infraestruturameioambiente.sp.gov.br\/pgibt\/wp-json\/wp\/v2\/types\/page"}],"author":[{"embeddable":true,"href":"https:\/\/www.infraestruturameioambiente.sp.gov.br\/pgibt\/wp-json\/wp\/v2\/users\/1"}],"replies":[{"embeddable":true,"href":"https:\/\/www.infraestruturameioambiente.sp.gov.br\/pgibt\/wp-json\/wp\/v2\/comments?post=1262"}],"version-history":[{"count":0,"href":"https:\/\/www.infraestruturameioambiente.sp.gov.br\/pgibt\/wp-json\/wp\/v2\/pages\/1262\/revisions"}],"up":[{"embeddable":true,"href":"https:\/\/www.infraestruturameioambiente.sp.gov.br\/pgibt\/wp-json\/wp\/v2\/pages\/249"}],"wp:attachment":[{"href":"https:\/\/www.infraestruturameioambiente.sp.gov.br\/pgibt\/wp-json\/wp\/v2\/media?parent=1262"}],"curies":[{"name":"wp","href":"https:\/\/api.w.org\/{rel}","templated":true}]}}