{"id":1231,"date":"2013-09-19T15:43:51","date_gmt":"2013-09-19T18:43:51","guid":{"rendered":"https:\/\/www.infraestruturameioambiente.sp.gov.br\/pgibt\/?page_id=1231"},"modified":"2013-09-19T15:43:51","modified_gmt":"2013-09-19T18:43:51","slug":"2007-mauro-alexandre-marabesi","status":"publish","type":"page","link":"https:\/\/www.infraestruturameioambiente.sp.gov.br\/pgibt\/dissertacoesteses\/2007-mauro-alexandre-marabesi\/","title":{"rendered":"Mauro Alexandre Marabesi MS"},"content":{"rendered":"<h2 style=\"text-align: center\"><a href=\"https:\/\/smastr16.blob.core.windows.net\/pgibt\/2015\/02\/faixapos6.jpg\"><img decoding=\"async\" loading=\"lazy\" class=\"aligncenter size-full wp-image-3777\" style=\"border: 0px\" alt=\"faixapos6\" src=\"https:\/\/smastr16.blob.core.windows.net\/pgibt\/2015\/02\/faixapos6.jpg\" width=\"950\" height=\"163\" srcset=\"https:\/\/smastr16.blob.core.windows.net\/pgibt\/2015\/02\/faixapos6.jpg 950w, https:\/\/smastr16.blob.core.windows.net\/pgibt\/2015\/02\/faixapos6-768x131.jpg 768w\" sizes=\"(max-width: 950px) 100vw, 950px\" \/><\/a><\/h2>\n<hr align=\"center\" noshade=\"noshade\" size=\"1\" width=\"100%\" \/>\n<h2 style=\"text-align: center\"><span style=\"color: #003300\">Mauro Alexandre Marabesi<\/span><\/h2>\n<hr align=\"center\" noshade=\"noshade\" size=\"1\" width=\"100%\" \/>\n<p style=\"text-align: center\">O bi\u00f3logo Mauro Alexandre Marabesi defendeu sua disserta\u00e7\u00e3o de mestrado intitulada<br \/>\n&#8220;Efeito do alto CO<sub>2<\/sub> no crescimento inicial e na fisiologia da fotoss\u00edntese em pl\u00e2ntulas de\u00a0<em>Senna alata<\/em> (L) Roxb&#8221;,<br \/>\nno dia 10 de abril de 2007.<\/p>\n<p style=\"text-align: center\">A banca examinadora foi composta do Prof. Dr. Marcos Silveira Buckeridge (orientador &#8211; IB\/USP),<br \/>\nda Dra. Marisa Domingos (Ecologia\/IBt) e do Prof. Dr. Carlos Alberto Martinez y Huaman. (USP\/ Riber\u00e3o Preto).<\/p>\n<div id=\"attachment_1233\" style=\"width: 256px\" class=\"wp-caption aligncenter\"><a href=\"https:\/\/smastr16.blob.core.windows.net\/pgibt\/2013\/09\/mauromarabesi1.jpg\"><img aria-describedby=\"caption-attachment-1233\" decoding=\"async\" loading=\"lazy\" class=\"size-full wp-image-1233\" alt=\"Da esquerda para a direita: Professores Marcos Silveira Buckeridge (IB\/ USP), Marcos P. M. Aidar (colaborador, Fisiologia\/ IBt), o Mestrando Mauro A. Marabesi, Prof. Carlos Alberto Martinez y Huaman.(USP\/ Riber\u00e3o Preto) e a Dra. Marisa Domingos (Ecologia\/ IBt) \" src=\"https:\/\/smastr16.blob.core.windows.net\/pgibt\/2013\/09\/mauromarabesi1.jpg\" width=\"246\" height=\"186\" \/><\/a><p id=\"caption-attachment-1233\" class=\"wp-caption-text\">Da esquerda para a direita:<br \/>Professores Marcos Silveira Buckeridge (IB\/ USP), Marcos P. M. Aidar (colaborador, Fisiologia\/ IBt),<br \/>o Mestrando Mauro A. Marabesi,<br \/>Prof. Carlos Alberto Martinez y Huaman.(USP\/ Riber\u00e3o Preto) e a Dra. Marisa Domingos (Ecologia\/ IBt)<\/p><\/div>\n<hr align=\"center\" noshade=\"noshade\" size=\"1\" width=\"100%\" \/>\n<h3 style=\"text-align: center\">Efeito do alto CO<sub>2<\/sub> no crescimento inicial e na fisiologia da fotoss\u00edntese<br \/>\nem pl\u00e2ntulas \u00a0de\u00a0<em>Senna alata<\/em> (L.) Roxb.<\/h3>\n<hr align=\"center\" noshade=\"noshade\" size=\"1\" width=\"100%\" \/>\n<h4 style=\"text-align: center\"><strong>RESUMO<\/strong><\/h4>\n<p style=\"text-align: justify\">\u00a0As sociedades humanas industrializadas v\u00eam modificando a atmosfera terrestre e enriquecendo-a com os gases do efeito estufa, principalmente o\u00a0CO<sub>2<\/sub>\u00a0. As plantas ao realizarem a fotoss\u00edntese fixam o CO<sub>2<\/sub>\u00a0em carboidratos e estes s\u00e3o utilizados para o crescimento (forma\u00e7\u00e3o de novas c\u00e9lulas) ou para fornecer energia para o metabolismo. A aloca\u00e7\u00e3o de recursos (biomassa investida em cada \u00f3rg\u00e3o da planta em rela\u00e7\u00e3o \u00e0 biomassa total) \u00e9 um fator decisivo para o crescimento e para o sucesso competitivo de uma planta uma vez que representa o investimento da planta nos \u00f3rg\u00e3os respons\u00e1veis pela aquisi\u00e7\u00e3o dos recursos.<br \/>\nPara estudar o efeito do CO<sub>2<\/sub>\u00a0sobre o crescimento e desenvolvimento de plantas da esp\u00e9cie\u00a0<em>Senna alata <\/em>(L.) roxb.\u00a0(uma leguminosa arb\u00f3rea) foi realizado um experimento no qual metade das plantas foi submetida \u00e0 concentra\u00e7\u00e3o atmosf\u00e9rica atual de CO<sub>2<\/sub> (ao redor de 380 ppm) e a outra metade a uma atmosfera com 720 ppm. Ao longo de 67 dias de experimento foram realizadas cinco medidas de crescimento n\u00e3o destrutivas obtendo-se a altura, n\u00famero de folhas e \u00e1rea foliar total de cada planta. Cinco coletas destrutivas foram realizadas para a an\u00e1lise da biomassa total e aloca\u00e7\u00e3o de biomassa. Para avaliar a capacidade fotossint\u00e9tica foram realizadas curvas de resposta \u00e0 luz e ao CO<sub>2<\/sub>\u00a0(com um sistema port\u00e1til para medir fotoss\u00edntese da LICOR, LI-6400) na semana das coletas destrutivas.<br \/>\nAs plantas crescidas em alta concentra\u00e7\u00e3o de CO<sub>2<\/sub>\u00a0possu\u00edram no final do experimento menor altura, o que coincidiu com o menor investimento no caule. As plantas crescidas em alta concentra\u00e7\u00e3o de CO<sub>2<\/sub> apresentaram maior n\u00famero de folhas que foi relacionado \u00e0 maior reten\u00e7\u00e3o das folhas antigas (menor taxa de queda de folhas) e n\u00e3o devido a uma maior produ\u00e7\u00e3o de folhas novas. A \u00e1rea foliar total tamb\u00e9m foi maior nas plantas crescidas em alta concentra\u00e7\u00e3o de CO<sub>2<\/sub>. O maior n\u00famero de folhas implicou em maior investimento nas folhas para este tratamento. Em rela\u00e7\u00e3o \u00e0s ra\u00edzes, houve mudan\u00e7as no padr\u00e3o de aloca\u00e7\u00e3o em apenas uma coleta, na qual a aloca\u00e7\u00e3o de recursos para as ra\u00edzes foi maior no tratamento de CO<sub>2<\/sub> elevado.<br \/>\nMedidas alom\u00e9tricas indicaram que o maior investimento nas folhas e o menor investimento no caule foram independentes do tamanho da planta, por\u00e9m o maior investimento nas ra\u00edzes foi devido ao maior crescimento e n\u00e3o devido ao tratamento em si.<br \/>\nAs plantas crescidas em alta concentra\u00e7\u00e3o de CO<sub>2<\/sub> apresentaram maior taxa de assimila\u00e7\u00e3o de CO<sub>2<\/sub> saturada de luz (dados das curvas de luz), sem modifica\u00e7\u00f5es na atividade da rubisco ou na taxa de transporte de el\u00e9trons (dados das curvas de CO<sub>2<\/sub>), o que sugere inibi\u00e7\u00e3o da fotorrespira\u00e7\u00e3o.<br \/>\nAs plantas crescidas em alta concentra\u00e7\u00e3o de CO<sub>2<\/sub> apresentaram ao final do experimento um aumento de biomassa na ordem de 60% o que torna esta esp\u00e9cie indicada para programas de seq\u00fcestro de carbono em curto prazo, uma vez que estas plantas possuem um ciclo de vida curto.<\/p>\n<div id=\"attachment_1235\" style=\"width: 193px\" class=\"wp-caption aligncenter\"><a href=\"https:\/\/smastr16.blob.core.windows.net\/pgibt\/2013\/09\/mauromarabesi2.jpg\"><img aria-describedby=\"caption-attachment-1235\" decoding=\"async\" loading=\"lazy\" class=\"size-full wp-image-1235\" alt=\"Pl\u00e2ntulas de Senna alata na terceira coleta destrutiva\" src=\"https:\/\/smastr16.blob.core.windows.net\/pgibt\/2013\/09\/mauromarabesi2.jpg\" width=\"183\" height=\"246\" \/><\/a><p id=\"caption-attachment-1235\" class=\"wp-caption-text\">Pl\u00e2ntulas de Senna alata na terceira coleta destrutiva<\/p><\/div>\n<hr align=\"center\" noshade=\"noshade\" size=\"1\" width=\"100%\" \/>\n<p style=\"text-align: center\"><a href=\"https:\/\/smastr16.blob.core.windows.net\/pgibt\/2013\/09\/pdf_grande.gif\"><img decoding=\"async\" loading=\"lazy\" class=\"aligncenter size-full wp-image-2313\" style=\"border: 0px\" alt=\"pdf_grande\" src=\"https:\/\/smastr16.blob.core.windows.net\/pgibt\/2013\/09\/pdf_grande.gif\" width=\"60\" height=\"60\" \/><\/a> <a href=\"https:\/\/smastr16.blob.core.windows.net\/pgibt\/2013\/09\/Mauro_Alexandre_Marabesi_MS.pdf\" target=\"_blank\">Mauro Alexandre Marabesi<br \/>\nEfeito do alto CO<sub>2<\/sub> no crescimento inicial e na fisiologia da fotoss\u00edntese em pl\u00e2ntulas\u00a0<em>Senna alata (L.) Roxb<\/em><\/a><\/p>\n<hr align=\"center\" noshade=\"noshade\" size=\"1\" width=\"100%\" \/>\n<p style=\"text-align: center\"><strong>\u00a0<a href=\"https:\/\/www.infraestruturameioambiente.sp.gov.br\/pgibt\/dissertacoesteses\/\">VOLTAR AS DISSERTA\u00c7\u00d5ES E TESES<\/a><\/strong><\/p>\n<hr align=\"center\" noshade=\"noshade\" size=\"1\" width=\"100%\" \/>\n","protected":false},"excerpt":{"rendered":"<p>Mauro Alexandre Marabesi O bi\u00f3logo Mauro Alexandre Marabesi defendeu sua disserta\u00e7\u00e3o de mestrado intitulada &#8220;Efeito do alto CO2 no crescimento inicial e na fisiologia da fotoss\u00edntese em pl\u00e2ntulas de\u00a0Senna alata (L) Roxb&#8221;, no dia 10 de abril de 2007. A banca examinadora foi composta do Prof. Dr. Marcos Silveira Buckeridge (orientador &#8211; IB\/USP), da Dra. [&hellip;]<\/p>\n","protected":false},"author":1,"featured_media":0,"parent":249,"menu_order":0,"comment_status":"closed","ping_status":"open","template":"fullpage.php","meta":[],"_links":{"self":[{"href":"https:\/\/www.infraestruturameioambiente.sp.gov.br\/pgibt\/wp-json\/wp\/v2\/pages\/1231"}],"collection":[{"href":"https:\/\/www.infraestruturameioambiente.sp.gov.br\/pgibt\/wp-json\/wp\/v2\/pages"}],"about":[{"href":"https:\/\/www.infraestruturameioambiente.sp.gov.br\/pgibt\/wp-json\/wp\/v2\/types\/page"}],"author":[{"embeddable":true,"href":"https:\/\/www.infraestruturameioambiente.sp.gov.br\/pgibt\/wp-json\/wp\/v2\/users\/1"}],"replies":[{"embeddable":true,"href":"https:\/\/www.infraestruturameioambiente.sp.gov.br\/pgibt\/wp-json\/wp\/v2\/comments?post=1231"}],"version-history":[{"count":0,"href":"https:\/\/www.infraestruturameioambiente.sp.gov.br\/pgibt\/wp-json\/wp\/v2\/pages\/1231\/revisions"}],"up":[{"embeddable":true,"href":"https:\/\/www.infraestruturameioambiente.sp.gov.br\/pgibt\/wp-json\/wp\/v2\/pages\/249"}],"wp:attachment":[{"href":"https:\/\/www.infraestruturameioambiente.sp.gov.br\/pgibt\/wp-json\/wp\/v2\/media?parent=1231"}],"curies":[{"name":"wp","href":"https:\/\/api.w.org\/{rel}","templated":true}]}}