{"id":1223,"date":"2013-09-19T15:38:21","date_gmt":"2013-09-19T18:38:21","guid":{"rendered":"https:\/\/www.infraestruturameioambiente.sp.gov.br\/pgibt\/?page_id=1223"},"modified":"2013-09-19T15:38:21","modified_gmt":"2013-09-19T18:38:21","slug":"2007-mauricio-lamano-ferreira","status":"publish","type":"page","link":"https:\/\/www.infraestruturameioambiente.sp.gov.br\/pgibt\/dissertacoesteses\/2007-mauricio-lamano-ferreira\/","title":{"rendered":"Maur\u00edcio Lamano Ferreira MS"},"content":{"rendered":"<h2 style=\"text-align: center\"><a href=\"https:\/\/smastr16.blob.core.windows.net\/pgibt\/2015\/02\/faixapos6.jpg\"><img decoding=\"async\" loading=\"lazy\" class=\"aligncenter size-full wp-image-3777\" style=\"border: 0px\" alt=\"faixapos6\" src=\"https:\/\/smastr16.blob.core.windows.net\/pgibt\/2015\/02\/faixapos6.jpg\" width=\"950\" height=\"163\" srcset=\"https:\/\/smastr16.blob.core.windows.net\/pgibt\/2015\/02\/faixapos6.jpg 950w, https:\/\/smastr16.blob.core.windows.net\/pgibt\/2015\/02\/faixapos6-768x131.jpg 768w\" sizes=\"(max-width: 950px) 100vw, 950px\" \/><\/a><\/h2>\n<hr align=\"center\" noshade=\"noshade\" size=\"1\" width=\"100%\" \/>\n<h2 style=\"text-align: center\"><span style=\"color: #003300\">Maur\u00edcio Lamano Ferreira<\/span><\/h2>\n<hr align=\"center\" noshade=\"noshade\" size=\"1\" width=\"100%\" \/>\n<p style=\"text-align: center\">O aluno Maur\u00edcio Lamano Ferreira, bolsista do CNPq, defendeu sua disserta\u00e7\u00e3o de mestrado no dia 13 de junho de 2007, no programa de P\u00f3s-Gradua\u00e7\u00e3o em Biodiversidade Vegetal e Meio Ambiente do Instituto de Bot\u00e2nica de S\u00e3o Paulo, com seu trabalho intitulado:<br \/>\nRela\u00e7\u00e3o entre antioxidantes e sintomas vis\u00edveis bioindicadores de oz\u00f4nio em<em><br \/>\nIpomoea nil<\/em> (L.) Roth cv. Scarlet O&#8217;Hara\u00a0sob o efeito da polui\u00e7\u00e3o a\u00e9rea urbana de S\u00e3o Paulo.<\/p>\n<p style=\"text-align: center\">A banca examinadora foi composta por sua orientadora Dra. Marisa Domingos (Instituto de Bot\u00e2nica),<br \/>\npela Dra. Claudia Maria Furlan (Universidade de S\u00e3o Paulo) e pela Dra. Patr\u00edcia Bulbovas (Universidade de S\u00e3o Paulo).<\/p>\n<div id=\"attachment_1225\" style=\"width: 256px\" class=\"wp-caption aligncenter\"><a href=\"https:\/\/smastr16.blob.core.windows.net\/pgibt\/2013\/09\/mauriciolamano1.jpg\"><img aria-describedby=\"caption-attachment-1225\" decoding=\"async\" loading=\"lazy\" class=\"size-full wp-image-1225\" alt=\"Dra. Claudia Maria Furlan (Universidade de S\u00e3o Paulo), o aluno Maur\u00edcio Lamano, a orientadora Dra. Marisa Domingos (Instituto de Bot\u00e2nica)  e a Dra. Patr\u00edcia Bulbovas (Universidade de S\u00e3o Paulo)\" src=\"https:\/\/smastr16.blob.core.windows.net\/pgibt\/2013\/09\/mauriciolamano1.jpg\" width=\"246\" height=\"184\" \/><\/a><p id=\"caption-attachment-1225\" class=\"wp-caption-text\">Dra. Claudia Maria Furlan (Universidade de S\u00e3o Paulo), o aluno Maur\u00edcio Lamano, a orientadora Dra. Marisa Domingos (Instituto de Bot\u00e2nica)<br \/>e a Dra. Patr\u00edcia Bulbovas (Universidade de S\u00e3o Paulo)<\/p><\/div>\n<hr align=\"center\" noshade=\"noshade\" size=\"1\" width=\"100%\" \/>\n<h3 style=\"text-align: center\">Rela\u00e7\u00e3o entre antioxidantes e sintomas vis\u00edveis bioindicadores de oz\u00f4nio em\u00a0<em>Ipomoea nil <\/em>(L.) Roth cv.\u00a0Scarlet O&#8217;Hara\u00a0sob o efeito da polui\u00e7\u00e3o a\u00e9rea urbana de S\u00e3o Paulo<\/h3>\n<hr align=\"center\" noshade=\"noshade\" size=\"1\" width=\"100%\" \/>\n<h4 style=\"text-align: center\"><strong>RESUMO<\/strong><\/h4>\n<p style=\"text-align: justify\">\u00a0Neste trabalho, objetivou-se avaliar o potencial bioindicador de\u00a0<em>Ipomoea nil cv.<\/em> Scarlat O\u2019Hara\u00a0para o oz\u00f4nio troposf\u00e9rico da cidade de S\u00e3o Paulo, em fun\u00e7\u00e3o de sua sensibilidade a esse poluente, comprovada em estudos anteriores. Para tanto, determinaram-se as rela\u00e7\u00f5es entre as varia\u00e7\u00f5es em fatores ambientais (clim\u00e1ticos e poluentes) e nos n\u00edveis desses antioxidantes e entre essas e a intensidade de inj\u00farias foliares em plantas expostas em dois ambientes distintos. Um deles era isento de polui\u00e7\u00e3o, simulado em casa de vegeta\u00e7\u00e3o e o outro era polu\u00eddo por altos \u00edndices de oz\u00f4nio, situado no parque do Ibirapuera, na zona sul da cidade de S\u00e3o Paulo. Lotes distintos da cultivar foram expostos, nos dois locais, ao longo de 28 dias de cada esta\u00e7\u00e3o do ano. A cada tr\u00eas ou quatro dias, cinco plantas de cada ambiente eram analisadas quanto a concentra\u00e7\u00e3o de \u00e1cido asc\u00f3rbico, atividade de super\u00f3xido dismutase e de peroxidases, al\u00e9m da porcentagem de \u00e1rea foliar afetada por inj\u00farias vis\u00edveis. Observou-se que tanto as plantas expostas na casa de vegeta\u00e7\u00e3o, quanto as plantas expostas no parque do Ibirapuera apresentaram uma varia\u00e7\u00e3o sazonal nos n\u00edveis de antioxidantes e que a esta\u00e7\u00e3o de primavera foi o per\u00edodo no qual se registrou uma maior efici\u00eancia do sistema de defesa das plantas. An\u00e1lises de correla\u00e7\u00f5es e de regress\u00f5es multivariadas mostraram que alguns fatores ambientais, tais como temperatura, umidade relativa, radia\u00e7\u00e3o e oz\u00f4nio apresentaram uma significativa influ\u00eancia no perfil antioxidativo das plantas, fato esse que, em determinados per\u00edodos do ano, retardou o surgimento e a progress\u00e3o de inj\u00farias foliares vis\u00edveis. Esse fato pode comprometer, assim, o uso de<em>\u00a0Ipomoea nil<\/em>\u00a0como planta bioindicadora de O3 em S\u00e3o Paulo, dependendo das condi\u00e7\u00f5es ambientais durante o biomonitoramento.<\/p>\n\n<hr align=\"center\" noshade=\"noshade\" size=\"1\" width=\"100%\" \/>\n<p style=\"text-align: center\"><a href=\"https:\/\/smastr16.blob.core.windows.net\/pgibt\/2013\/09\/pdf_grande.gif\"><img decoding=\"async\" loading=\"lazy\" class=\"aligncenter size-full wp-image-2313\" style=\"border: 0px\" alt=\"pdf_grande\" src=\"https:\/\/smastr16.blob.core.windows.net\/pgibt\/2013\/09\/pdf_grande.gif\" width=\"60\" height=\"60\" \/><\/a><br \/>\n<a href=\"https:\/\/smastr16.blob.core.windows.net\/pgibt\/2013\/09\/Mauricio_Lamano_Ferreira_MS.pdf\" target=\"_blank\">Maur\u00edcio Lamano Ferreira<br \/>\nRela\u00e7\u00e3o entre antioxidantes e sintomas vis\u00edveis bioindicadores de oz\u00f4nio em<br \/>\n<em>Ipomoea nil<\/em> (L.) Roth cv. Scarlet O&#8217;Hara\u00a0sob o efeito da polui\u00e7\u00e3o a\u00e9rea urbana de S\u00e3o Paulo<\/a><\/p>\n<hr align=\"center\" noshade=\"noshade\" size=\"1\" width=\"100%\" \/>\n<p style=\"text-align: center\"><strong>\u00a0<a href=\"https:\/\/www.infraestruturameioambiente.sp.gov.br\/pgibt\/dissertacoesteses\/\">VOLTAR AS DISSERTA\u00c7\u00d5ES E TESES<\/a><\/strong><\/p>\n<hr align=\"center\" noshade=\"noshade\" size=\"1\" width=\"100%\" \/>\n","protected":false},"excerpt":{"rendered":"<p>Maur\u00edcio Lamano Ferreira O aluno Maur\u00edcio Lamano Ferreira, bolsista do CNPq, defendeu sua disserta\u00e7\u00e3o de mestrado no dia 13 de junho de 2007, no programa de P\u00f3s-Gradua\u00e7\u00e3o em Biodiversidade Vegetal e Meio Ambiente do Instituto de Bot\u00e2nica de S\u00e3o Paulo, com seu trabalho intitulado: Rela\u00e7\u00e3o entre antioxidantes e sintomas vis\u00edveis bioindicadores de oz\u00f4nio em Ipomoea [&hellip;]<\/p>\n","protected":false},"author":1,"featured_media":0,"parent":249,"menu_order":0,"comment_status":"closed","ping_status":"closed","template":"fullpage.php","meta":[],"_links":{"self":[{"href":"https:\/\/www.infraestruturameioambiente.sp.gov.br\/pgibt\/wp-json\/wp\/v2\/pages\/1223"}],"collection":[{"href":"https:\/\/www.infraestruturameioambiente.sp.gov.br\/pgibt\/wp-json\/wp\/v2\/pages"}],"about":[{"href":"https:\/\/www.infraestruturameioambiente.sp.gov.br\/pgibt\/wp-json\/wp\/v2\/types\/page"}],"author":[{"embeddable":true,"href":"https:\/\/www.infraestruturameioambiente.sp.gov.br\/pgibt\/wp-json\/wp\/v2\/users\/1"}],"replies":[{"embeddable":true,"href":"https:\/\/www.infraestruturameioambiente.sp.gov.br\/pgibt\/wp-json\/wp\/v2\/comments?post=1223"}],"version-history":[{"count":0,"href":"https:\/\/www.infraestruturameioambiente.sp.gov.br\/pgibt\/wp-json\/wp\/v2\/pages\/1223\/revisions"}],"up":[{"embeddable":true,"href":"https:\/\/www.infraestruturameioambiente.sp.gov.br\/pgibt\/wp-json\/wp\/v2\/pages\/249"}],"wp:attachment":[{"href":"https:\/\/www.infraestruturameioambiente.sp.gov.br\/pgibt\/wp-json\/wp\/v2\/media?parent=1223"}],"curies":[{"name":"wp","href":"https:\/\/api.w.org\/{rel}","templated":true}]}}