{"id":1179,"date":"2013-09-19T14:47:37","date_gmt":"2013-09-19T17:47:37","guid":{"rendered":"https:\/\/www.infraestruturameioambiente.sp.gov.br\/pgibt\/?page_id=1179"},"modified":"2013-09-19T14:47:37","modified_gmt":"2013-09-19T17:47:37","slug":"2007-luciana-jandelli-gimenes","status":"publish","type":"page","link":"https:\/\/www.infraestruturameioambiente.sp.gov.br\/pgibt\/dissertacoesteses\/2007-luciana-jandelli-gimenes\/","title":{"rendered":"Luciana Jandelli Gimenes MS"},"content":{"rendered":"<h2 style=\"text-align: center\"><a href=\"https:\/\/smastr16.blob.core.windows.net\/pgibt\/2015\/02\/faixapos6.jpg\"><img decoding=\"async\" loading=\"lazy\" class=\"aligncenter size-full wp-image-3777\" style=\"border: 0px\" alt=\"faixapos6\" src=\"https:\/\/smastr16.blob.core.windows.net\/pgibt\/2015\/02\/faixapos6.jpg\" width=\"950\" height=\"163\" srcset=\"https:\/\/smastr16.blob.core.windows.net\/pgibt\/2015\/02\/faixapos6.jpg 950w, https:\/\/smastr16.blob.core.windows.net\/pgibt\/2015\/02\/faixapos6-768x131.jpg 768w\" sizes=\"(max-width: 950px) 100vw, 950px\" \/><\/a><\/h2>\n<hr align=\"center\" noshade=\"noshade\" size=\"1\" width=\"100%\" \/>\n<h2 style=\"text-align: center\"><span style=\"color: #003300\">Luciana Jandelli Gimenes<\/span><\/h2>\n<hr align=\"center\" noshade=\"noshade\" size=\"1\" width=\"100%\" \/>\n<p style=\"text-align: center\">Luciana Jandelli Gimenes, aluna do Programa de P\u00f3s-gradua\u00e7\u00e3o em Biodiversidade Vegetal e Meio Ambiente do Instituto de Bot\u00e2nica (IBt) e bolsista CAPES, defendeu no dia 15 de fevereiro de 2007 sua disserta\u00e7\u00e3o de mestrado com o t\u00edtulo:<br \/>\n\u201cA tribo\u00a0<em>Leucocoprineae (Agaricaceae)<\/em>\u00a0no Parque Estadual das Fontes do Ipiranga, S\u00e3o Paulo, SP, Brasil\u201d.<\/p>\n<p style=\"text-align: center\">A banca examinadora foi composta pela sua orientadora Dra. Marina Capelari, Dra. Adriana de Mello Gugliotta da Se\u00e7\u00e3o de Micologia e Liquenologia do Instituto de Bot\u00e2nica (IBt) e Dra Margarida Pereira Fonseca da Universidade de Guarulhos (UNG)<\/p>\n<hr align=\"center\" noshade=\"noshade\" size=\"1\" width=\"100%\" \/>\n<h3 style=\"text-align: center\">A tribo\u00a0<em>Leucocoprineae (Agaricaceae)<\/em>\u00a0no Parque Estadual das Fontes do Ipiranga, S\u00e3o Paulo, SP, Brasil.<\/h3>\n<hr align=\"center\" noshade=\"noshade\" size=\"1\" width=\"100%\" \/>\n<h4 style=\"text-align: center\"><strong>RESUMO<\/strong><\/h4>\n<p style=\"text-align: justify\">As esp\u00e9cies da tribo Leucocoprineae do Parque Estadual das Fontes do Ipiranga (PEFI) foram estudadas em aspectos morfol\u00f3gicos e moleculares (gene nLSU rDNA). Foram estudados os materiais j\u00e1 coletados e ainda n\u00e3o identificados e, tamb\u00e9m, revisados os depositados no Herb\u00e1rio SP. As an\u00e1lises taxon\u00f4micas e moleculares foram realizadas de acordo com os m\u00e9todos usuais para o grupo de fungos estudados. Para cada esp\u00e9cie s\u00e3o apresentadas descri\u00e7\u00f5es, ilustra\u00e7\u00f5es, distribui\u00e7\u00e3o geogr\u00e1fica e uma chave de identifica\u00e7\u00e3o para as esp\u00e9cies presentes no PEFI, sendo que todo o material estudado encontra-se depositado no Herb\u00e1rio SP. Atrav\u00e9s deste estudo, verificou-se que a tribo\u00a0<em>Leucocoprineae<\/em>\u00a0no PEFI compreende as seguintes esp\u00e9cies:\u00a0<em>Chlorophyllum molybdites (Meyer: Fr.) Massee, Chlorophyllum pulchellum (de Meijer &amp; Vellinga) Gimenes &amp; Capelari, comb. nov., Leucocoprinus birnbaumii (Corda) Singer, L. brebissonii (Godey) Locq., L. brunneoluteus Capelari &amp; Gimenes, L. cepistipes (Sowerby: Fr.) Pat., L. cretaceus (Bull.: Fr.) Locq., L. fragillisimus (Rav.) Pat., Leucocoprinussp., Macrolepiota sp.<\/em>\u00a0e revisadas as exsicatas do Herb\u00e1rio SP, confirmando\u00a0<em>Macrolepiota bonaerensis (Speg.) Singer e M. mastoidea (Fr.) Singer. Leucocoprinus cepistipes,<\/em>\u00a0constitui primeira cita\u00e7\u00e3o para o PEFI e para o estado de S\u00e3o Paulo,\u00a0<em>Leucocoprinus sp. e Macrolepiota sp.<\/em>\u00a0ser\u00e3o propostas como esp\u00e9cies novas para a ci\u00eancia e<em>\u00a0Chlorophyllum pulchellum<\/em>\u00a0como combina\u00e7\u00e3o nova.<br \/>\n<\/p>\n<hr align=\"center\" noshade=\"noshade\" size=\"1\" width=\"100%\" \/>\n<p style=\"text-align: center\"><a href=\"https:\/\/smastr16.blob.core.windows.net\/pgibt\/2013\/09\/pdf_grande.gif\"><img decoding=\"async\" loading=\"lazy\" class=\"aligncenter size-full wp-image-2313\" style=\"border: 0px\" alt=\"pdf_grande\" src=\"https:\/\/smastr16.blob.core.windows.net\/pgibt\/2013\/09\/pdf_grande.gif\" width=\"60\" height=\"60\" \/><\/a><a href=\"https:\/\/smastr16.blob.core.windows.net\/pgibt\/2013\/09\/Luciana_Jandelli_Gimenes_MS.pdf\" target=\"_blank\">Luciana Jandelli Gimenes<br \/>\nA tribo Leucocoprineae (Agaricaceae) no Parque Estadual das Fontes do Ipiranga, S\u00e3o Paulo, SP, Brasil.<\/a><\/p>\n<hr align=\"center\" noshade=\"noshade\" size=\"1\" width=\"100%\" \/>\n<p style=\"text-align: center\"><strong>\u00a0<a href=\"https:\/\/www.infraestruturameioambiente.sp.gov.br\/pgibt\/dissertacoesteses\/\">VOLTAR AS DISSERTA\u00c7\u00d5ES E TESES<\/a><\/strong><\/p>\n<hr align=\"center\" noshade=\"noshade\" size=\"1\" width=\"100%\" \/>\n","protected":false},"excerpt":{"rendered":"<p>Luciana Jandelli Gimenes Luciana Jandelli Gimenes, aluna do Programa de P\u00f3s-gradua\u00e7\u00e3o em Biodiversidade Vegetal e Meio Ambiente do Instituto de Bot\u00e2nica (IBt) e bolsista CAPES, defendeu no dia 15 de fevereiro de 2007 sua disserta\u00e7\u00e3o de mestrado com o t\u00edtulo: \u201cA tribo\u00a0Leucocoprineae (Agaricaceae)\u00a0no Parque Estadual das Fontes do Ipiranga, S\u00e3o Paulo, SP, Brasil\u201d. A banca [&hellip;]<\/p>\n","protected":false},"author":1,"featured_media":0,"parent":249,"menu_order":0,"comment_status":"closed","ping_status":"open","template":"fullpage.php","meta":[],"_links":{"self":[{"href":"https:\/\/www.infraestruturameioambiente.sp.gov.br\/pgibt\/wp-json\/wp\/v2\/pages\/1179"}],"collection":[{"href":"https:\/\/www.infraestruturameioambiente.sp.gov.br\/pgibt\/wp-json\/wp\/v2\/pages"}],"about":[{"href":"https:\/\/www.infraestruturameioambiente.sp.gov.br\/pgibt\/wp-json\/wp\/v2\/types\/page"}],"author":[{"embeddable":true,"href":"https:\/\/www.infraestruturameioambiente.sp.gov.br\/pgibt\/wp-json\/wp\/v2\/users\/1"}],"replies":[{"embeddable":true,"href":"https:\/\/www.infraestruturameioambiente.sp.gov.br\/pgibt\/wp-json\/wp\/v2\/comments?post=1179"}],"version-history":[{"count":0,"href":"https:\/\/www.infraestruturameioambiente.sp.gov.br\/pgibt\/wp-json\/wp\/v2\/pages\/1179\/revisions"}],"up":[{"embeddable":true,"href":"https:\/\/www.infraestruturameioambiente.sp.gov.br\/pgibt\/wp-json\/wp\/v2\/pages\/249"}],"wp:attachment":[{"href":"https:\/\/www.infraestruturameioambiente.sp.gov.br\/pgibt\/wp-json\/wp\/v2\/media?parent=1179"}],"curies":[{"name":"wp","href":"https:\/\/api.w.org\/{rel}","templated":true}]}}