{"id":1153,"date":"2013-09-19T14:09:22","date_gmt":"2013-09-19T17:09:22","guid":{"rendered":"https:\/\/www.infraestruturameioambiente.sp.gov.br\/pgibt\/?page_id=1153"},"modified":"2013-09-19T14:09:22","modified_gmt":"2013-09-19T17:09:22","slug":"2010-fernanda-ramlov","status":"publish","type":"page","link":"https:\/\/www.infraestruturameioambiente.sp.gov.br\/pgibt\/dissertacoesteses\/2010-fernanda-ramlov\/","title":{"rendered":"Fernanda Ramlov-DR"},"content":{"rendered":"<h2 style=\"text-align: center\"><a href=\"https:\/\/smastr16.blob.core.windows.net\/pgibt\/2015\/02\/faixapos6.jpg\"><img decoding=\"async\" loading=\"lazy\" class=\"aligncenter size-full wp-image-3777\" style=\"border: 0px\" alt=\"faixapos6\" src=\"https:\/\/smastr16.blob.core.windows.net\/pgibt\/2015\/02\/faixapos6.jpg\" width=\"950\" height=\"163\" srcset=\"https:\/\/smastr16.blob.core.windows.net\/pgibt\/2015\/02\/faixapos6.jpg 950w, https:\/\/smastr16.blob.core.windows.net\/pgibt\/2015\/02\/faixapos6-768x131.jpg 768w\" sizes=\"(max-width: 950px) 100vw, 950px\" \/><\/a><\/h2>\n<hr align=\"center\" noshade=\"noshade\" size=\"1\" width=\"100%\" \/>\n<h2 style=\"text-align: center\"><span style=\"color: #003300\">Fernanda Ramlov<\/span><\/h2>\n<hr align=\"center\" noshade=\"noshade\" size=\"1\" width=\"100%\" \/>\n<p style=\"text-align: center\">No dia 30 de setembro de 2010, a aluna Fernanda Ramlov (Bolsista CNPq) do Programa de P\u00f3s-Gradua\u00e7\u00e3o em Biodiversidade Vegetal\u00a0e Meio Ambiente do Instituto de Bot\u00e2nica de S\u00e3o Paulo, defendeu sua tese de doutorado intitulada<br \/>\n\u201cVaria\u00e7\u00e3o sazonal dos caroten\u00f3ides e compostos fen\u00f3licos e estudos fisiol\u00f3gicos em diferentes est\u00e1dios\u00a0reprodutivos de<br \/>\n<em>Gracilaria domingensis\u00a0<\/em>(K\u00fctz.) Sonder\u00a0<em>ex<\/em>\u00a0Dickie (Gracilariales, Rhodophyta)\u201d<br \/>\norientada pela Dra. Nair Sumie Yokoya.<\/p>\n<p style=\"text-align: center\">A banca examinadora foi composta por sua orientadora, pela \u00a0Dra. Estela Maria Plastino (IB-USP), Dra. Fanly Fungyi Chow Ho (IB-USP),<br \/>\nDra. Mutue Toyota Fujii (IBt) e Dr. Pio Colepicolo (IQ-USP).<\/p>\n<hr align=\"center\" noshade=\"noshade\" size=\"1\" width=\"100%\" \/>\n<h3 style=\"text-align: center\"><strong>Varia\u00e7\u00e3o sazonal dos caroten\u00f3ides e compostos fen\u00f3licos e estudos fisiol\u00f3gicos em diferentes est\u00e1dios reprodutivos de\u00a0<em>Gracilaria domingensis<\/em>\u00a0(K\u00fctz.) Sonder ex Dickie (Gracilariales, Rhodophyta)<\/strong>.<\/h3>\n<hr align=\"center\" noshade=\"noshade\" size=\"1\" width=\"100%\" \/>\n<h4 style=\"text-align: center\"><strong>RESUMO<\/strong><\/h4>\n<p style=\"text-align: justify\"><em>Gracilaria domingensis<\/em>\u00a0(K\u00fctz.) Sonder ex Dickie (Rhodophyta, Gracilariales) \u00e9 uma alga vermelha que apresenta import\u00e2ncia econ\u00f4mica por ser mat\u00e9ria prima para a produ\u00e7\u00e3o de \u00e1gar. Por ser uma esp\u00e9cie pass\u00edvel de ser cultivada, cresce o interesse pelo estudo de compostos do seu metabolismo secund\u00e1rio na busca por mol\u00e9culas biologicamente ativas. Este trabalho avaliou a varia\u00e7\u00e3o sazonal do perfil de caroten\u00f3ides e de compostos fen\u00f3licos dos est\u00e1dios reprodutivos de\u00a0<em>G. domingensis<\/em>, bem como a atividade antioxidante de seus extratos. Al\u00e9m disso, os efeitos da temperatura, salinidade, irradi\u00e2ncia e nutrientes no desenvolvimento de pl\u00e2ntulas e tetraspor\u00f3fitos adultos e os efeitos da irradi\u00e2ncia e nutrientes no conte\u00fado de pigmentos fotossintetizantes, de caroten\u00f3ides e de prote\u00ednas sol\u00faveis totais foram tamb\u00e9m investigados. As coletas foram realizadas sazonalmente na Praia da Lagoinha, Florian\u00f3polis, SC, no per\u00edodo de maio\/2008 a janeiro\/2010. Foi observado o predom\u00ednio de tetraspor\u00f3fitos na popula\u00e7\u00e3o. Quanto \u00e0 caracteriza\u00e7\u00e3o de caroten\u00f3ides presentes nos est\u00e1dios reprodutivos da esp\u00e9cie, foram identificados por cromatografia l\u00edquida de alta efici\u00eancia (CLAE) as xantofilas lute\u00edna,\u00a0zeaxantina e \u03b2-criptoxantina e \u03b1-caroteno e \u03b2-caroteno (<em>cis<\/em>\u00a0e\u00a0<em>trans<\/em>). O is\u00f4mero\u00a0<em>trans<\/em>\u00a0do \u03b2-caroteno foi o caroten\u00f3ide majorit\u00e1rio em ambos os est\u00e1dios reprodutivos, independentemente da \u00e9poca do ano.\u00a0 Com rela\u00e7\u00e3o ao perfil de compostos fen\u00f3licos (determinado por CLAE) foram detectados os seguintes compostos: epicatequina, galocatequina, tra\u00e7os de \u00e1cido g\u00e1lico e um composto ainda n\u00e3o identificado (denominado composto X \u2013 Rt 4,4 min).\u00a0A varia\u00e7\u00e3o sazonal no conte\u00fado de caroten\u00f3ides e de compostos fen\u00f3licos foi modulada pelas mudan\u00e7as nos fatores ambientais que ocorreram durante os dois anos de coletas, sendo que o ac\u00famulo de caroten\u00f3ides esteve relacionado principalmente \u00e0 fotoprote\u00e7\u00e3o e ao estresse causado pela diminui\u00e7\u00e3o da temperatura e o ac\u00famulo de compostos fen\u00f3licos esteve relacionado \u00e0 fotoprote\u00e7\u00e3o e \u00e0 prote\u00e7\u00e3o e\/ou matura\u00e7\u00e3o das estruturas reprodutivas dos est\u00e1dios reprodutivos.\u00a0A an\u00e1lise de componentes principais (PCA) evidenciou grupos caracter\u00edsticos, agrupando gamet\u00f3fitos femininos coletados no outono e masculinos coletados no inverno, primavera e ver\u00e3o em fun\u00e7\u00e3o das altas concentra\u00e7\u00f5es de caroten\u00f3ides e\/ou compostos fen\u00f3licos. Estes resultados evidenciaram o efeito fotoprotetor e antioxidante que os caroten\u00f3ides e compostos fen\u00f3licos apresentam e a necessidade que os indiv\u00edduos hapl\u00f3ides t\u00eam em desenvolver mecanismos para sobreviverem \u00e0s condi\u00e7\u00f5es ambientais desfavor\u00e1veis e garantir a manuten\u00e7\u00e3o da popula\u00e7\u00e3o. Os resultados obtidos em laborat\u00f3rio evidenciaram que as diferentes fases de desenvolvimento avaliadas (pl\u00e2ntulas e adultos) apresentaram diferen\u00e7as fisiol\u00f3gicas com rela\u00e7\u00e3o aos par\u00e2metros avaliados. Em rela\u00e7\u00e3o \u00e0 temperatura, as pl\u00e2ntulas derivadas da germina\u00e7\u00e3o de tetr\u00e1sporos e carp\u00f3sporos n\u00e3o toleraram temperaturas inferiores a 15 e 20\u00b0C, respectivamente. As pl\u00e2ntulas derivadas da germina\u00e7\u00e3o de carp\u00f3sporos tiveram taxas de crescimento superior a 30\u00b0C enquanto que as pl\u00e2ntulas derivadas da germina\u00e7\u00e3o de tetr\u00e1sporos tiveram taxas de crescimento superior a 20 e 25\u00b0C. Para os tetraspor\u00f3fitos adultos, taxas de crescimento superiores foram observadas a 20 e 25\u00b0C. As pl\u00e2ntulas derivadas da germina\u00e7\u00e3o de carp\u00f3poros toleraram salinidades de 25 a 60 ups, tendo seu \u00f3timo de crescimento a 30 ups; as pl\u00e2ntulas derivadas da germina\u00e7\u00e3o de tetr\u00e1sporos toleraram salinidades de 25 a 55 ups, apresentando maiores taxas de crescimento a 40 e 45 ups. Os tetraspor\u00f3fitos adultos toleraram salinidades de 10 a 50 ups (n\u00e3o sobrevivendo na salinidade de 60 ups), e o valor \u00f3timo para o seu crescimento foi em 40 ups. No experimento bifatorial combinando irradi\u00e2ncia e concentra\u00e7\u00f5es de \u00e1gua do mar enriquecida com a solu\u00e7\u00e3o de Von Stosch (VSES) verificou-se que as concentra\u00e7\u00f5es de VSES n\u00e3o influenciaram o crescimento de pl\u00e2ntulas e tetraspor\u00f3fitos adultos. Entretanto, a irradi\u00e2ncia foi determinante no crescimento, sendo que o disco basal das pl\u00e2ntulas apresentou maiores taxas de crescimento quando cultivadas sob 150\u00a0\u03bcmol de f\u00f3tons.m<sup>-2<\/sup>.s<sup>-1<\/sup>. O eixo ereto das pl\u00e2ntulas e os tetraspor\u00f3fitos adultos tiveram taxas de crescimento superiores quando cultivados sob a irradi\u00e2ncia de 100\u00a0\u03bcmol de f\u00f3tons.m<sup>-2<\/sup>.s<sup>-1<\/sup>. As concentra\u00e7\u00f5es de ficobiliprote\u00ednas e de caroten\u00f3ides em tetraspor\u00f3fitos adultos foi influenciada pela irradi\u00e2ncia. Baixa irradi\u00e2ncia (50\u00a0\u03bcmol de f\u00f3tons.m<sup>-2<\/sup>.s<sup>-1<\/sup>) estimulou o ac\u00famulo de ficobiliprote\u00ednas enquanto que a alta irradi\u00e2ncia (100\u00a0\u03bcmol de f\u00f3tons.m<sup>-2<\/sup>.s<sup>-1<\/sup>) estimulou o ac\u00famulo dos caroten\u00f3ides. Estes resultados demonstram a import\u00e2ncia destes pigmentos na aclimata\u00e7\u00e3o e fotoprote\u00e7\u00e3o dos tetraspor\u00f3fitos adultos de\u00a0<em>G. domingensis<\/em>\u00a0frente \u00e0s varia\u00e7\u00f5es na irradi\u00e2ncia.\u00a0Considerando o conjunto de resultados obtidos no presente estudo, espera-se que esses dados possam contribuir ao conhecimento sobre a fun\u00e7\u00e3o dos caroten\u00f3ides e dos compostos fen\u00f3licos nos diferentes est\u00e1dios reprodutivos de<em>Gracilaria domingensis<\/em>\u00a0e que os resultados referentes aos estudos fisiol\u00f3gicos possam ser utilizados em sistemas de cultivo de\u00a0<em>G. domingensis<\/em>, visando uma maior produtividade.<\/p>\n<p style=\"text-align: justify\">Palavras-chave:\u00a0caroten\u00f3ides, compostos fen\u00f3licos, fisiologia do desenvolvimento,\u00a0<em>Gracilaria domingensis<\/em>, Rhodophyta, Santa Catarina<\/p>\n<hr align=\"center\" noshade=\"noshade\" size=\"1\" width=\"100%\" \/>\n<p style=\"text-align: center\"><a href=\"https:\/\/smastr16.blob.core.windows.net\/pgibt\/2013\/09\/pdf_grande.gif\"><img decoding=\"async\" loading=\"lazy\" class=\"aligncenter size-full wp-image-2313\" style=\"border: 0px\" alt=\"pdf_grande\" src=\"https:\/\/smastr16.blob.core.windows.net\/pgibt\/2013\/09\/pdf_grande.gif\" width=\"60\" height=\"60\" \/><\/a><a href=\"https:\/\/smastr16.blob.core.windows.net\/pgibt\/2013\/09\/Fernanda_Ramlov_DR.pdf\" target=\"_blank\">Fernanda Ramlov<br \/>\nVaria\u00e7\u00e3o sazonal dos caroten\u00f3ides e compostos fen\u00f3licos e estudos fisiol\u00f3gicos em diferentes est\u00e1dios reprodutivos de<br \/>\n<em>Gracilaria domingensis<\/em> (K\u00fctz.) Sonder ex Dickie (Gracilariales, Rhodophyta)<\/a><\/p>\n<hr align=\"center\" noshade=\"noshade\" size=\"1\" width=\"100%\" \/>\n<p style=\"text-align: center\"><strong>\u00a0<a href=\"https:\/\/www.infraestruturameioambiente.sp.gov.br\/pgibt\/dissertacoesteses\/\">VOLTAR AS DISSERTA\u00c7\u00d5ES E TESES<\/a><\/strong><\/p>\n<hr align=\"center\" noshade=\"noshade\" size=\"1\" width=\"100%\" \/>\n","protected":false},"excerpt":{"rendered":"<p>Fernanda Ramlov No dia 30 de setembro de 2010, a aluna Fernanda Ramlov (Bolsista CNPq) do Programa de P\u00f3s-Gradua\u00e7\u00e3o em Biodiversidade Vegetal\u00a0e Meio Ambiente do Instituto de Bot\u00e2nica de S\u00e3o Paulo, defendeu sua tese de doutorado intitulada \u201cVaria\u00e7\u00e3o sazonal dos caroten\u00f3ides e compostos fen\u00f3licos e estudos fisiol\u00f3gicos em diferentes est\u00e1dios\u00a0reprodutivos de Gracilaria domingensis\u00a0(K\u00fctz.) Sonder\u00a0ex\u00a0Dickie (Gracilariales, [&hellip;]<\/p>\n","protected":false},"author":1,"featured_media":0,"parent":249,"menu_order":0,"comment_status":"closed","ping_status":"open","template":"fullpage.php","meta":[],"_links":{"self":[{"href":"https:\/\/www.infraestruturameioambiente.sp.gov.br\/pgibt\/wp-json\/wp\/v2\/pages\/1153"}],"collection":[{"href":"https:\/\/www.infraestruturameioambiente.sp.gov.br\/pgibt\/wp-json\/wp\/v2\/pages"}],"about":[{"href":"https:\/\/www.infraestruturameioambiente.sp.gov.br\/pgibt\/wp-json\/wp\/v2\/types\/page"}],"author":[{"embeddable":true,"href":"https:\/\/www.infraestruturameioambiente.sp.gov.br\/pgibt\/wp-json\/wp\/v2\/users\/1"}],"replies":[{"embeddable":true,"href":"https:\/\/www.infraestruturameioambiente.sp.gov.br\/pgibt\/wp-json\/wp\/v2\/comments?post=1153"}],"version-history":[{"count":0,"href":"https:\/\/www.infraestruturameioambiente.sp.gov.br\/pgibt\/wp-json\/wp\/v2\/pages\/1153\/revisions"}],"up":[{"embeddable":true,"href":"https:\/\/www.infraestruturameioambiente.sp.gov.br\/pgibt\/wp-json\/wp\/v2\/pages\/249"}],"wp:attachment":[{"href":"https:\/\/www.infraestruturameioambiente.sp.gov.br\/pgibt\/wp-json\/wp\/v2\/media?parent=1153"}],"curies":[{"name":"wp","href":"https:\/\/api.w.org\/{rel}","templated":true}]}}