{"id":111,"date":"2013-04-12T15:19:29","date_gmt":"2013-04-12T18:19:29","guid":{"rendered":"https:\/\/www.infraestruturameioambiente.sp.gov.br\/pgibt\/?page_id=111"},"modified":"2024-09-19T08:37:33","modified_gmt":"2024-09-19T11:37:33","slug":"desefa-de-dissertacao","status":"publish","type":"page","link":"https:\/\/www.infraestruturameioambiente.sp.gov.br\/pgibt\/mestrado\/desefa-de-dissertacao\/","title":{"rendered":"Defesa de Disserta\u00e7\u00e3o"},"content":{"rendered":"<p><strong>DOCUMENTOS EXIGIDOS<\/strong><\/p>\n<ul>\n<li style=\"text-align: justify\">\n<p class=\"x_elementToProof\" data-ogsb=\"white\"><span data-ogsc=\"black\">\u00a0 <\/span><span data-ogsc=\"black\">Enviar para o e-mail da Secretaria da PG (<a id=\"LPlnkOWAbeb9e686-b41a-0365-2423-a0cfde58c7c1\" class=\"x_OWAAutoLink\" href=\"mailto:ipa.posgraduacao@sp.gov.br\" data-loopstyle=\"linkonly\" data-linkindex=\"0\" data-ogsc=\"\">ipa.posgraduacao@sp.gov.br<\/a>), arquivo em PDF da disserta\u00e7\u00e3o juntamente com of\u00edcio de encaminhamento assinado pelo orientador. Fica sob a responsabilidade do orientador e aluno enviar o mesmo arquivo aos membros da banca.<\/span><\/p>\n<\/li>\n<li style=\"text-align: justify\">\n<p class=\"x_elementToProof\" data-ogsb=\"white\"><span data-ogsc=\"black\">Solicita\u00e7\u00e3o e sugest\u00f5es de composi\u00e7\u00e3o da Banca de Defesa devem ser feitos via SISPG, at\u00e9 dois dias \u00fateis antes da Reuni\u00e3o do Conselho do m\u00eas anterior \u00e0 Defesa.<\/span><\/p>\n<\/li>\n<\/ul>\n<hr style=\"clear: both\" \/>\n<h3><strong>PDF \u00a0<\/strong><a href=\"https:\/\/smastr16.blob.core.windows.net\/pgibt\/sites\/242\/2024\/04\/regulamento_defesa_dissertacao_tese_2024.pdf\">REGULAMENTO &#8211;\u00a0Defesa de Disserta\u00e7\u00e3o<\/a><\/h3>\n<hr style=\"clear: both\" \/>\n<h3>DOC <a href=\"https:\/\/smastr16.blob.core.windows.net\/pgibt\/sites\/242\/2024\/09\/capa_dissertacao-2024.doc\">NORMAS &#8211; Exemplar Final<\/a><\/h3>\n<hr style=\"clear: both\" \/>\n","protected":false},"excerpt":{"rendered":"<p>DOCUMENTOS EXIGIDOS \u00a0 Enviar para o e-mail da Secretaria da PG (ipa.posgraduacao@sp.gov.br), arquivo em PDF da disserta\u00e7\u00e3o juntamente com of\u00edcio de encaminhamento assinado pelo orientador. Fica sob a responsabilidade do orientador e aluno enviar o mesmo arquivo aos membros da banca. Solicita\u00e7\u00e3o e sugest\u00f5es de composi\u00e7\u00e3o da Banca de Defesa devem ser feitos via SISPG, [&hellip;]<\/p>\n","protected":false},"author":1,"featured_media":0,"parent":79,"menu_order":4,"comment_status":"closed","ping_status":"open","template":"","meta":[],"_links":{"self":[{"href":"https:\/\/www.infraestruturameioambiente.sp.gov.br\/pgibt\/wp-json\/wp\/v2\/pages\/111"}],"collection":[{"href":"https:\/\/www.infraestruturameioambiente.sp.gov.br\/pgibt\/wp-json\/wp\/v2\/pages"}],"about":[{"href":"https:\/\/www.infraestruturameioambiente.sp.gov.br\/pgibt\/wp-json\/wp\/v2\/types\/page"}],"author":[{"embeddable":true,"href":"https:\/\/www.infraestruturameioambiente.sp.gov.br\/pgibt\/wp-json\/wp\/v2\/users\/1"}],"replies":[{"embeddable":true,"href":"https:\/\/www.infraestruturameioambiente.sp.gov.br\/pgibt\/wp-json\/wp\/v2\/comments?post=111"}],"version-history":[{"count":10,"href":"https:\/\/www.infraestruturameioambiente.sp.gov.br\/pgibt\/wp-json\/wp\/v2\/pages\/111\/revisions"}],"predecessor-version":[{"id":9369,"href":"https:\/\/www.infraestruturameioambiente.sp.gov.br\/pgibt\/wp-json\/wp\/v2\/pages\/111\/revisions\/9369"}],"up":[{"embeddable":true,"href":"https:\/\/www.infraestruturameioambiente.sp.gov.br\/pgibt\/wp-json\/wp\/v2\/pages\/79"}],"wp:attachment":[{"href":"https:\/\/www.infraestruturameioambiente.sp.gov.br\/pgibt\/wp-json\/wp\/v2\/media?parent=111"}],"curies":[{"name":"wp","href":"https:\/\/api.w.org\/{rel}","templated":true}]}}