{"id":1101,"date":"2013-09-18T17:05:12","date_gmt":"2013-09-18T20:05:12","guid":{"rendered":"https:\/\/www.infraestruturameioambiente.sp.gov.br\/pgibt\/?page_id=1101"},"modified":"2013-09-18T17:05:12","modified_gmt":"2013-09-18T20:05:12","slug":"2010-cristiane-de-almeida-nascimento","status":"publish","type":"page","link":"https:\/\/www.infraestruturameioambiente.sp.gov.br\/pgibt\/dissertacoesteses\/2010-cristiane-de-almeida-nascimento\/","title":{"rendered":"Cristiane de Almeida Nascimento DR"},"content":{"rendered":"<h2 style=\"text-align: center\"><a href=\"https:\/\/smastr16.blob.core.windows.net\/pgibt\/2015\/02\/faixapos6.jpg\"><img decoding=\"async\" loading=\"lazy\" class=\"aligncenter size-full wp-image-3777\" style=\"border: 0px\" alt=\"faixapos6\" src=\"https:\/\/smastr16.blob.core.windows.net\/pgibt\/2015\/02\/faixapos6.jpg\" width=\"950\" height=\"163\" srcset=\"https:\/\/smastr16.blob.core.windows.net\/pgibt\/2015\/02\/faixapos6.jpg 950w, https:\/\/smastr16.blob.core.windows.net\/pgibt\/2015\/02\/faixapos6-768x131.jpg 768w\" sizes=\"(max-width: 950px) 100vw, 950px\" \/><\/a><\/h2>\n<hr align=\"center\" noshade=\"noshade\" size=\"1\" width=\"100%\" \/>\n<h2 style=\"text-align: center\"><span style=\"color: #003300\">Cristiane de Almeida Nascimento<\/span><\/h2>\n<hr align=\"center\" noshade=\"noshade\" size=\"1\" width=\"100%\" \/>\n<p style=\"text-align: center\">No dia 12 de maio de 2010, Cristiane de Almeida Nascimento, aluna do curso de P\u00f3s-Gradua\u00e7\u00e3o em Biodiversidade Vegetal e Meio Ambiente do Instituto de Bot\u00e2nica, e bolsista CNPq, defendeu sua tese de doutorado intitulada<br \/>\n\u201cAvalia\u00e7\u00e3o da diversidade de organismos zoosp\u00f3ricos da Reserva Biol\u00f3gica e Esta\u00e7\u00e3o Experimental de Mogi Gua\u00e7u, Estado de S\u00e3o Paulo, Brasil\u201d.<\/p>\n<p style=\"text-align: center\">A banca examinadora foi composta por sua orientadora Dra. Carmen L\u00eddia Amorim Pires Zottarelli (IBt, S\u00e3o Paulo, Brasil), Dra. Agostina V. Marano (Instituto de Bot\u00e1nica Spegazzini, Buenos Aires, Argentina), Dr. Andr\u00e9 Cordeiro dos Santos (Universidade Federal de S\u00e3o Carlos, SP, Brasil), Dra. Sandra Farto Botelho Trufem (Universidade S\u00e3o Marcos, SP, Brasil) e Dra. Marina Capelari (IBt, SP, Brasil).<\/p>\n<hr align=\"center\" noshade=\"noshade\" size=\"1\" width=\"100%\" \/>\n<h3 style=\"text-align: center\">Avalia\u00e7\u00e3o da diversidade de organismos zoosp\u00f3ricos da Reserva Biol\u00f3gica e Esta\u00e7\u00e3o Experimental de Mogi Gua\u00e7u,<br \/>\nEstado de S\u00e3o Paulo, Brasil.<\/h3>\n<hr align=\"center\" noshade=\"noshade\" size=\"1\" width=\"100%\" \/>\n<h4 style=\"text-align: center\"><strong>RESUMO<\/strong><\/h4>\n<p style=\"text-align: justify\">Organismos zoosp\u00f3ricos s\u00e3o comumente encontrados nos diferentes ecossistemas aqu\u00e1ticos e terrestres, no entanto, a influ\u00eancia dos fatores abi\u00f3ticos e da sazonalidade na sua ocorr\u00eancia e distribui\u00e7\u00e3o nesses ambientes \u00e9 pouco conhecida, principalmente no Brasil. Neste estudo, tal influ\u00eancia foi analisada considerando os padr\u00f5es de abund\u00e2ncia, frequ\u00eancia, diversidade e uniformidade destes organismos em diferentes \u00e1reas e esta\u00e7\u00f5es clim\u00e1ticas, na Reserva Biol\u00f3gica e Esta\u00e7\u00e3o Experimental de Mogi Gua\u00e7u, que representa um importante fragmento de Cerrado no estado de S\u00e3o Paulo, Brasil. A amostragem consistiu em quatro coletas de \u00e1gua e solo, duas na esta\u00e7\u00e3o chuvosa (janeiro e outubro\/2008) e duas na esta\u00e7\u00e3o seca (abril e julho\/2008), em seis pontos demarcados na \u00e1rea \u201cA\u201d e seis na \u00e1rea \u201cB\u201d, com concomitante mensura\u00e7\u00e3o de 13 fatores abi\u00f3ticos na \u00e1gua e 21 no solo. As amostras foram processadas em laborat\u00f3rio utilizando a t\u00e9cnica de iscagem m\u00faltipla com substratos celul\u00f3sicos, quitinosos e queratinosos, permitindo a obten\u00e7\u00e3o de 523 isolamentos, 300 na \u00e1gua e 223 no solo, representados por 46 t\u00e1xons, 32 na \u00e1gua e 30 no solo, pertencentes aos filos Blastocladiomycota, Chytridiomycota e Oomycota. A comunidade apresentou alta diversidade e uniformidade, e dentre os t\u00e1xons encontrados, <em>Cladochytrium tenue<\/em> Nowak., <em>Entophlyctis luteolus<\/em> Longcore, <em>Karlingiomyces dubius<\/em> (Karling) Sparrow e <em>K. granulatus<\/em> (Karling) Sparrow isolados na \u00e1gua, e<em> Phyctochytrium aureliae<\/em> Ajello, <em>Brevilegnia minutandra<\/em> H\u00f6hnk, <em>Phragmosporangium uniseriatum<\/em> R.L. Seym., <em>Leptolegnia subterranea<\/em> Coker &amp; J.V. Harv., <em>Rhizidium verrucosum<\/em> Karling, <em>Rhizophydium coronum<\/em> A.M. Hanson e <em>Septosperma rhizophydii<\/em> Whiffen ex W.H. Blackw. &amp; M.J. Powell encontrados no solo, s\u00e3o novas cita\u00e7\u00f5es para o Cerrado. A estrutura da comunidade na \u00e1gua e no solo apresentou algumas modifica\u00e7\u00f5es como respostas sazonais e espaciais, provavelmente influenciadas pelas caracter\u00edsticas abi\u00f3ticas distintas de cada \u00e1rea ou per\u00edodo clim\u00e1tico, no entanto, o \u00edndice de S\u00f8rensen e os \u00edndices biol\u00f3gicos utilizados (Riqueza, Equitatividade, Shannon e Simpson) apontaram alta similaridade entre as comunidades nas \u00e1reas e esta\u00e7\u00f5es.<\/p>\n<p style=\"text-align: justify\">Palavras-Chave: Chytridiomycota, fatores abi\u00f3ticos, Oomycota, sazonalidade<\/p>\n<hr align=\"center\" noshade=\"noshade\" size=\"1\" width=\"100%\" \/>\n<p style=\"text-align: center\"><a href=\"https:\/\/smastr16.blob.core.windows.net\/pgibt\/2013\/09\/pdf_grande.gif\"><img decoding=\"async\" loading=\"lazy\" class=\"aligncenter size-full wp-image-2313\" style=\"border: 0px\" alt=\"pdf_grande\" src=\"https:\/\/smastr16.blob.core.windows.net\/pgibt\/2013\/09\/pdf_grande.gif\" width=\"60\" height=\"60\" \/><\/a><a href=\"https:\/\/smastr16.blob.core.windows.net\/pgibt\/2013\/09\/Cristiane_de_Almeida_Nascimento_DR.pdf\" target=\"_blank\">Cristiane de Almeida Nascimento<br \/>\nAvalia\u00e7\u00e3o da diversidade de organismos zoosp\u00f3ricos da Reserva Biol\u00f3gica e Esta\u00e7\u00e3o Experimental de Mogi Gua\u00e7u, Estado de S\u00e3o Paulo<\/a><\/p>\n<hr align=\"center\" noshade=\"noshade\" size=\"1\" width=\"100%\" \/>\n<p style=\"text-align: center\"><strong>\u00a0<a href=\"https:\/\/www.infraestruturameioambiente.sp.gov.br\/pgibt\/dissertacoesteses\/\">VOLTAR AS DISSERTA\u00c7\u00d5ES E TESES<\/a><\/strong><\/p>\n<hr align=\"center\" noshade=\"noshade\" size=\"1\" width=\"100%\" \/>\n","protected":false},"excerpt":{"rendered":"<p>Cristiane de Almeida Nascimento No dia 12 de maio de 2010, Cristiane de Almeida Nascimento, aluna do curso de P\u00f3s-Gradua\u00e7\u00e3o em Biodiversidade Vegetal e Meio Ambiente do Instituto de Bot\u00e2nica, e bolsista CNPq, defendeu sua tese de doutorado intitulada \u201cAvalia\u00e7\u00e3o da diversidade de organismos zoosp\u00f3ricos da Reserva Biol\u00f3gica e Esta\u00e7\u00e3o Experimental de Mogi Gua\u00e7u, Estado [&hellip;]<\/p>\n","protected":false},"author":1,"featured_media":0,"parent":249,"menu_order":0,"comment_status":"closed","ping_status":"closed","template":"fullpage.php","meta":[],"_links":{"self":[{"href":"https:\/\/www.infraestruturameioambiente.sp.gov.br\/pgibt\/wp-json\/wp\/v2\/pages\/1101"}],"collection":[{"href":"https:\/\/www.infraestruturameioambiente.sp.gov.br\/pgibt\/wp-json\/wp\/v2\/pages"}],"about":[{"href":"https:\/\/www.infraestruturameioambiente.sp.gov.br\/pgibt\/wp-json\/wp\/v2\/types\/page"}],"author":[{"embeddable":true,"href":"https:\/\/www.infraestruturameioambiente.sp.gov.br\/pgibt\/wp-json\/wp\/v2\/users\/1"}],"replies":[{"embeddable":true,"href":"https:\/\/www.infraestruturameioambiente.sp.gov.br\/pgibt\/wp-json\/wp\/v2\/comments?post=1101"}],"version-history":[{"count":0,"href":"https:\/\/www.infraestruturameioambiente.sp.gov.br\/pgibt\/wp-json\/wp\/v2\/pages\/1101\/revisions"}],"up":[{"embeddable":true,"href":"https:\/\/www.infraestruturameioambiente.sp.gov.br\/pgibt\/wp-json\/wp\/v2\/pages\/249"}],"wp:attachment":[{"href":"https:\/\/www.infraestruturameioambiente.sp.gov.br\/pgibt\/wp-json\/wp\/v2\/media?parent=1101"}],"curies":[{"name":"wp","href":"https:\/\/api.w.org\/{rel}","templated":true}]}}