{"id":1059,"date":"2013-09-18T15:45:40","date_gmt":"2013-09-18T18:45:40","guid":{"rendered":"https:\/\/www.infraestruturameioambiente.sp.gov.br\/pgibt\/?page_id=1059"},"modified":"2013-09-18T15:45:40","modified_gmt":"2013-09-18T18:45:40","slug":"2011-raquel-ieda-lopes-ms","status":"publish","type":"page","link":"https:\/\/www.infraestruturameioambiente.sp.gov.br\/pgibt\/dissertacoesteses\/2011-raquel-ieda-lopes-ms\/","title":{"rendered":"Raquel Ieda Lopes MS"},"content":{"rendered":"<h2 style=\"text-align: center\"><a href=\"https:\/\/smastr16.blob.core.windows.net\/pgibt\/2015\/02\/faixapos6.jpg\"><img decoding=\"async\" loading=\"lazy\" class=\"aligncenter size-full wp-image-3777\" style=\"border: 0px\" alt=\"faixapos6\" src=\"https:\/\/smastr16.blob.core.windows.net\/pgibt\/2015\/02\/faixapos6.jpg\" width=\"950\" height=\"163\" srcset=\"https:\/\/smastr16.blob.core.windows.net\/pgibt\/2015\/02\/faixapos6.jpg 950w, https:\/\/smastr16.blob.core.windows.net\/pgibt\/2015\/02\/faixapos6-768x131.jpg 768w\" sizes=\"(max-width: 950px) 100vw, 950px\" \/><\/a><\/h2>\n<hr align=\"center\" noshade=\"noshade\" size=\"1\" width=\"100%\" \/>\n<h2 style=\"text-align: center\">Raquel Ieda Lopes<\/h2>\n<hr align=\"center\" noshade=\"noshade\" size=\"1\" width=\"100%\" \/>\n<p style=\"text-align: center\">Aos vinte e sete dias do m\u00eas de setembro de 2011, a aluna Raquel Ieda Lopes deste programa de P\u00f3s Gradua\u00e7\u00e3o\u00a0defendeu a disserta\u00e7\u00e3o de mestrado intitulada<br \/>\n\u201cEstudos taxon\u00f4micos\u00a0<em>in vitro<\/em>\u00a0e prospec\u00e7\u00e3o de toxinas de cepas de cianobact\u00e9rias isoladas de reservat\u00f3rios do Estado de S\u00e3o Paulo\u201d.<\/p>\n<p style=\"text-align: center\">A banca examinadora foi composta pela Orientadora Dra. Andr\u00e9a Tucci, a pesquisadora Cient\u00edfica Dra. C\u00e9lia Sant \u00b4Anna e o\u00a0Dr. Ronaldo Leal Carneiro.<\/p>\n<hr align=\"center\" noshade=\"noshade\" size=\"1\" width=\"100%\" \/>\n<h3 style=\"text-align: center\"><strong>Estudos taxon\u00f4micos\u00a0<em>in vitro<\/em>\u00a0e prospec\u00e7\u00e3o de toxinas de cepas de cianobact\u00e9rias\u00a0isoladas<br \/>\nde reservat\u00f3rios do Estado de S\u00e3o Paulo<\/strong>.<\/h3>\n<hr align=\"center\" noshade=\"noshade\" size=\"1\" width=\"100%\" \/>\n<h4 style=\"text-align: center\"><strong>RESUMO<\/strong><\/h4>\n<p style=\"text-align: justify\">As cianobact\u00e9rias s\u00e3o organismos procariontes que sintetizam numerosas subst\u00e2ncias bioativas e s\u00e3o comumente encontradas em corpos de \u00e1gua doce, podendo formar flora\u00e7\u00f5es. Suas toxinas podem permanecer na \u00e1gua, deteriorando a sua qualidade, ou ainda, podem ser bioacumuladas na cadeia tr\u00f3fica. Dessa maneira, com o objetivo de identificar, acompanhar a variabilidade morfom\u00e9trica e investigar a potencial produ\u00e7\u00e3o de toxinas foram estudadas seis cepas de cianobact\u00e9rias, provenientes de diferentes corpos d\u2019\u00e1gua do Estado de S\u00e3o Paulo, em especial, de tr\u00eas reservat\u00f3rios destinados ao abastecimento p\u00fablico: Guarapiranga, Billings e Atibainha. As cepas foram mantidas na Cole\u00e7\u00e3o de Cultura de Cianobact\u00e9rias do Instituto de Bot\u00e2nica (CCIBt) em condi\u00e7\u00f5es controladas e constantes de: temperatura de 23+2<sup>o<\/sup>C, irradi\u00e2ncia de 40-50\u00a0mmol.m<sup>-2<\/sup>.s<sup>-1<\/sup>\u00a0e fotoper\u00edodo de 14 &#8211; 10h claro-escuro, em meio de cultura l\u00edquido ASM-1. A cada 30 dias, durante a repicagem, foram retiradas al\u00edquotas para a observa\u00e7\u00e3o dos organismos. Parte deste material foi mantida viva e parte fixada com formol a 4% para posterior an\u00e1lise. A an\u00e1lise taxon\u00f4mica foi realizada em microsc\u00f3pio \u00f3ptico com ret\u00edculo micrometrado e c\u00e2mera fotogr\u00e1fica acoplados. Para a pesquisa de cianotoxinas foram cultivados 10 litros de biomassa de cada cepa. Estes foram submetidos \u00e0 extra\u00e7\u00e3o com \u00e1cido ac\u00e9tico 0,1M e com metanol 100% para a pesquisa de microcistinas, saxitoxinas e betametilaminoalanina por cromatografia planar; al\u00e9m do teste para detec\u00e7\u00e3o de toxinas desconhecidas segundo a Organiza\u00e7\u00e3o Mundial de Sa\u00fade (OMS). As cianobact\u00e9rias foram identificadas como:\u00a0<em>Cyanosarcina<\/em>\u00a0sp. (CCIBt3085), isolada do reservat\u00f3rio Guarapiranga;\u00a0<em>Rhabdoderma<\/em>\u00a0<em>sancti<\/em>&#8211;<em>pauli<\/em>\u00a0Azevedo\u00a0<em>et al<\/em>. (CCIBt3244), proveniente do reservat\u00f3rio Billings;\u00a0<em>Leptolyngbya<\/em>\u00a0<em>angustissima<\/em>(West &amp; G.S.West) Anagnostidis &amp; Kom\u00e1rek (CCIBt3102) procedente do reservat\u00f3rio de Atibainha; \u00a0<em>Phormidium<\/em>\u00a0<em>formosum<\/em>\u00a0(Bory\u00a0<em>ex<\/em>Gomont) Anagnostidis &amp; Kom\u00e1rek (CCIBt3246), isolada do Lago das Gar\u00e7as (Instituto de Bot\u00e2nica, SP) e (CCIBt 3163) proveniente de um lago de piscicultura de Ribeir\u00e3o Preto;\u00a0<em>Calothrix<\/em>\u00a0<em>elenkinii<\/em>\u00a0Kossinskaja (CCIBt3287), isolada de amostra de viveiro de piscicultura em Pindamonhangaba. As cepas CCIBt 3246 e CCIBt 3163 identificadas como\u00a0<em>Phormidium<\/em>\u00a0<em>formosum<\/em>\u00a0apresentaram diferentes resultados toxicol\u00f3gicos, os extratos de CCIBt 3163 apresentaram neutoxicidade, e os extratos de CCIBt 3246 n\u00e3o. O extrato \u00e1cido de CCIBt 3163 apresentou resultado positivo para saxitoxina e o extrato metan\u00f3lico apresentou atividade anticolinester\u00e1sica. As cepas de\u00a0<em>Cyanosarcina<\/em>sp. (CCIBt 3085),\u00a0<em>Rhabdoderma<\/em>\u00a0<em>sancti<\/em>&#8211;<em>pauli<\/em>\u00a0(CCIBt 3244), <em>Phormidium<\/em>\u00a0<em>formosum<\/em>\u00a0(CCIBt 3246) e\u00a0<em>Calothrix<\/em>\u00a0<em>elenkinii<\/em>\u00a0(CCIBt 3287) apresentaram resultados positivos para a presen\u00e7a do amino\u00e1cido neurot\u00f3xico betametilaminoalanina, relacionado, recentemente, \u00a0 \u00a0\u00e0 doen\u00e7a de Alzheimer. Em nenhum dos extratos estudados foi detectada a presen\u00e7a de microcistinas ou anatoxinas. Quanto a distribui\u00e7\u00e3o das esp\u00e9cies no Estado de S\u00e3o Paulo\u00a0<em>Calothrix<\/em>\u00a0<em>elenkinii<\/em>\u00a0\u00e9 primeira cita\u00e7\u00e3o para o Estado;\u00a0<em>Cyanosarcina\u00a0<\/em>sp.,\u00a0<em>Rhabdoderma<\/em><em>sancti<\/em>&#8211;<em>pauli<\/em>,\u00a0<em>Leptolyngbya<\/em>\u00a0<em>angustissima \u00a0<\/em>e\u00a0<em>Phormidium<\/em>\u00a0<em>formosum<\/em>\u00a0constituem novas ocorr\u00eancias para os respectivos ambientes de origem.<\/p>\n<p style=\"text-align: justify\"><strong>Palavras-chave:<\/strong><strong>\u00a0<\/strong>betametilaminoalanina,\u00a0<em>Calothrix<\/em>,cianotoxinas,\u00a0<em>Cyanosarcina<\/em>,<em>\u00a0Phormidium,<\/em>\u00a0<em>Rhabdoderma<\/em>.<\/p>\n<hr align=\"center\" noshade=\"noshade\" size=\"1\" width=\"100%\" \/>\n<p style=\"text-align: center\"><a href=\"https:\/\/smastr16.blob.core.windows.net\/pgibt\/2013\/09\/pdf_grande.gif\"><img decoding=\"async\" loading=\"lazy\" class=\"aligncenter size-full wp-image-2313\" style=\"border: 0px\" alt=\"pdf_grande\" src=\"https:\/\/smastr16.blob.core.windows.net\/pgibt\/2013\/09\/pdf_grande.gif\" width=\"60\" height=\"60\" \/><\/a><a href=\"https:\/\/smastr16.blob.core.windows.net\/pgibt\/2013\/09\/Raquel_Ieda_Lopes_MS.pdf\" target=\"_blank\">Raquel Ieda Lopes<br \/>\nEstudos taxon\u00f4micos in vitro e prospec\u00e7\u00e3o de toxinas de cepas de cianobact\u00e9rias isoladas de reservat\u00f3rios do Estado de S\u00e3o Paulo<\/a><\/p>\n<hr align=\"center\" noshade=\"noshade\" size=\"1\" width=\"100%\" \/>\n<p style=\"text-align: center\"><strong>\u00a0<a href=\"https:\/\/www.infraestruturameioambiente.sp.gov.br\/pgibt\/dissertacoesteses\/\">VOLTAR AS DISSERTA\u00c7\u00d5ES E TESES<\/a><\/strong><\/p>\n<hr align=\"center\" noshade=\"noshade\" size=\"1\" width=\"100%\" \/>\n","protected":false},"excerpt":{"rendered":"<p>Raquel Ieda Lopes Aos vinte e sete dias do m\u00eas de setembro de 2011, a aluna Raquel Ieda Lopes deste programa de P\u00f3s Gradua\u00e7\u00e3o\u00a0defendeu a disserta\u00e7\u00e3o de mestrado intitulada \u201cEstudos taxon\u00f4micos\u00a0in vitro\u00a0e prospec\u00e7\u00e3o de toxinas de cepas de cianobact\u00e9rias isoladas de reservat\u00f3rios do Estado de S\u00e3o Paulo\u201d. A banca examinadora foi composta pela Orientadora Dra. [&hellip;]<\/p>\n","protected":false},"author":1,"featured_media":0,"parent":249,"menu_order":0,"comment_status":"closed","ping_status":"closed","template":"fullpage.php","meta":[],"_links":{"self":[{"href":"https:\/\/www.infraestruturameioambiente.sp.gov.br\/pgibt\/wp-json\/wp\/v2\/pages\/1059"}],"collection":[{"href":"https:\/\/www.infraestruturameioambiente.sp.gov.br\/pgibt\/wp-json\/wp\/v2\/pages"}],"about":[{"href":"https:\/\/www.infraestruturameioambiente.sp.gov.br\/pgibt\/wp-json\/wp\/v2\/types\/page"}],"author":[{"embeddable":true,"href":"https:\/\/www.infraestruturameioambiente.sp.gov.br\/pgibt\/wp-json\/wp\/v2\/users\/1"}],"replies":[{"embeddable":true,"href":"https:\/\/www.infraestruturameioambiente.sp.gov.br\/pgibt\/wp-json\/wp\/v2\/comments?post=1059"}],"version-history":[{"count":0,"href":"https:\/\/www.infraestruturameioambiente.sp.gov.br\/pgibt\/wp-json\/wp\/v2\/pages\/1059\/revisions"}],"up":[{"embeddable":true,"href":"https:\/\/www.infraestruturameioambiente.sp.gov.br\/pgibt\/wp-json\/wp\/v2\/pages\/249"}],"wp:attachment":[{"href":"https:\/\/www.infraestruturameioambiente.sp.gov.br\/pgibt\/wp-json\/wp\/v2\/media?parent=1059"}],"curies":[{"name":"wp","href":"https:\/\/api.w.org\/{rel}","templated":true}]}}