{"id":730,"date":"2022-03-10T11:47:49","date_gmt":"2022-03-10T14:47:49","guid":{"rendered":"https:\/\/portal-sima-homologacao.azurewebsites.net\/ipa\/?page_id=730"},"modified":"2025-11-07T09:22:34","modified_gmt":"2025-11-07T12:22:34","slug":"nucleo-de-conservacao-da-biodiversidade","status":"publish","type":"page","link":"https:\/\/www.infraestruturameioambiente.sp.gov.br\/ipa\/nucleo-de-conservacao-da-biodiversidade\/","title":{"rendered":"Conserva\u00e7\u00e3o da Biodiversidade"},"content":{"rendered":"<p>[vc_row][vc_column width=&#8221;2\/3&#8243;][vc_column_text]O Departamento de<strong> Conserva\u00e7\u00e3o da Biodiversidade<\/strong>\u00a0atua nas \u00e1reas de planejamento e gest\u00e3o ambiental, avalia\u00e7\u00e3o e manejo de \u00e1reas naturais e protegidas, biodiversidade, ecologia e conserva\u00e7\u00e3o de fauna e flora.<\/p>\n<ul>\n<li><a href=\"https:\/\/sigam.ambiente.sp.gov.br\/sigam3\/Default.aspx?idPagina=17120\">Projetos de pesquisa em desenvolvimento no Departamento de Conserva\u00e7\u00e3o da Biodiversidade<\/a><\/li>\n<\/ul>\n<p>[\/vc_column_text][\/vc_column][vc_column width=&#8221;1\/3&#8243;][vc_column_text]<\/p>\n<h4><span style=\"font-size: 14pt\">Pesquisa Cient\u00edfica<\/span><\/h4>\n<ul>\n<li><a href=\"https:\/\/www.infraestruturameioambiente.sp.gov.br\/ipa\/centro-de-gestao-de-pesquisas\/\">Gest\u00e3o de Pesquisa<\/a><\/li>\n<li><a href=\"https:\/\/www.infraestruturameioambiente.sp.gov.br\/ipa\/pesquisadores-cientificos\/\">Pesquisadores Cient\u00edficos<\/a><\/li>\n<li><a href=\"https:\/\/www.infraestruturameioambiente.sp.gov.br\/ipa\/departamento-tecnico-cientifico\/centro-de-apoio-tecnico-cientifico\/\">Apoio T\u00e9cnico-Cient\u00edfico<\/a><\/li>\n<li><strong>Conserva\u00e7\u00e3o da Biodiversidade<\/strong><\/li>\n<li><a href=\"https:\/\/www.infraestruturameioambiente.sp.gov.br\/ipa\/departamento-tecnico-cientifico\/centro-de-pesquisa\/nucleo-de-restauracao-ecologica-e-recuperacao-de-areas-degradadas\/\">Restaura\u00e7\u00e3o Ecol\u00f3gica e Recupera\u00e7\u00e3o de \u00c1reas Degradadas<\/a><\/li>\n<li><a href=\"https:\/\/www.infraestruturameioambiente.sp.gov.br\/ipa\/departamento-tecnico-cientifico\/centro-de-pesquisa\/nucleo-de-uso-sustentavel-de-recursos-naturais\/\">Uso Sustent\u00e1vel de Recursos Naturais<\/a><\/li>\n<li><a href=\"https:\/\/www.infraestruturameioambiente.sp.gov.br\/ipa\/departamento-tecnico-cientifico\/centro-de-pesquisa\/nucleo-de-geociencias-gestao-de-riscos-e-monitoramento-ambiental\/\">Geoci\u00eancias, Gest\u00e3o de Riscos e Monitoramento Ambiental<\/a><\/li>\n<li><a href=\"https:\/\/www.infraestruturameioambiente.sp.gov.br\/ipa\/departamento-tecnico-cientifico\/centro-de-apoio-tecnico-cientifico\/\">Apoio T\u00e9cnico-Cient\u00edfico<\/a><\/li>\n<\/ul>\n<h4><span style=\"font-size: 14pt\"><strong>Servi\u00e7os<\/strong><\/span><\/h4>\n<ul>\n<li><a href=\"https:\/\/www.infraestruturameioambiente.sp.gov.br\/ipa\/laboratorios\/\">Laborat\u00f3rios<\/a><\/li>\n<li><a href=\"https:\/\/www.infraestruturameioambiente.sp.gov.br\/ipa\/departamento-tecnico-cientifico\/centro-de-apoio-tecnico-cientifico\/nucleo-de-laboratorios-e-areas-experimentais\/\">Laborat\u00f3rios e \u00c1reas Experimentais<\/a><\/li>\n<li><a href=\"https:\/\/sigam.ambiente.sp.gov.br\/sigam3\/Default.aspx?idPagina=17022\">Cadastro e Gest\u00e3o dos Projetos de Pesquisa<\/a><\/li>\n<li><a href=\"https:\/\/www.infraestruturameioambiente.sp.gov.br\/ipa\/departamento-tecnico-cientifico\/centro-de-apoio-tecnico-cientifico\/nucleo-de-colecoes-biologicas-geologicas-e-paleontologicas\/\">Cole\u00e7\u00f5es Biol\u00f3gicas, Geol\u00f3gicas e Paleontol\u00f3gicas<\/a><\/li>\n<\/ul>\n<p>[\/vc_column_text][\/vc_column][\/vc_row]<\/p>\n","protected":false},"excerpt":{"rendered":"<p>[vc_row][vc_column width=&#8221;2\/3&#8243;][vc_column_text]O Departamento de Conserva\u00e7\u00e3o da Biodiversidade\u00a0atua nas \u00e1reas de planejamento e gest\u00e3o ambiental, avalia\u00e7\u00e3o e manejo de \u00e1reas naturais e protegidas, biodiversidade, ecologia e conserva\u00e7\u00e3o de fauna e flora. [&hellip;]<\/p>\n","protected":false},"author":184,"featured_media":0,"parent":0,"menu_order":0,"comment_status":"closed","ping_status":"closed","template":"","meta":[],"_links":{"self":[{"href":"https:\/\/www.infraestruturameioambiente.sp.gov.br\/ipa\/wp-json\/wp\/v2\/pages\/730"}],"collection":[{"href":"https:\/\/www.infraestruturameioambiente.sp.gov.br\/ipa\/wp-json\/wp\/v2\/pages"}],"about":[{"href":"https:\/\/www.infraestruturameioambiente.sp.gov.br\/ipa\/wp-json\/wp\/v2\/types\/page"}],"author":[{"embeddable":true,"href":"https:\/\/www.infraestruturameioambiente.sp.gov.br\/ipa\/wp-json\/wp\/v2\/users\/184"}],"replies":[{"embeddable":true,"href":"https:\/\/www.infraestruturameioambiente.sp.gov.br\/ipa\/wp-json\/wp\/v2\/comments?post=730"}],"version-history":[{"count":13,"href":"https:\/\/www.infraestruturameioambiente.sp.gov.br\/ipa\/wp-json\/wp\/v2\/pages\/730\/revisions"}],"predecessor-version":[{"id":8988,"href":"https:\/\/www.infraestruturameioambiente.sp.gov.br\/ipa\/wp-json\/wp\/v2\/pages\/730\/revisions\/8988"}],"wp:attachment":[{"href":"https:\/\/www.infraestruturameioambiente.sp.gov.br\/ipa\/wp-json\/wp\/v2\/media?parent=730"}],"curies":[{"name":"wp","href":"https:\/\/api.w.org\/{rel}","templated":true}]}}