{"id":5872,"date":"2024-03-18T11:37:19","date_gmt":"2024-03-18T14:37:19","guid":{"rendered":"https:\/\/www.infraestruturameioambiente.sp.gov.br\/ipa\/?page_id=5872"},"modified":"2025-08-21T14:13:22","modified_gmt":"2025-08-21T17:13:22","slug":"mapas","status":"publish","type":"page","link":"https:\/\/www.infraestruturameioambiente.sp.gov.br\/ipa\/publicacoes\/publicacoes-cientificas\/mapas\/","title":{"rendered":"Mapas"},"content":{"rendered":"<p>[vc_row][vc_column width=&#8221;2\/3&#8243;][vc_column_text]Os mapas do <strong>IPA \u2013 Instituto de Pesquisas Ambientais<\/strong>\u00a0t\u00eam como finalidade promover a dissemina\u00e7\u00e3o e a aplica\u00e7\u00e3o do conhecimento cient\u00edfico e tecnol\u00f3gico em Bot\u00e2nica, Geoci\u00eancias, Ci\u00eancias Florestais e Biodiversidade, em prol da ci\u00eancia, do desenvolvimento social e da comunidade, com planos e crit\u00e9rios definidos pelo\u00a0<a href=\"https:\/\/www.infraestruturameioambiente.sp.gov.br\/ipa\/orgaos-colegiados\/conselho-editorial\/\">Conselho Editorial<\/a>.<\/p>\n<ul>\n<li><a href=\"https:\/\/www.infraestruturameioambiente.sp.gov.br\/ipa\/publicacoes\/mapa-pedologico-do-estado-de-sao-paulo-revisado-e-ampliado\/\">Mapa Pedol\u00f3gico do Estado de S\u00e3o Paulo<\/a><\/li>\n<li><a href=\"https:\/\/www.infraestruturameioambiente.sp.gov.br\/ipa\/2025\/04\/atualizacao-do-mapa-de-risco-de-erosao-costeira-cronica-e-inundacao-costeira-na-orla-oceanica-no-estado-de-sao-paulo\/\">Mapa de Risco \u00e0 Eros\u00e3o Costeira no Litoral do Estado de S\u00e3o Paulo<\/a><\/li>\n<li><a href=\"https:\/\/www.infraestruturameioambiente.sp.gov.br\/ipa\/atlas-de-suscetibilidades-dos-solos-do-estado-de-sao-paulo\/\">Mapa do Atlas de Suscetibilidades dos Solos do Estado de S\u00e3o Paulo<\/a><\/li>\n<li><a href=\"https:\/\/experience.arcgis.com\/experience\/9858e48603d04a009054f772911fdc10\/page\/Mapa-de-Viveiros\">Mapa dos Viveiros de Mudas Florestais Nativas do Estado de S\u00e3o Paulo<\/a><\/li>\n<li><a href=\"https:\/\/www.infraestruturameioambiente.sp.gov.br\/institutogeologico\/2016\/06\/secretaria-do-meio-ambiente-lanca-mapa-de-vulnerabilidade-das-areas-urbanas-de-uso-residencialcomercialservicos-a-eventos-geodinamicos-do-estado-de-sao-paulo-no-dia-mundial-do-meio-ambiente\/\">Mapa de Cobertura da Terra e do Uso do Solo Urbano<\/a><\/li>\n<li><a href=\"https:\/\/www.infraestruturameioambiente.sp.gov.br\/institutogeologico\/2017\/02\/shapefile-das-unidades-basicas-de-compartimentacao-do-meio-fisico-do-estado-de-sao-paulo\/\">Mapa de Perigo de Escorregamento Planar e Inunda\u00e7\u00e3o do Estado de S\u00e3o Paulo<\/a><\/li>\n<li><a href=\"https:\/\/www.infraestruturameioambiente.sp.gov.br\/ipa\/inventario-da-cobertura-vegetal-nativa-do-estado-de-sao-paulo\/\">Mapas do Invent\u00e1rio da Cobertura Vegetal Nativa do Estado de S\u00e3o Paulo<\/a><\/li>\n<li><a href=\"https:\/\/www.infraestruturameioambiente.sp.gov.br\/institutogeologico\/2016\/06\/secretaria-do-meio-ambiente-lanca-mapa-de-vulnerabilidade-das-areas-urbanas-de-uso-residencialcomercialservicos-a-eventos-geodinamicos-do-estado-de-sao-paulo-no-dia-mundial-do-meio-ambiente\/\">Mapa da Vulnerabilidade de \u00c1reas Urbanas de Uso \u201cResidencial\/comercial\/servi\u00e7os\u201d a Eventos Geodin\u00e2micos do Estado de S\u00e3o Paulo<\/a><\/li>\n<\/ul>\n<p>[\/vc_column_text][\/vc_column][vc_column width=&#8221;1\/3&#8243;][vc_column_text]<span style=\"font-size: 14pt;\"><strong>Publica\u00e7\u00f5es Cient\u00edficas<\/strong><\/span><\/p>\n<ul>\n<li>Anais\n<ul>\n<li><a href=\"https:\/\/www.infraestruturameioambiente.sp.gov.br\/ipa\/publicacoes\/anais-raibt\/\">Anais da RAIBt<\/a><\/li>\n<li><a href=\"https:\/\/www.infraestruturameioambiente.sp.gov.br\/ipa\/publicacoes\/anais-do-sipa\/\">Anais do SIPA<\/a><\/li>\n<\/ul>\n<\/li>\n<li>Boletins<\/li>\n<li>Cadernos<\/li>\n<li><a href=\"https:\/\/www.infraestruturameioambiente.sp.gov.br\/ipa\/caderno-de-resumo\/\">Cadernos de Resumos<\/a><\/li>\n<li><a href=\"https:\/\/www.infraestruturameioambiente.sp.gov.br\/ipa\/publicacoes\/cartilhas\/\">Cartilhas<\/a><\/li>\n<li><a href=\"https:\/\/www.infraestruturameioambiente.sp.gov.br\/ipa\/publicacoes\/serie-folhetos\/\">Folhetos<\/a> e Manuais<\/li>\n<li><a href=\"https:\/\/www.infraestruturameioambiente.sp.gov.br\/institutodebotanica\/ffesp_online\/\">Flora de S\u00e3o Paulo<\/a><\/li>\n<li>Livros<\/li>\n<li><strong>Mapas<\/strong><\/li>\n<li><a href=\"https:\/\/www.infraestruturameioambiente.sp.gov.br\/ipa\/publicacoes\/revistas-cientificas\/\">Peri\u00f3dicos<\/a><\/li>\n<li><a href=\"https:\/\/www.infraestruturameioambiente.sp.gov.br\/ipa\/relatorio\/\">Relat\u00f3rios<\/a><\/li>\n<li><a href=\"https:\/\/www.infraestruturameioambiente.sp.gov.br\/ipa\/publicacoes\/publicacoes-historicas\/\">Publica\u00e7\u00f5es Hist\u00f3ricas<\/a><\/li>\n<li><a href=\"https:\/\/www.infraestruturameioambiente.sp.gov.br\/ipa\/publicacoes\/venda-de-publicacoes\/\">Vendas de Publica\u00e7\u00f5es<\/a><\/li>\n<\/ul>\n<p>[\/vc_column_text][\/vc_column][\/vc_row][vc_row][vc_column][vc_column_text]<\/p>\n<hr \/>\n<p>[\/vc_column_text][\/vc_column][\/vc_row][vc_row][vc_column width=&#8221;1\/3&#8243;][vc_column_text]<a href=\"https:\/\/experience.arcgis.com\/experience\/9858e48603d04a009054f772911fdc10\/page\/Mapa-de-Viveiros\" target=\"_blank\" rel=\"noopener\"><img decoding=\"async\" loading=\"lazy\" class=\"alignnone wp-image-5926 size-full\" src=\"https:\/\/smastr16.blob.core.windows.net\/home\/2025\/08\/mapa-viveiros-de-mudas-florestais-nativas-sp-att-new.png\" alt=\"\" width=\"1000\" height=\"584\" \/><\/a><\/p>\n<ul>\n<li><a href=\"https:\/\/experience.arcgis.com\/experience\/9858e48603d04a009054f772911fdc10\/page\/Mapa-de-Viveiros\">Mapa dos Viveiros de Mudas Florestais Nativas do Estado de S\u00e3o Paulo<\/a><\/li>\n<\/ul>\n<p>[\/vc_column_text][\/vc_column][vc_column width=&#8221;1\/3&#8243;][vc_column_text]<a href=\"https:\/\/www.infraestruturameioambiente.sp.gov.br\/ipa\/atlas-de-suscetibilidades-dos-solos-do-estado-de-sao-paulo\/\" target=\"_blank\" rel=\"noopener\"><img decoding=\"async\" loading=\"lazy\" class=\"alignnone wp-image-5925 size-wcbig\" src=\"https:\/\/smastr16.blob.core.windows.net\/2001\/sites\/261\/2024\/03\/sucetibilidade-800x467.jpg\" alt=\"\" width=\"800\" height=\"467\" srcset=\"https:\/\/smastr16.blob.core.windows.net\/2001\/sites\/261\/2024\/03\/sucetibilidade-800x467.jpg 800w, https:\/\/smastr16.blob.core.windows.net\/2001\/sites\/261\/2024\/03\/sucetibilidade-300x175.jpg 300w, https:\/\/smastr16.blob.core.windows.net\/2001\/sites\/261\/2024\/03\/sucetibilidade-768x449.jpg 768w, https:\/\/smastr16.blob.core.windows.net\/2001\/sites\/261\/2024\/03\/sucetibilidade-250x146.jpg 250w, https:\/\/smastr16.blob.core.windows.net\/2001\/sites\/261\/2024\/03\/sucetibilidade-550x321.jpg 550w, https:\/\/smastr16.blob.core.windows.net\/2001\/sites\/261\/2024\/03\/sucetibilidade-308x180.jpg 308w, https:\/\/smastr16.blob.core.windows.net\/2001\/sites\/261\/2024\/03\/sucetibilidade-514x300.jpg 514w, https:\/\/smastr16.blob.core.windows.net\/2001\/sites\/261\/2024\/03\/sucetibilidade-856x500.jpg 856w, https:\/\/smastr16.blob.core.windows.net\/2001\/sites\/261\/2024\/03\/sucetibilidade.jpg 1000w\" sizes=\"(max-width: 800px) 100vw, 800px\" \/><\/a><\/p>\n<ul>\n<li><a href=\"https:\/\/www.infraestruturameioambiente.sp.gov.br\/ipa\/atlas-de-suscetibilidades-dos-solos-do-estado-de-sao-paulo\/\">Mapa do Atlas de Suscetibilidades dos Solos do Estado de S\u00e3o Paulo<\/a><\/li>\n<\/ul>\n<p>[\/vc_column_text][\/vc_column][vc_column width=&#8221;1\/3&#8243;][vc_column_text]<a href=\"https:\/\/www.infraestruturameioambiente.sp.gov.br\/ipa\/publicacoes\/mapa-pedologico-do-estado-de-sao-paulo-revisado-e-ampliado\/\" target=\"_blank\" rel=\"noopener\"><img decoding=\"async\" loading=\"lazy\" class=\"alignnone wp-image-5924 size-full\" src=\"https:\/\/smastr16.blob.core.windows.net\/2001\/sites\/261\/2024\/03\/pedologico.jpg\" alt=\"\" width=\"1000\" height=\"587\" srcset=\"https:\/\/smastr16.blob.core.windows.net\/2001\/sites\/261\/2024\/03\/pedologico.jpg 1000w, https:\/\/smastr16.blob.core.windows.net\/2001\/sites\/261\/2024\/03\/pedologico-300x176.jpg 300w, https:\/\/smastr16.blob.core.windows.net\/2001\/sites\/261\/2024\/03\/pedologico-768x451.jpg 768w, https:\/\/smastr16.blob.core.windows.net\/2001\/sites\/261\/2024\/03\/pedologico-250x147.jpg 250w, https:\/\/smastr16.blob.core.windows.net\/2001\/sites\/261\/2024\/03\/pedologico-550x323.jpg 550w, https:\/\/smastr16.blob.core.windows.net\/2001\/sites\/261\/2024\/03\/pedologico-800x470.jpg 800w, https:\/\/smastr16.blob.core.windows.net\/2001\/sites\/261\/2024\/03\/pedologico-307x180.jpg 307w, https:\/\/smastr16.blob.core.windows.net\/2001\/sites\/261\/2024\/03\/pedologico-511x300.jpg 511w, https:\/\/smastr16.blob.core.windows.net\/2001\/sites\/261\/2024\/03\/pedologico-852x500.jpg 852w\" sizes=\"(max-width: 1000px) 100vw, 1000px\" \/><\/a><\/p>\n<ul>\n<li><a href=\"https:\/\/www.infraestruturameioambiente.sp.gov.br\/ipa\/publicacoes\/mapa-pedologico-do-estado-de-sao-paulo-revisado-e-ampliado\/\">Mapa Pedol\u00f3gico do Estado de S\u00e3o Paulo<\/a><\/li>\n<\/ul>\n<p>[\/vc_column_text][\/vc_column][\/vc_row][vc_row][vc_column][vc_column_text]<\/p>\n<hr \/>\n<p>[\/vc_column_text][\/vc_column][\/vc_row][vc_row][vc_column width=&#8221;1\/3&#8243;][vc_column_text]<a href=\"https:\/\/www.infraestruturameioambiente.sp.gov.br\/institutogeologico\/2016\/06\/secretaria-do-meio-ambiente-lanca-mapa-de-vulnerabilidade-das-areas-urbanas-de-uso-residencialcomercialservicos-a-eventos-geodinamicos-do-estado-de-sao-paulo-no-dia-mundial-do-meio-ambiente\/\" target=\"_blank\" rel=\"noopener\"><img decoding=\"async\" loading=\"lazy\" class=\"alignnone wp-image-5928 size-wcbig\" src=\"https:\/\/smastr16.blob.core.windows.net\/2001\/sites\/261\/2024\/03\/uso-do-solo-800x564.jpg\" alt=\"\" width=\"800\" height=\"564\" srcset=\"https:\/\/smastr16.blob.core.windows.net\/2001\/sites\/261\/2024\/03\/uso-do-solo-800x564.jpg 800w, https:\/\/smastr16.blob.core.windows.net\/2001\/sites\/261\/2024\/03\/uso-do-solo-300x211.jpg 300w, https:\/\/smastr16.blob.core.windows.net\/2001\/sites\/261\/2024\/03\/uso-do-solo-768x541.jpg 768w, https:\/\/smastr16.blob.core.windows.net\/2001\/sites\/261\/2024\/03\/uso-do-solo-250x176.jpg 250w, https:\/\/smastr16.blob.core.windows.net\/2001\/sites\/261\/2024\/03\/uso-do-solo-550x388.jpg 550w, https:\/\/smastr16.blob.core.windows.net\/2001\/sites\/261\/2024\/03\/uso-do-solo-255x180.jpg 255w, https:\/\/smastr16.blob.core.windows.net\/2001\/sites\/261\/2024\/03\/uso-do-solo-426x300.jpg 426w, https:\/\/smastr16.blob.core.windows.net\/2001\/sites\/261\/2024\/03\/uso-do-solo-710x500.jpg 710w, https:\/\/smastr16.blob.core.windows.net\/2001\/sites\/261\/2024\/03\/uso-do-solo.jpg 999w\" sizes=\"(max-width: 800px) 100vw, 800px\" \/><\/a><\/p>\n<ul>\n<li><a href=\"https:\/\/www.infraestruturameioambiente.sp.gov.br\/institutogeologico\/2016\/06\/secretaria-do-meio-ambiente-lanca-mapa-de-vulnerabilidade-das-areas-urbanas-de-uso-residencialcomercialservicos-a-eventos-geodinamicos-do-estado-de-sao-paulo-no-dia-mundial-do-meio-ambiente\/\">Mapa de Cobertura da Terra e do Uso do Solo Urbano<\/a><\/li>\n<\/ul>\n<p>[\/vc_column_text][\/vc_column][vc_column width=&#8221;1\/3&#8243;][vc_column_text]<a href=\"https:\/\/www.infraestruturameioambiente.sp.gov.br\/institutogeologico\/2016\/06\/secretaria-do-meio-ambiente-lanca-mapa-de-vulnerabilidade-das-areas-urbanas-de-uso-residencialcomercialservicos-a-eventos-geodinamicos-do-estado-de-sao-paulo-no-dia-mundial-do-meio-ambiente\/\" target=\"_blank\" rel=\"noopener\"><img decoding=\"async\" loading=\"lazy\" class=\"alignnone wp-image-5929 size-wcbig\" src=\"https:\/\/smastr16.blob.core.windows.net\/2001\/sites\/261\/2024\/03\/vulnerabilidade-geodinamicos-800x535.jpg\" alt=\"\" width=\"800\" height=\"535\" srcset=\"https:\/\/smastr16.blob.core.windows.net\/2001\/sites\/261\/2024\/03\/vulnerabilidade-geodinamicos-800x535.jpg 800w, https:\/\/smastr16.blob.core.windows.net\/2001\/sites\/261\/2024\/03\/vulnerabilidade-geodinamicos-300x201.jpg 300w, https:\/\/smastr16.blob.core.windows.net\/2001\/sites\/261\/2024\/03\/vulnerabilidade-geodinamicos-768x514.jpg 768w, https:\/\/smastr16.blob.core.windows.net\/2001\/sites\/261\/2024\/03\/vulnerabilidade-geodinamicos-250x167.jpg 250w, https:\/\/smastr16.blob.core.windows.net\/2001\/sites\/261\/2024\/03\/vulnerabilidade-geodinamicos-550x368.jpg 550w, https:\/\/smastr16.blob.core.windows.net\/2001\/sites\/261\/2024\/03\/vulnerabilidade-geodinamicos-269x180.jpg 269w, https:\/\/smastr16.blob.core.windows.net\/2001\/sites\/261\/2024\/03\/vulnerabilidade-geodinamicos-448x300.jpg 448w, https:\/\/smastr16.blob.core.windows.net\/2001\/sites\/261\/2024\/03\/vulnerabilidade-geodinamicos-747x500.jpg 747w, https:\/\/smastr16.blob.core.windows.net\/2001\/sites\/261\/2024\/03\/vulnerabilidade-geodinamicos.jpg 1000w\" sizes=\"(max-width: 800px) 100vw, 800px\" \/><\/a><\/p>\n<ul>\n<li><a href=\"https:\/\/www.infraestruturameioambiente.sp.gov.br\/institutogeologico\/2016\/06\/secretaria-do-meio-ambiente-lanca-mapa-de-vulnerabilidade-das-areas-urbanas-de-uso-residencialcomercialservicos-a-eventos-geodinamicos-do-estado-de-sao-paulo-no-dia-mundial-do-meio-ambiente\/\">Mapa da Vulnerabilidade de \u00c1reas Urbanas de Uso \u201cResidencial\/comercial\/servi\u00e7os\u201d a Eventos Geodin\u00e2micos do Estado de S\u00e3o Paulo<\/a><\/li>\n<\/ul>\n<p>[\/vc_column_text][\/vc_column][vc_column width=&#8221;1\/3&#8243;][vc_column_text]<a href=\"https:\/\/www.infraestruturameioambiente.sp.gov.br\/institutogeologico\/2017\/02\/shapefile-das-unidades-basicas-de-compartimentacao-do-meio-fisico-do-estado-de-sao-paulo\/\" target=\"_blank\" rel=\"noopener\"><img decoding=\"async\" loading=\"lazy\" class=\"alignnone wp-image-5930 size-wcbig\" src=\"https:\/\/smastr16.blob.core.windows.net\/2001\/sites\/261\/2024\/03\/escorregamento-inundacao-800x533.jpg\" alt=\"\" width=\"800\" height=\"533\" srcset=\"https:\/\/smastr16.blob.core.windows.net\/2001\/sites\/261\/2024\/03\/escorregamento-inundacao-800x533.jpg 800w, https:\/\/smastr16.blob.core.windows.net\/2001\/sites\/261\/2024\/03\/escorregamento-inundacao-300x200.jpg 300w, https:\/\/smastr16.blob.core.windows.net\/2001\/sites\/261\/2024\/03\/escorregamento-inundacao-768x511.jpg 768w, https:\/\/smastr16.blob.core.windows.net\/2001\/sites\/261\/2024\/03\/escorregamento-inundacao-250x166.jpg 250w, https:\/\/smastr16.blob.core.windows.net\/2001\/sites\/261\/2024\/03\/escorregamento-inundacao-550x366.jpg 550w, https:\/\/smastr16.blob.core.windows.net\/2001\/sites\/261\/2024\/03\/escorregamento-inundacao-270x180.jpg 270w, https:\/\/smastr16.blob.core.windows.net\/2001\/sites\/261\/2024\/03\/escorregamento-inundacao-451x300.jpg 451w, https:\/\/smastr16.blob.core.windows.net\/2001\/sites\/261\/2024\/03\/escorregamento-inundacao-751x500.jpg 751w, https:\/\/smastr16.blob.core.windows.net\/2001\/sites\/261\/2024\/03\/escorregamento-inundacao.jpg 999w\" sizes=\"(max-width: 800px) 100vw, 800px\" \/><\/a><\/p>\n<ul>\n<li><a href=\"https:\/\/www.infraestruturameioambiente.sp.gov.br\/institutogeologico\/2017\/02\/shapefile-das-unidades-basicas-de-compartimentacao-do-meio-fisico-do-estado-de-sao-paulo\/\">Mapa de Perigo de Escorregamento Planar e Inunda\u00e7\u00e3o do Estado de S\u00e3o Paulo<\/a><\/li>\n<\/ul>\n<p>[\/vc_column_text][\/vc_column][\/vc_row][vc_row][vc_column][vc_column_text]<\/p>\n<hr \/>\n<p>[\/vc_column_text][\/vc_column][\/vc_row][vc_row][vc_column width=&#8221;1\/3&#8243;][vc_column_text]<a href=\"https:\/\/www.infraestruturameioambiente.sp.gov.br\/ipa\/inventario-da-cobertura-vegetal-nativa-do-estado-de-sao-paulo\/\" target=\"_blank\" rel=\"noopener\"><img decoding=\"async\" loading=\"lazy\" class=\"alignnone wp-image-5933 size-wcbig\" src=\"https:\/\/smastr16.blob.core.windows.net\/2001\/sites\/261\/2024\/03\/cobertura-vegetal-800x592.jpg\" alt=\"\" width=\"800\" height=\"592\" srcset=\"https:\/\/smastr16.blob.core.windows.net\/2001\/sites\/261\/2024\/03\/cobertura-vegetal-800x592.jpg 800w, https:\/\/smastr16.blob.core.windows.net\/2001\/sites\/261\/2024\/03\/cobertura-vegetal-300x222.jpg 300w, https:\/\/smastr16.blob.core.windows.net\/2001\/sites\/261\/2024\/03\/cobertura-vegetal-768x568.jpg 768w, https:\/\/smastr16.blob.core.windows.net\/2001\/sites\/261\/2024\/03\/cobertura-vegetal-250x185.jpg 250w, https:\/\/smastr16.blob.core.windows.net\/2001\/sites\/261\/2024\/03\/cobertura-vegetal-550x407.jpg 550w, https:\/\/smastr16.blob.core.windows.net\/2001\/sites\/261\/2024\/03\/cobertura-vegetal-243x180.jpg 243w, https:\/\/smastr16.blob.core.windows.net\/2001\/sites\/261\/2024\/03\/cobertura-vegetal-405x300.jpg 405w, https:\/\/smastr16.blob.core.windows.net\/2001\/sites\/261\/2024\/03\/cobertura-vegetal-676x500.jpg 676w, https:\/\/smastr16.blob.core.windows.net\/2001\/sites\/261\/2024\/03\/cobertura-vegetal.jpg 1000w\" sizes=\"(max-width: 800px) 100vw, 800px\" \/><\/a><\/p>\n<ul>\n<li><a href=\"https:\/\/www.infraestruturameioambiente.sp.gov.br\/ipa\/inventario-da-cobertura-vegetal-nativa-do-estado-de-sao-paulo\/\">Mapas do Invent\u00e1rio da Cobertura Vegetal Nativa do Estado de S\u00e3o Paulo<\/a><\/li>\n<\/ul>\n<p>[\/vc_column_text][\/vc_column][vc_column width=&#8221;1\/3&#8243;][vc_column_text]<a href=\"https:\/\/www.infraestruturameioambiente.sp.gov.br\/ipa\/2025\/04\/atualizacao-do-mapa-de-risco-de-erosao-costeira-cronica-e-inundacao-costeira-na-orla-oceanica-no-estado-de-sao-paulo\/\" target=\"_blank\" rel=\"noopener\"><img decoding=\"async\" loading=\"lazy\" class=\"alignnone wp-image-8045 size-wcstandard\" src=\"https:\/\/smastr16.blob.core.windows.net\/2001\/sites\/261\/2025\/04\/mapa_erosao_costeira_sao_paulo_2025_mini-550x389.jpeg\" alt=\"\" width=\"550\" height=\"389\" srcset=\"https:\/\/smastr16.blob.core.windows.net\/2001\/sites\/261\/2025\/04\/mapa_erosao_costeira_sao_paulo_2025_mini-550x389.jpeg 550w, https:\/\/smastr16.blob.core.windows.net\/2001\/sites\/261\/2025\/04\/mapa_erosao_costeira_sao_paulo_2025_mini-300x212.jpeg 300w, https:\/\/smastr16.blob.core.windows.net\/2001\/sites\/261\/2025\/04\/mapa_erosao_costeira_sao_paulo_2025_mini-1024x724.jpeg 1024w, https:\/\/smastr16.blob.core.windows.net\/2001\/sites\/261\/2025\/04\/mapa_erosao_costeira_sao_paulo_2025_mini-768x543.jpeg 768w, https:\/\/smastr16.blob.core.windows.net\/2001\/sites\/261\/2025\/04\/mapa_erosao_costeira_sao_paulo_2025_mini-250x177.jpeg 250w, https:\/\/smastr16.blob.core.windows.net\/2001\/sites\/261\/2025\/04\/mapa_erosao_costeira_sao_paulo_2025_mini-800x566.jpeg 800w, https:\/\/smastr16.blob.core.windows.net\/2001\/sites\/261\/2025\/04\/mapa_erosao_costeira_sao_paulo_2025_mini-255x180.jpeg 255w, https:\/\/smastr16.blob.core.windows.net\/2001\/sites\/261\/2025\/04\/mapa_erosao_costeira_sao_paulo_2025_mini-424x300.jpeg 424w, https:\/\/smastr16.blob.core.windows.net\/2001\/sites\/261\/2025\/04\/mapa_erosao_costeira_sao_paulo_2025_mini-707x500.jpeg 707w, https:\/\/smastr16.blob.core.windows.net\/2001\/sites\/261\/2025\/04\/mapa_erosao_costeira_sao_paulo_2025_mini-210x150.jpeg 210w, https:\/\/smastr16.blob.core.windows.net\/2001\/sites\/261\/2025\/04\/mapa_erosao_costeira_sao_paulo_2025_mini.jpeg 1280w\" sizes=\"(max-width: 550px) 100vw, 550px\" \/><\/a><\/p>\n<ul>\n<li><a href=\"https:\/\/www.infraestruturameioambiente.sp.gov.br\/ipa\/2025\/04\/atualizacao-do-mapa-de-risco-de-erosao-costeira-cronica-e-inundacao-costeira-na-orla-oceanica-no-estado-de-sao-paulo\/\">Mapa de risco \u00e0 eros\u00e3o costeira no litoral do Estado de S\u00e3o Paulo<\/a><\/li>\n<\/ul>\n<p>[\/vc_column_text][\/vc_column][vc_column width=&#8221;1\/3&#8243;][\/vc_column][\/vc_row][vc_row][vc_column][vc_column_text]<\/p>\n<hr \/>\n<p>[\/vc_column_text][\/vc_column][\/vc_row]<\/p>\n","protected":false},"excerpt":{"rendered":"<p>[vc_row][vc_column width=&#8221;2\/3&#8243;][vc_column_text]Os mapas do IPA \u2013 Instituto de Pesquisas Ambientais\u00a0t\u00eam como finalidade promover a dissemina\u00e7\u00e3o e a aplica\u00e7\u00e3o do conhecimento cient\u00edfico e tecnol\u00f3gico em Bot\u00e2nica, Geoci\u00eancias, Ci\u00eancias Florestais e Biodiversidade, [&hellip;]<\/p>\n","protected":false},"author":196,"featured_media":0,"parent":1119,"menu_order":0,"comment_status":"closed","ping_status":"closed","template":"","meta":[],"_links":{"self":[{"href":"https:\/\/www.infraestruturameioambiente.sp.gov.br\/ipa\/wp-json\/wp\/v2\/pages\/5872"}],"collection":[{"href":"https:\/\/www.infraestruturameioambiente.sp.gov.br\/ipa\/wp-json\/wp\/v2\/pages"}],"about":[{"href":"https:\/\/www.infraestruturameioambiente.sp.gov.br\/ipa\/wp-json\/wp\/v2\/types\/page"}],"author":[{"embeddable":true,"href":"https:\/\/www.infraestruturameioambiente.sp.gov.br\/ipa\/wp-json\/wp\/v2\/users\/196"}],"replies":[{"embeddable":true,"href":"https:\/\/www.infraestruturameioambiente.sp.gov.br\/ipa\/wp-json\/wp\/v2\/comments?post=5872"}],"version-history":[{"count":24,"href":"https:\/\/www.infraestruturameioambiente.sp.gov.br\/ipa\/wp-json\/wp\/v2\/pages\/5872\/revisions"}],"predecessor-version":[{"id":8671,"href":"https:\/\/www.infraestruturameioambiente.sp.gov.br\/ipa\/wp-json\/wp\/v2\/pages\/5872\/revisions\/8671"}],"up":[{"embeddable":true,"href":"https:\/\/www.infraestruturameioambiente.sp.gov.br\/ipa\/wp-json\/wp\/v2\/pages\/1119"}],"wp:attachment":[{"href":"https:\/\/www.infraestruturameioambiente.sp.gov.br\/ipa\/wp-json\/wp\/v2\/media?parent=5872"}],"curies":[{"name":"wp","href":"https:\/\/api.w.org\/{rel}","templated":true}]}}