{"id":5422,"date":"2023-12-11T15:38:00","date_gmt":"2023-12-11T18:38:00","guid":{"rendered":"https:\/\/www.infraestruturameioambiente.sp.gov.br\/ipa\/?page_id=5422"},"modified":"2025-02-21T13:08:40","modified_gmt":"2025-02-21T16:08:40","slug":"ordem-de-servico-nit","status":"publish","type":"page","link":"https:\/\/www.infraestruturameioambiente.sp.gov.br\/ipa\/nucleo-de-inovacao-tecnologica-nit-ipa\/ordem-de-servico-nit\/","title":{"rendered":"Ordem de Servi\u00e7o &#8211; NIT"},"content":{"rendered":"<p>[vc_row][vc_column width=&#8221;2\/3&#8243;][vc_column_text]<\/p>\n<ul>\n<li>Suporte ao Desenvolvimento Tecnol\u00f3gico e de Inova\u00e7\u00e3o do Laborat\u00f3rio de Palinologia. Coordena\u00e7\u00e3o: Cynthia Fernandes Pinto da Luz (<a href=\"mailto:cluz@sp.gov.br\">cluz@sp.gov.br<\/a>)<\/li>\n<li>Assessoria T\u00e9cnica em Bot\u00e2nica e Identifica\u00e7\u00e3o de Amostras Vegetais. Coordena\u00e7\u00e3o: In\u00eas Cordeiro (<a href=\"mailto:inescordeiro@sp.gov.br\">inescordeiro@sp.gov.br<\/a>)<\/li>\n<li>Suporte ao Desenvolvimento Tecnol\u00f3gico e de Inova\u00e7\u00e3o do Laborat\u00f3rio de Intera\u00e7\u00e3o Atmosfera\u2010Planta (LABIAP). Coordena\u00e7\u00e3o: Silvia Ribeiro\u00a0de\u00a0Souza (<a href=\"mailto:sribeiro@sp.gov.br\">sribeiro@sp.gov.br<\/a>)<\/li>\n<li>Suporte ao Desenvolvimento Tecnol\u00f3gico e de Inova\u00e7\u00e3o de Recupera\u00e7\u00e3o de \u00c1reas Degradadas. Coordena\u00e7\u00e3o: Luiz Mauro Barbosa (<a href=\"mailto:lmbarbosa@sp.gov.br\">lmbarbosa@sp.gov.br<\/a>)<\/li>\n<li>Suporte ao Desenvolvimento e Inova\u00e7\u00e3o Tecnol\u00f3gica &#8211; Avalia\u00e7\u00e3o, Monitoramento, Suporte \u00e0 Tomada de Decis\u00e3o e Implanta\u00e7\u00e3o de Medidas de Redu\u00e7\u00e3o de Risco e de Preven\u00e7\u00e3o de Desastres Relacionados a Eventos Geodin\u00e2micos-GRD-IPA. Coordena\u00e7\u00e3o: Cl\u00e1udio Jos\u00e9 Ferreira (<a href=\"mailto:cferreira@sp.gov.br\">cferreira@sp.gov.br<\/a>)<\/li>\n<li>Suporte ao Desenvolvimento Tecnol\u00f3gico e de Inova\u00e7\u00e3o do Laborat\u00f3rio de Estudos Ambientais (LEA). Coordena\u00e7\u00e3o: Emerson Alves da Silva (<a href=\"mailto:easilva@sp.gov.br\">easilva@sp.gov.br<\/a>)<\/li>\n<li>Suporte ao Desenvolvimento Tecnol\u00f3gico e de Inova\u00e7\u00e3o do Laborat\u00f3rio de Anatomia e Propriedades de Madeira (LAPM-IPA). Coordena\u00e7\u00e3o: Eduardo Luiz Longui (<a href=\"mailto:elongui@sp.gov.br\">elongui@sp.gov.br<\/a>)<\/li>\n<li>Suporte ao Desenvolvimento Tecnol\u00f3gico e de Inova\u00e7\u00e3o para Reconhecimento T\u00e9cnico Bot\u00e2nico e Fitossanidade de Esp\u00e9cies Arb\u00f3reas. Coordena\u00e7\u00e3o: Osny Tadeu de Aguiar(<a href=\"mailto:tadeu@sp.gov.br\">tadeu@sp.gov.br<\/a>)<\/li>\n<li><span data-olk-copy-source=\"MessageBody\">Suporte ao Desenvolvimento e Inova\u00e7\u00e3o Tecnol\u00f3gica &#8211; Diagn\u00f3sticos Ambientais. Coordena\u00e7\u00e3o: Natalia Macedo Ivanauskas (<a href=\"mailto:nataliaiva@sp.gov.br\">nataliaiva@sp.gov.br<\/a>)<\/span><\/li>\n<\/ul>\n<p>[\/vc_column_text][\/vc_column][vc_column width=&#8221;1\/3&#8243;][vc_column_text]<\/p>\n<h4>NIT IPA<\/h4>\n<ul>\n<li><a href=\"https:\/\/www.infraestruturameioambiente.sp.gov.br\/ipa\/departamento-de-tecnologia-e-inovacao\/centro-de-inovacao-tecnologica\/nucleo-de-inovacao-tecnologica-nit-ipa\/sobre-o-nit\/\">Sobre o NIT<\/a><\/li>\n<li><a href=\"https:\/\/www.infraestruturameioambiente.sp.gov.br\/ipa\/departamento-de-tecnologia-e-inovacao\/centro-de-inovacao-tecnologica\/nucleo-de-inovacao-tecnologica-nit-ipa\/extratos\/\">Extratos<\/a><\/li>\n<li><a href=\"https:\/\/www.infraestruturameioambiente.sp.gov.br\/ipa\/departamento-de-tecnologia-e-inovacao\/centro-de-inovacao-tecnologica\/nucleo-de-inovacao-tecnologica-nit-ipa\/legislacao-nit\/\">Legisla\u00e7\u00e3o NIT<\/a><\/li>\n<li>Portf\u00f3lio de Tecnologias e Servi\u00e7os<\/li>\n<li><a href=\"https:\/\/www.infraestruturameioambiente.sp.gov.br\/ipa\/category\/oportunidades-nit\/\">Oportunidades<\/a><\/li>\n<li><a href=\"https:\/\/www.infraestruturameioambiente.sp.gov.br\/ipa\/departamento-de-tecnologia-e-inovacao\/centro-de-inovacao-tecnologica\/nucleo-de-inovacao-tecnologica-nit-ipa\/ordem-de-servico-nit\/\">Ordem de Servi\u00e7o<\/a><\/li>\n<li><a href=\"https:\/\/www.infraestruturameioambiente.sp.gov.br\/ipa\/category\/noticias\/noticias-nit\/\">Not\u00edcias NIT<\/a><\/li>\n<li><a href=\"https:\/\/www.infraestruturameioambiente.sp.gov.br\/ipa\/departamento-de-tecnologia-e-inovacao\/centro-de-inovacao-tecnologica\/nucleo-de-inovacao-tecnologica-nit-ipa\/fundacoes-de-apoio-nit\/\">Funda\u00e7\u00f5es de Apoio<\/a><\/li>\n<li><a href=\"https:\/\/www.infraestruturameioambiente.sp.gov.br\/ipa\/departamento-de-tecnologia-e-inovacao\/centro-de-inovacao-tecnologica\/nucleo-de-inovacao-tecnologica-nit-ipa\/cronograma-de-reunioes-do-nit\/\">Cronograma de reuni\u00f5es do NIT<\/a><\/li>\n<li>Participa\u00e7\u00e3o do NIT em eventos<\/li>\n<li><a href=\"https:\/\/www.infraestruturameioambiente.sp.gov.br\/ipa\/departamento-de-tecnologia-e-inovacao\/centro-de-inovacao-tecnologica\/nucleo-de-inovacao-tecnologica-nit-ipa\/relatorios-de-atividades-nit\/\">Relat\u00f3rio de Atividades NIT<\/a><\/li>\n<li><a href=\"https:\/\/www.infraestruturameioambiente.sp.gov.br\/ipa\/departamento-de-tecnologia-e-inovacao\/centro-de-inovacao-tecnologica\/nucleo-de-inovacao-tecnologica-nit-ipa\/fale-com-o-nit-ipa\/\">Fale com o NIT-IPA<\/a><\/li>\n<\/ul>\n<p>[\/vc_column_text][\/vc_column][\/vc_row]<\/p>\n","protected":false},"excerpt":{"rendered":"<p>[vc_row][vc_column width=&#8221;2\/3&#8243;][vc_column_text] Suporte ao Desenvolvimento Tecnol\u00f3gico e de Inova\u00e7\u00e3o do Laborat\u00f3rio de Palinologia. Coordena\u00e7\u00e3o: Cynthia Fernandes Pinto da Luz (cluz@sp.gov.br) Assessoria T\u00e9cnica em Bot\u00e2nica e Identifica\u00e7\u00e3o de Amostras Vegetais. Coordena\u00e7\u00e3o: [&hellip;]<\/p>\n","protected":false},"author":196,"featured_media":0,"parent":591,"menu_order":0,"comment_status":"closed","ping_status":"closed","template":"","meta":[],"_links":{"self":[{"href":"https:\/\/www.infraestruturameioambiente.sp.gov.br\/ipa\/wp-json\/wp\/v2\/pages\/5422"}],"collection":[{"href":"https:\/\/www.infraestruturameioambiente.sp.gov.br\/ipa\/wp-json\/wp\/v2\/pages"}],"about":[{"href":"https:\/\/www.infraestruturameioambiente.sp.gov.br\/ipa\/wp-json\/wp\/v2\/types\/page"}],"author":[{"embeddable":true,"href":"https:\/\/www.infraestruturameioambiente.sp.gov.br\/ipa\/wp-json\/wp\/v2\/users\/196"}],"replies":[{"embeddable":true,"href":"https:\/\/www.infraestruturameioambiente.sp.gov.br\/ipa\/wp-json\/wp\/v2\/comments?post=5422"}],"version-history":[{"count":8,"href":"https:\/\/www.infraestruturameioambiente.sp.gov.br\/ipa\/wp-json\/wp\/v2\/pages\/5422\/revisions"}],"predecessor-version":[{"id":7941,"href":"https:\/\/www.infraestruturameioambiente.sp.gov.br\/ipa\/wp-json\/wp\/v2\/pages\/5422\/revisions\/7941"}],"up":[{"embeddable":true,"href":"https:\/\/www.infraestruturameioambiente.sp.gov.br\/ipa\/wp-json\/wp\/v2\/pages\/591"}],"wp:attachment":[{"href":"https:\/\/www.infraestruturameioambiente.sp.gov.br\/ipa\/wp-json\/wp\/v2\/media?parent=5422"}],"curies":[{"name":"wp","href":"https:\/\/api.w.org\/{rel}","templated":true}]}}