{"id":51,"date":"2021-09-14T13:28:47","date_gmt":"2021-09-14T16:28:47","guid":{"rendered":"https:\/\/portal-sima-homologacao.azurewebsites.net\/ipa\/?page_id=51"},"modified":"2025-11-04T15:48:13","modified_gmt":"2025-11-04T18:48:13","slug":"museus","status":"publish","type":"page","link":"https:\/\/www.infraestruturameioambiente.sp.gov.br\/ipa\/museus\/","title":{"rendered":"Museus"},"content":{"rendered":"<p>[vc_row][vc_column width=&#8221;2\/3&#8243;][vc_column_text]<\/p>\n<p style=\"text-align: left\">O <strong>IPA &#8211; Instituto de Pesquisas Ambientais<\/strong> possui 3 museus, que s\u00e3o de responsabilidade do Servi\u00e7o de Bibliotecas, Mapotecas, Museus, Acervos Arquiv\u00edsticos e Iconogr\u00e1ficos. Dois deles est\u00e3o localizados em \u00e1reas de prote\u00e7\u00e3o, dentro da cidade de S\u00e3o Paulo, e atendem principalmente estudantes em visitas guiadas e o p\u00fablico em geral. Al\u00e9m de desenvolverem atividades de divulga\u00e7\u00e3o cient\u00edfica, desempenham um importante papel nas pol\u00edticas p\u00fablicas em educa\u00e7\u00e3o ambiental do Estado de S\u00e3o Paulo.<\/p>\n<p>[\/vc_column_text][\/vc_column][vc_column width=&#8221;1\/3&#8243;][vc_column_text]<span style=\"font-size: 14pt\"><strong>Nossos Endere\u00e7os<\/strong><\/span><\/p>\n<ul>\n<li><a href=\"https:\/\/www.infraestruturameioambiente.sp.gov.br\/ipa\/bibliotecas\/\">Bibliotecas<\/a><\/li>\n<li><strong>Museus<\/strong><\/li>\n<li><a href=\"https:\/\/www.infraestruturameioambiente.sp.gov.br\/ipa\/laboratorios\/\">Laborat\u00f3rios<\/a><\/li>\n<li><a href=\"https:\/\/www.infraestruturameioambiente.sp.gov.br\/ipa\/enderecos\/\">Unidades<\/a><\/li>\n<\/ul>\n<p>[\/vc_column_text][\/vc_column][\/vc_row][vc_row][vc_column width=&#8221;2\/3&#8243;][vc_column_text]<\/p>\n<p style=\"text-align: left\"><img decoding=\"async\" loading=\"lazy\" class=\"alignnone wp-image-7243 size-wcstandard\" src=\"https:\/\/smastr16.blob.core.windows.net\/2001\/sites\/261\/2024\/10\/museubotanico1-550x386.jpg\" alt=\"\" width=\"550\" height=\"386\" srcset=\"https:\/\/smastr16.blob.core.windows.net\/2001\/sites\/261\/2024\/10\/museubotanico1-550x386.jpg 550w, https:\/\/smastr16.blob.core.windows.net\/2001\/sites\/261\/2024\/10\/museubotanico1-300x210.jpg 300w, https:\/\/smastr16.blob.core.windows.net\/2001\/sites\/261\/2024\/10\/museubotanico1-250x175.jpg 250w, https:\/\/smastr16.blob.core.windows.net\/2001\/sites\/261\/2024\/10\/museubotanico1-257x180.jpg 257w, https:\/\/smastr16.blob.core.windows.net\/2001\/sites\/261\/2024\/10\/museubotanico1-428x300.jpg 428w, https:\/\/smastr16.blob.core.windows.net\/2001\/sites\/261\/2024\/10\/museubotanico1.jpg 666w\" sizes=\"(max-width: 550px) 100vw, 550px\" \/><\/p>\n<p>[\/vc_column_text][vc_column_text]<strong>Museu Bot\u00e2nico Dr. Jo\u00e3o Barbosa Rodrigues<\/strong><\/p>\n<p style=\"text-align: left\">O Museu Bot\u00e2nico \u201cDr. Jo\u00e3o Barbosa Rodrigues\u201d foi inaugurado em 1942 e \u00e9 um equipamento did\u00e1tico-expositivo que comp\u00f5e o eixo de visita\u00e7\u00e3o do Jardim Bot\u00e2nico de S\u00e3o Paulo. Possui exposi\u00e7\u00e3o permanente que aborda a hist\u00f3ria do antigo Instituto de Bot\u00e2nica, atual Instituto de Pesquisas Ambientais, do Jardim Bot\u00e2nico e da bot\u00e2nica no Brasil. Possui uma cole\u00e7\u00e3o de frutos e sementes, madeira e \u00f3leos essenciais. No totem interativo, \u00e9 poss\u00edvel acessar diversas informa\u00e7\u00f5es sobre o Jardim Bot\u00e2nico e as pesquisas desenvolvidas.<\/p>\n<p style=\"text-align: left\">Nesse atrativo, al\u00e9m dos aspectos bot\u00e2nicos tratados pelos professores de biologia, os professores da \u00e1rea de hist\u00f3ria, geografia e portugu\u00eas tamb\u00e9m encontram diversos elementos facilitadores para abordar conte\u00fados como: contextualiza\u00e7\u00f5es hist\u00f3ricas desde o s\u00e9culo XVI at\u00e9 o s\u00e9culo XXI; grandes expedi\u00e7\u00f5es cient\u00edficas; distribui\u00e7\u00e3o geogr\u00e1fica dos biomas Mata Atl\u00e2ntica e Cerrado; textos descritivos, narrativos, dissertativos; nos documentos hist\u00f3ricos pode ser discutida a evolu\u00e7\u00e3o da l\u00edngua portuguesa, altera\u00e7\u00f5es ortogr\u00e1ficas, etc.<\/p>\n<p style=\"text-align: left\">Endere\u00e7o: Jardim Bot\u00e2nico de S\u00e3o Paulo, Av. Miguel Est\u00e9fno, 3.687 &#8211; \u00c1gua Funda, S\u00e3o Paulo &#8211; SP.<br \/>\nVisita\u00e7\u00e3o: Finais de semana e feriados, das 10h \u00e0s 16h.<br \/>\nIngressos: <a href=\"https:\/\/jardimbotanico.com.br\/ingressos\/#ingressos\">Visite o site da concession\u00e1ria<\/a><br \/>\nEm caso de consultas ao acervo do museu ou d\u00favidas, entrar em contato: <a href=\"mailto:ipa.nmaai@sp.gov.br\">ipa.nmaai@sp.gov.br <\/a><\/p>\n<p>[\/vc_column_text][\/vc_column][vc_column width=&#8221;1\/3&#8243;][\/vc_column][\/vc_row][vc_row][vc_column width=&#8221;2\/3&#8243;][vc_column_text]<img decoding=\"async\" loading=\"lazy\" class=\"alignnone wp-image-7244 size-wcstandard\" src=\"https:\/\/smastr16.blob.core.windows.net\/2001\/sites\/261\/2024\/10\/museuflorestal2-550x367.jpg\" alt=\"\" width=\"550\" height=\"367\" srcset=\"https:\/\/smastr16.blob.core.windows.net\/2001\/sites\/261\/2024\/10\/museuflorestal2-550x367.jpg 550w, https:\/\/smastr16.blob.core.windows.net\/2001\/sites\/261\/2024\/10\/museuflorestal2-300x200.jpg 300w, https:\/\/smastr16.blob.core.windows.net\/2001\/sites\/261\/2024\/10\/museuflorestal2-768x512.jpg 768w, https:\/\/smastr16.blob.core.windows.net\/2001\/sites\/261\/2024\/10\/museuflorestal2-250x167.jpg 250w, https:\/\/smastr16.blob.core.windows.net\/2001\/sites\/261\/2024\/10\/museuflorestal2-800x534.jpg 800w, https:\/\/smastr16.blob.core.windows.net\/2001\/sites\/261\/2024\/10\/museuflorestal2-270x180.jpg 270w, https:\/\/smastr16.blob.core.windows.net\/2001\/sites\/261\/2024\/10\/museuflorestal2-450x300.jpg 450w, https:\/\/smastr16.blob.core.windows.net\/2001\/sites\/261\/2024\/10\/museuflorestal2-750x500.jpg 750w, https:\/\/smastr16.blob.core.windows.net\/2001\/sites\/261\/2024\/10\/museuflorestal2.jpg 1000w\" sizes=\"(max-width: 550px) 100vw, 550px\" \/>[\/vc_column_text][vc_column_text]<\/p>\n<p style=\"text-align: left\"><strong>Museu Florestal Oct\u00e1vio Vecchi<\/strong><\/p>\n<p style=\"text-align: left\">O Museu Florestal foi concebido no final da d\u00e9cada de 1920, pelo ent\u00e3o diretor do Servi\u00e7o Florestal, Oct\u00e1vio Vecchi.<\/p>\n<p style=\"text-align: left\">O edif\u00edcio, constru\u00eddo entre 1928 e 1930 e inaugurado em 1931, foi projetado especificamente para receber o acervo, bem como laborat\u00f3rios de pesquisa que funcionaram no piso inferior entre as d\u00e9cadas de 1930 e 1960. O Museu Florestal foi importante se\u00e7\u00e3o de pesquisa e abrigou laborat\u00f3rio de meteorologia, de fotografia, herb\u00e1rio e xiloteca do Servi\u00e7o Florestal, do antigo Instituto Florestal, hoje Instituto de Pesquisas Ambientais.<\/p>\n<p style=\"text-align: left\">O acervo \u00e9 composto por um diverso mostru\u00e1rio de madeiras entalhadas, sementes, pe\u00e7as das escolas de xilografia, char\u00e3o (laca japonesa), marcenaria, marchetaria, aquarelas, grande painel a \u00f3leo, de autoria de Helios Seelinger, que ilustra a hist\u00f3ria de S\u00e3o Paulo, pintura mural de esp\u00e9cies nativas realizada por Antonio Paim Vieira, vitrais executados pela Casa Conrado, al\u00e9m de outras obras.<\/p>\n<p style=\"text-align: left\">Conjugando ci\u00eancia, hist\u00f3ria e arte, o museu \u00e9 espa\u00e7o de contempla\u00e7\u00e3o e educa\u00e7\u00e3o ambiental.<\/p>\n<p><a href=\"https:\/\/museuflorestal.ambiente.sp.gov.br\/acervo\/\">CONHE\u00c7A O ACERVO DO MUSEU FLORESTAL<\/a><\/p>\n<p style=\"text-align: left\">Endere\u00e7o: Parque Estadual Alberto L\u00f6fgren, Rua do Horto, 931 &#8211; Horto Florestal, S\u00e3o Paulo &#8211; SP.<br \/>\nVisita\u00e7\u00e3o: De ter\u00e7a-feira a domingo, das 9h \u00e0s 17h.<br \/>\nIngressos: <a href=\"https:\/\/www.urbiaparques.com.br\/eventos\/museu-florestal-horto\" target=\"_blank\" rel=\"noopener\">Visite o site da concession\u00e1ria<\/a><br \/>\nTelefone: (11) 2231-8555 &#8211; Ramais 2063 e 2053<br \/>\nEm caso de consultas ao acervo do museu ou d\u00favidas, entrar em contato: <a href=\"mailto:ipa.nmaai@sp.gov.br\">ipa.nmaai@sp.gov.br<\/a><\/p>\n<p>[\/vc_column_text][\/vc_column][vc_column width=&#8221;1\/3&#8243;][\/vc_column][\/vc_row][vc_row][vc_column width=&#8221;2\/3&#8243;][vc_column_text]<img decoding=\"async\" loading=\"lazy\" class=\"alignnone wp-image-7245 size-wcstandard\" src=\"https:\/\/smastr16.blob.core.windows.net\/2001\/sites\/261\/2024\/10\/museugeologico3-550x367.jpg\" alt=\"\" width=\"550\" height=\"367\" srcset=\"https:\/\/smastr16.blob.core.windows.net\/2001\/sites\/261\/2024\/10\/museugeologico3-550x367.jpg 550w, https:\/\/smastr16.blob.core.windows.net\/2001\/sites\/261\/2024\/10\/museugeologico3-300x200.jpg 300w, https:\/\/smastr16.blob.core.windows.net\/2001\/sites\/261\/2024\/10\/museugeologico3-1024x682.jpg 1024w, https:\/\/smastr16.blob.core.windows.net\/2001\/sites\/261\/2024\/10\/museugeologico3-768x512.jpg 768w, https:\/\/smastr16.blob.core.windows.net\/2001\/sites\/261\/2024\/10\/museugeologico3-1536x1024.jpg 1536w, https:\/\/smastr16.blob.core.windows.net\/2001\/sites\/261\/2024\/10\/museugeologico3-2048x1365.jpg 2048w, https:\/\/smastr16.blob.core.windows.net\/2001\/sites\/261\/2024\/10\/museugeologico3-250x167.jpg 250w, https:\/\/smastr16.blob.core.windows.net\/2001\/sites\/261\/2024\/10\/museugeologico3-800x533.jpg 800w, https:\/\/smastr16.blob.core.windows.net\/2001\/sites\/261\/2024\/10\/museugeologico3-270x180.jpg 270w, https:\/\/smastr16.blob.core.windows.net\/2001\/sites\/261\/2024\/10\/museugeologico3-450x300.jpg 450w, https:\/\/smastr16.blob.core.windows.net\/2001\/sites\/261\/2024\/10\/museugeologico3-750x500.jpg 750w\" sizes=\"(max-width: 550px) 100vw, 550px\" \/>[\/vc_column_text][vc_column_text]<strong>Museu Geol\u00f3gico Valdermar Lef\u00e8vre (Temporariamente Fechado)<\/strong><\/p>\n<p style=\"text-align: left\">O Museu Geol\u00f3gico foi criado em 14 de novembro de 1967, mas parte de seu acervo originou-se na Comiss\u00e3o Geogr\u00e1fica e Geol\u00f3gica de S\u00e3o Paulo &#8211; CGG (1886-1931). As exposi\u00e7\u00f5es permanentes do museu constituem-se, basicamente, de minerais, rochas, f\u00f3sseis, objetos e documentos antigos, reunidos desde os trabalhos da Comiss\u00e3o Geogr\u00e1fica e Geol\u00f3gica, a partir do s\u00e9culo passado.<\/p>\n<p style=\"text-align: left\">O museu n\u00e3o \u00e9 s\u00f3 um centro de exibi\u00e7\u00e3o de cole\u00e7\u00f5es, ele representa o reflexo de mais de um s\u00e9culo de pesquisas nas \u00e1reas de geoci\u00eancias no estado de S\u00e3o Paulo, pesquisas estas iniciadas pela Comiss\u00e3o Geogr\u00e1fica e Geol\u00f3gica (1886-1931) e continuadas pelo antigo Instituto Geol\u00f3gico, atual Instituto de Pesquisas Ambientais da Secretaria de Meio Ambiente, Infraestrutura e Log\u00edstica do Estado de S\u00e3o Paulo. Dessa forma, o acervo do museu reflete principalmente as pesquisas geocient\u00edficas desenvolvidas no territ\u00f3rio paulista.<\/p>\n<p><a href=\"https:\/\/mugeo.ipa.sp.gov.br\/opac\/php\/index.php\">CONHE\u00c7A O ACERVO DO MUGEO<\/a><\/p>\n<div>\n<table style=\"width: 100%;border-collapse: collapse;border-style: solid;border-color: #000000\">\n<tbody>\n<tr>\n<td style=\"width: 100%\">\n<div><strong>Informamos a mudan\u00e7a do Museu Geol\u00f3gico Valdemar Lef\u00e8vre &#8211; MUGEO, atualmente localizado no Parque da \u00c1gua Branca, para a Unidade Vila Mariana, do Instituto de Pesquisas Ambientais.<\/strong><\/div>\n<div><strong>\u00a0<\/strong><\/div>\n<div><strong>Em virtude deste fato, as atividades do MUGEO, no Parque da \u00c1gua Branca, ser\u00e3o encerradas no dia 18\/11\/2022.<\/strong><\/div>\n<div><strong>\u00a0<\/strong><\/div>\n<div><strong>A partir desta data, o pr\u00e9dio ficar\u00e1 fechado para visita\u00e7\u00e3o, tendo acesso ao local apenas os funcion\u00e1rios e pessoal respons\u00e1vel pelos procedimentos de preparo e embalagem dos acervos para a mudan\u00e7a.<\/strong><\/div>\n<\/td>\n<\/tr>\n<\/tbody>\n<\/table>\n<\/div>\n<p style=\"text-align: left\">Em caso de consultas ao acervo do museu ou d\u00favidas, entrar em contato: <a href=\"mailto:ipa.nmaai@sp.gov.br\">ipa.nmaai@sp.gov.br<\/a><\/p>\n<p>[\/vc_column_text][\/vc_column][vc_column width=&#8221;1\/3&#8243;][\/vc_column][\/vc_row]<\/p>\n","protected":false},"excerpt":{"rendered":"<p>[vc_row][vc_column width=&#8221;2\/3&#8243;][vc_column_text] O IPA &#8211; Instituto de Pesquisas Ambientais possui 3 museus, que s\u00e3o de responsabilidade do Servi\u00e7o de Bibliotecas, Mapotecas, Museus, Acervos Arquiv\u00edsticos e Iconogr\u00e1ficos. Dois deles est\u00e3o localizados [&hellip;]<\/p>\n","protected":false},"author":184,"featured_media":0,"parent":0,"menu_order":0,"comment_status":"closed","ping_status":"closed","template":"","meta":[],"_links":{"self":[{"href":"https:\/\/www.infraestruturameioambiente.sp.gov.br\/ipa\/wp-json\/wp\/v2\/pages\/51"}],"collection":[{"href":"https:\/\/www.infraestruturameioambiente.sp.gov.br\/ipa\/wp-json\/wp\/v2\/pages"}],"about":[{"href":"https:\/\/www.infraestruturameioambiente.sp.gov.br\/ipa\/wp-json\/wp\/v2\/types\/page"}],"author":[{"embeddable":true,"href":"https:\/\/www.infraestruturameioambiente.sp.gov.br\/ipa\/wp-json\/wp\/v2\/users\/184"}],"replies":[{"embeddable":true,"href":"https:\/\/www.infraestruturameioambiente.sp.gov.br\/ipa\/wp-json\/wp\/v2\/comments?post=51"}],"version-history":[{"count":19,"href":"https:\/\/www.infraestruturameioambiente.sp.gov.br\/ipa\/wp-json\/wp\/v2\/pages\/51\/revisions"}],"predecessor-version":[{"id":8892,"href":"https:\/\/www.infraestruturameioambiente.sp.gov.br\/ipa\/wp-json\/wp\/v2\/pages\/51\/revisions\/8892"}],"wp:attachment":[{"href":"https:\/\/www.infraestruturameioambiente.sp.gov.br\/ipa\/wp-json\/wp\/v2\/media?parent=51"}],"curies":[{"name":"wp","href":"https:\/\/api.w.org\/{rel}","templated":true}]}}