{"id":4804,"date":"2023-09-12T11:01:33","date_gmt":"2023-09-12T14:01:33","guid":{"rendered":"https:\/\/www.infraestruturameioambiente.sp.gov.br\/ipa\/?page_id=4804"},"modified":"2024-11-19T13:40:35","modified_gmt":"2024-11-19T16:40:35","slug":"colecao-de-plantas-vasculares","status":"publish","type":"page","link":"https:\/\/www.infraestruturameioambiente.sp.gov.br\/ipa\/colecoes\/herbario-maria-eneyda-pacheco-kauffmann-fidalgo-herbario-sp\/colecao-de-plantas-vasculares\/","title":{"rendered":"Cole\u00e7\u00e3o de Plantas Vasculares"},"content":{"rendered":"<p>[vc_row][vc_column width=&#8221;2\/3&#8243;][vc_column_text]<\/p>\n<div class=\"wc-gallery\"><div class='wcflexslider-container wc-gallery-bottomspace-default wc-gallery-clear'><div id='gallery-1' class='gallery wc-gallery-captions-onhover gallery-link-file wcflexslider wcsliderauto' data-gutter-width='5' data-columns='1' data-hide-controls='false'><ul class='slides'>\n\t\t\t\t<li class='gallery-item gallery-item-position-1 gallery-item-attachment-4806 wcflex-slide-item'>\n\t\t\t\t\t<div class='gallery-icon landscape'>\n\t\t\t\t\t\t<a href=\"https:\/\/smastr16.blob.core.windows.net\/2001\/sites\/261\/2023\/09\/herbariosp_colecao_plantas_vasculares.jpg\" target=\"_self\"><img src='https:\/\/smastr16.blob.core.windows.net\/2001\/sites\/261\/2023\/09\/herbariosp_colecao_plantas_vasculares.jpg' width='800' height='534' alt='' \/><\/a>\n\t\t\t\t\t<\/div>\n\t\t\t\t\t<div class='wp-caption-text gallery-caption' style='width:800px;'>\n\t\t\t\t\t<p>\n\t\t\t\t\tArm\u00e1rios da Cole\u00e7\u00e3o de Plantas Vasculares do Herb\u00e1rio SP. Foto: Ros\u00e2ngela Sim\u00e3o Bianchini\n\t\t\t\t\t<\/p>\n\t\t\t\t\t<\/div><\/li>\n\t\t\t\t<li class='gallery-item gallery-item-position-2 gallery-item-attachment-4805 wcflex-slide-item'>\n\t\t\t\t\t<div class='gallery-icon landscape'>\n\t\t\t\t\t\t<a href=\"https:\/\/smastr16.blob.core.windows.net\/2001\/sites\/261\/2023\/09\/herbariosp_dalechampia_stipulacea.jpg\" target=\"_self\"><img src='https:\/\/smastr16.blob.core.windows.net\/2001\/sites\/261\/2023\/09\/herbariosp_dalechampia_stipulacea.jpg' width='800' height='534' alt='' \/><\/a>\n\t\t\t\t\t<\/div>\n\t\t\t\t\t<div class='wp-caption-text gallery-caption' style='width:800px;'>\n\t\t\t\t\t<p>\n\t\t\t\t\tExsicata de <i> Dalechampia stipulacea <\/i> M\u00fcll.Arg. (Euphorbiaceae) &#8211; Cole\u00e7\u00e3o de Plantas Vasculares do Herb\u00e1rio SP. Imagem digitalizada: Maria C\u00e2ndida H. Mamede\n\t\t\t\t\t<\/p>\n\t\t\t\t\t<\/div><\/li><\/ul><\/div>\n<\/div>\n<\/div>\n<p>&nbsp;<\/p>\n<p><strong>DESCRI\u00c7\u00c3O DO ACERVO<\/strong><\/p>\n<p>O acervo de Plantas Vasculares \u00e9 composto de mais de 350.000 amostras, pertencentes a 395 fam\u00edlias, 4.686 g\u00eaneros e 37.158 esp\u00e9cies de angiospermas, gimnospermas, samambaias e lic\u00f3fitas.<\/p>\n<p>As cole\u00e7\u00f5es s\u00e3o, na sua maioria, provenientes do estado de S\u00e3o Paulo, mas representantes de outros estados, pa\u00edses e continentes tamb\u00e9m est\u00e3o presentes no acervo.<\/p>\n<p>O acervo conta com cole\u00e7\u00f5es hist\u00f3ricas, como aquelas procedentes da Comiss\u00e3o Geogr\u00e1fica e Geol\u00f3gica (CGG, 1886-1931), e com coletas de muitos naturalistas e bot\u00e2nicos importantes como Theodoro Sampaio, Albert Loefgren, Gustav Edwall, Alexander C. Brade, Rolla M. Tryon, Frederico C. Hoehne, Moyses Kuhlmann e Oswaldo Handro, entre outros.<\/p>\n<p><strong>ACESSO \u00c0 COLE\u00c7\u00c3O \u2013 VIRTUAL<\/strong><\/p>\n<p>A cole\u00e7\u00e3o pode ser acessada na plataforma do \u201cHerb\u00e1rio Virtual das Plantas e Fungos\u201d (<a href=\"https:\/\/specieslink.net\/search\/\">https:\/\/specieslink.net\/search\/<\/a>), com dados 255.848 registros, 64.487 imagens das quais 4.167 s\u00e3o materiais-tipo.<\/p>\n<p><strong>ACESSO \u00c0 COLE\u00c7\u00c3O \u2013 PRESENCIAL<\/strong><\/p>\n<p>A cole\u00e7\u00e3o pode ser consultada presencialmente. As visitas para consulta ao acervo devem ser agendadas com o curador atrav\u00e9s de e-mail, informando: o per\u00edodo pretendido e o grupo taxon\u00f4mico a ser estudado (fam\u00edlia, g\u00eanero etc.).<\/p>\n<p><strong>LOCALIZA\u00c7\u00c3O<\/strong><\/p>\n<p>Unidade Jardim Bot\u00e2nico -IPA, Pr\u00e9dio 24<\/p>\n<p><strong>CONTATO<\/strong><\/p>\n<p>Maria Candida Henrique Mamede (<a href=\"mailto:mmamede@sp.gov.br\">mmamede@sp.gov.br<\/a>)<\/p>\n<p>telefone: (11) 5067-6089<\/p>\n<p><strong>CURADORA<\/strong><\/p>\n<ul>\n<li><a href=\"http:\/\/lattes.cnpq.br\/6055327284413923\">Maria Candida Henrique Mamede<\/a> (<a href=\"mailto:mmamede@sp.gov.br\">mmamede@sp.gov.br<\/a>)<\/li>\n<\/ul>\n<p>[\/vc_column_text][\/vc_column][vc_column width=&#8221;1\/3&#8243;][vc_column_text]<span style=\"font-size: 14pt\"><strong>Cole\u00e7\u00f5es do IPA<\/strong><\/span><\/p>\n<ul>\n<li><a href=\"https:\/\/www.infraestruturameioambiente.sp.gov.br\/ipa\/colecoes\/banco-ativo-de-germoplasma-de-arboreas-nativas\/\">Banco Ativo de Germoplasma de Arb\u00f3reas Nativas<\/a><\/li>\n<li><a href=\"https:\/\/www.infraestruturameioambiente.sp.gov.br\/ipa\/colecoes\/banco-ativo-de-germoplasma-de-arboreas-exoticas\/\">Banco Ativo de Germoplasma de Arb\u00f3reas Ex\u00f3ticas<\/a><\/li>\n<li><a href=\"https:\/\/www.infraestruturameioambiente.sp.gov.br\/ipa\/colecoes\/banco-de-sementes-bs-ipa\/\">Banco de Sementes<\/a><\/li>\n<li>Cole\u00e7\u00e3o de Plantas Vivas do Jardim Bot\u00e2nico de S\u00e3o Paulo<\/li>\n<li>Culturas de Algas<\/li>\n<li><a href=\"https:\/\/www.infraestruturameioambiente.sp.gov.br\/ipa\/colecoes\/colecao-de-culturas-de-algas-cianobacterias-e-fungos\/\">Culturas de Fungos Basidiomicetos<\/a><\/li>\n<li><a href=\"https:\/\/www.infraestruturameioambiente.sp.gov.br\/ipa\/colecoes\/colecao-de-culturas-de-algas-cianobacterias-e-fungos\/\">Culturas de Fungos Terrestres e Aqu\u00e1ticos<\/a><\/li>\n<li>Extratoteca<\/li>\n<li><a href=\"https:\/\/www.infraestruturameioambiente.sp.gov.br\/ipa\/colecoes\/herbario-maria-eneyda-pacheco-kauffmann-fidalgo-herbario-sp\/\">Herb\u00e1rio SP<\/a>\n<ul>\n<li><a href=\"https:\/\/www.infraestruturameioambiente.sp.gov.br\/ipa\/colecoes\/herbario-maria-eneyda-pacheco-kauffmann-fidalgo-herbario-sp\/herbario-seccional-de-algas-sp-algae\/\">Algas<\/a><\/li>\n<li>Bri\u00f3fitas<\/li>\n<li><strong>Vasculares<\/strong><\/li>\n<li><a href=\"https:\/\/www.infraestruturameioambiente.sp.gov.br\/ipa\/colecoes\/herbario-maria-eneyda-pacheco-kauffmann-fidalgo-herbario-sp\/herbario-seccional-de-fungos-sp-fungi\/\">Fungos<\/a><\/li>\n<\/ul>\n<\/li>\n<li><a href=\"https:\/\/www.infraestruturameioambiente.sp.gov.br\/ipa\/colecoes\/herbario-dom-bento-jose-pickel-spsf\/\">Herb\u00e1rio SPSF<\/a><\/li>\n<li>Litoteca<\/li>\n<li>Paleontol\u00f3gico<\/li>\n<li><a href=\"https:\/\/www.infraestruturameioambiente.sp.gov.br\/ipa\/colecoes\/palinoteca-do-laboratorio-de-palinologia-palino-ipa\/\">Palinoteca<\/a><\/li>\n<li>Petrogr\u00e1fica<\/li>\n<li>Xiloteca SPSFw<\/li>\n<\/ul>\n<p>[\/vc_column_text][\/vc_column][\/vc_row]<\/p>\n","protected":false},"excerpt":{"rendered":"<p>[vc_row][vc_column width=&#8221;2\/3&#8243;][vc_column_text] &nbsp; DESCRI\u00c7\u00c3O DO ACERVO O acervo de Plantas Vasculares \u00e9 composto de mais de 350.000 amostras, pertencentes a 395 fam\u00edlias, 4.686 g\u00eaneros e 37.158 esp\u00e9cies de angiospermas, gimnospermas, [&hellip;]<\/p>\n","protected":false},"author":196,"featured_media":0,"parent":4790,"menu_order":0,"comment_status":"closed","ping_status":"closed","template":"","meta":[],"_links":{"self":[{"href":"https:\/\/www.infraestruturameioambiente.sp.gov.br\/ipa\/wp-json\/wp\/v2\/pages\/4804"}],"collection":[{"href":"https:\/\/www.infraestruturameioambiente.sp.gov.br\/ipa\/wp-json\/wp\/v2\/pages"}],"about":[{"href":"https:\/\/www.infraestruturameioambiente.sp.gov.br\/ipa\/wp-json\/wp\/v2\/types\/page"}],"author":[{"embeddable":true,"href":"https:\/\/www.infraestruturameioambiente.sp.gov.br\/ipa\/wp-json\/wp\/v2\/users\/196"}],"replies":[{"embeddable":true,"href":"https:\/\/www.infraestruturameioambiente.sp.gov.br\/ipa\/wp-json\/wp\/v2\/comments?post=4804"}],"version-history":[{"count":7,"href":"https:\/\/www.infraestruturameioambiente.sp.gov.br\/ipa\/wp-json\/wp\/v2\/pages\/4804\/revisions"}],"predecessor-version":[{"id":7528,"href":"https:\/\/www.infraestruturameioambiente.sp.gov.br\/ipa\/wp-json\/wp\/v2\/pages\/4804\/revisions\/7528"}],"up":[{"embeddable":true,"href":"https:\/\/www.infraestruturameioambiente.sp.gov.br\/ipa\/wp-json\/wp\/v2\/pages\/4790"}],"wp:attachment":[{"href":"https:\/\/www.infraestruturameioambiente.sp.gov.br\/ipa\/wp-json\/wp\/v2\/media?parent=4804"}],"curies":[{"name":"wp","href":"https:\/\/api.w.org\/{rel}","templated":true}]}}