{"id":4222,"date":"2023-08-10T11:01:24","date_gmt":"2023-08-10T14:01:24","guid":{"rendered":"https:\/\/www.infraestruturameioambiente.sp.gov.br\/ipa\/?page_id=4222"},"modified":"2025-01-08T15:22:32","modified_gmt":"2025-01-08T18:22:32","slug":"serie-folhetos","status":"publish","type":"page","link":"https:\/\/www.infraestruturameioambiente.sp.gov.br\/ipa\/publicacoes\/serie-folhetos\/","title":{"rendered":"S\u00e9rie Folhetos"},"content":{"rendered":"<p>[vc_row][vc_column width=&#8221;2\/3&#8243;][vc_column_text]<a href=\"https:\/\/smastr16.blob.core.windows.net\/2001\/sites\/261\/2023\/08\/palmito-jucara.pdf\"><img decoding=\"async\" loading=\"lazy\" class=\"alignleft wp-image-4223 size-full\" src=\"https:\/\/smastr16.blob.core.windows.net\/2001\/sites\/261\/2023\/08\/folheto-jucara.jpg\" alt=\"\" width=\"186\" height=\"262\" srcset=\"https:\/\/smastr16.blob.core.windows.net\/2001\/sites\/261\/2023\/08\/folheto-jucara.jpg 186w, https:\/\/smastr16.blob.core.windows.net\/2001\/sites\/261\/2023\/08\/folheto-jucara-128x180.jpg 128w\" sizes=\"(max-width: 186px) 100vw, 186px\" \/><\/a><\/p>\n<p><span style=\"font-size: 14pt\">Folheto n\u00ba 26\/2002<\/span><br \/>\n<span style=\"font-size: 14pt\">Produ\u00e7\u00e3o de mudas de palmito-ju\u00e7ara<\/span><\/p>\n<p>Publica\u00e7\u00e3o que apresenta uma das formas de produ\u00e7\u00e3o de mudas da palmeira\u00a0<em>Euterpe edulis<\/em>\u00a0Mart., esp\u00e9cie nativa da mata atl\u00e2ntica, conhecida popularmente como palmito-ju\u00e7ara e fornecedora de palmito de excelente qualidade e sabor. A produ\u00e7\u00e3o de mudas dessa planta se aplica de forma mais econ\u00f4mica quando utilizada para fins paisag\u00edsticos e ornamentais, bem como em plantios consorciados com outras culturas.<\/p>\n<ul>\n<li><a href=\"https:\/\/smastr16.blob.core.windows.net\/2001\/sites\/261\/2023\/08\/palmito-jucara.pdf\">Visualizar publica\u00e7\u00e3o digitalizada<\/a><\/li>\n<\/ul>\n<p>[\/vc_column_text][\/vc_column][vc_column width=&#8221;1\/3&#8243;][vc_column_text]<span style=\"font-size: 14pt\"><strong>Publica\u00e7\u00f5es Cient\u00edficas<\/strong><\/span><\/p>\n<ul>\n<li>Anais\n<ul>\n<li><a href=\"https:\/\/www.infraestruturameioambiente.sp.gov.br\/ipa\/publicacoes\/anais-raibt\/\">Anais da RAIBt<\/a><\/li>\n<li><a href=\"https:\/\/www.infraestruturameioambiente.sp.gov.br\/ipa\/publicacoes\/anais-do-sipa\/\">Anais do SIPA<\/a><\/li>\n<\/ul>\n<\/li>\n<li>Boletins<\/li>\n<li>Cadernos<\/li>\n<li><a href=\"https:\/\/www.infraestruturameioambiente.sp.gov.br\/ipa\/caderno-de-resumo\/\">Cadernos de Resumos<\/a><\/li>\n<li><a href=\"https:\/\/www.infraestruturameioambiente.sp.gov.br\/ipa\/publicacoes\/cartilhas\/\">Cartilhas<\/a><\/li>\n<li><strong>Folhetos<\/strong> e Manuais<\/li>\n<li><a href=\"https:\/\/www.infraestruturameioambiente.sp.gov.br\/institutodebotanica\/ffesp_online\/\">Flora de S\u00e3o Paulo<\/a><\/li>\n<li>Livros<\/li>\n<li><a href=\"https:\/\/www.infraestruturameioambiente.sp.gov.br\/ipa\/publicacoes\/publicacoes-cientificas\/mapas\/\">Mapas<\/a><\/li>\n<li><a href=\"https:\/\/www.infraestruturameioambiente.sp.gov.br\/ipa\/publicacoes\/revistas-cientificas\/\">Peri\u00f3dicos<\/a><\/li>\n<li><a href=\"https:\/\/www.infraestruturameioambiente.sp.gov.br\/ipa\/relatorio\/\">Relat\u00f3rios<\/a><\/li>\n<li><a href=\"https:\/\/www.infraestruturameioambiente.sp.gov.br\/ipa\/publicacoes\/publicacoes-historicas\/\">Publica\u00e7\u00f5es Hist\u00f3ricas<\/a><\/li>\n<li><a href=\"https:\/\/www.infraestruturameioambiente.sp.gov.br\/ipa\/publicacoes\/venda-de-publicacoes\/\">Vendas de Publica\u00e7\u00f5es<\/a><\/li>\n<\/ul>\n<p>[\/vc_column_text][\/vc_column][\/vc_row][vc_row][vc_column][vc_column_text]<\/p>\n<hr \/>\n<p>[\/vc_column_text][\/vc_column][\/vc_row][vc_row][vc_column][vc_column_text]<br \/>\nINSTITUTO DE PESQUISAS AMBIENTAIS<br \/>\nN\u00daCLEO DE PUBLICA\u00c7\u00d5ES CIENT\u00cdFICAS<br \/>\nFone: (011) 5067-6051<br \/>\nE- mail:\u00a0<a href=\"mailto:ipa.npc@sp.gov.br\">ipa.npc@sp.gov.br<\/a>\u00a0e\u00a0<a href=\"mailto:kmsilva@sp.gov.br\">kmsilva@sp.gov.br<\/a>[\/vc_column_text][\/vc_column][\/vc_row]<\/p>\n","protected":false},"excerpt":{"rendered":"<p>[vc_row][vc_column width=&#8221;2\/3&#8243;][vc_column_text] Folheto n\u00ba 26\/2002 Produ\u00e7\u00e3o de mudas de palmito-ju\u00e7ara Publica\u00e7\u00e3o que apresenta uma das formas de produ\u00e7\u00e3o de mudas da palmeira\u00a0Euterpe edulis\u00a0Mart., esp\u00e9cie nativa da mata atl\u00e2ntica, conhecida popularmente [&hellip;]<\/p>\n","protected":false},"author":196,"featured_media":0,"parent":28,"menu_order":0,"comment_status":"closed","ping_status":"closed","template":"","meta":[],"_links":{"self":[{"href":"https:\/\/www.infraestruturameioambiente.sp.gov.br\/ipa\/wp-json\/wp\/v2\/pages\/4222"}],"collection":[{"href":"https:\/\/www.infraestruturameioambiente.sp.gov.br\/ipa\/wp-json\/wp\/v2\/pages"}],"about":[{"href":"https:\/\/www.infraestruturameioambiente.sp.gov.br\/ipa\/wp-json\/wp\/v2\/types\/page"}],"author":[{"embeddable":true,"href":"https:\/\/www.infraestruturameioambiente.sp.gov.br\/ipa\/wp-json\/wp\/v2\/users\/196"}],"replies":[{"embeddable":true,"href":"https:\/\/www.infraestruturameioambiente.sp.gov.br\/ipa\/wp-json\/wp\/v2\/comments?post=4222"}],"version-history":[{"count":12,"href":"https:\/\/www.infraestruturameioambiente.sp.gov.br\/ipa\/wp-json\/wp\/v2\/pages\/4222\/revisions"}],"predecessor-version":[{"id":7688,"href":"https:\/\/www.infraestruturameioambiente.sp.gov.br\/ipa\/wp-json\/wp\/v2\/pages\/4222\/revisions\/7688"}],"up":[{"embeddable":true,"href":"https:\/\/www.infraestruturameioambiente.sp.gov.br\/ipa\/wp-json\/wp\/v2\/pages\/28"}],"wp:attachment":[{"href":"https:\/\/www.infraestruturameioambiente.sp.gov.br\/ipa\/wp-json\/wp\/v2\/media?parent=4222"}],"curies":[{"name":"wp","href":"https:\/\/api.w.org\/{rel}","templated":true}]}}