{"id":422,"date":"2022-01-12T15:03:51","date_gmt":"2022-01-12T17:03:51","guid":{"rendered":"https:\/\/portal-sima-homologacao.azurewebsites.net\/ipa\/?page_id=422"},"modified":"2026-02-09T15:06:26","modified_gmt":"2026-02-09T18:06:26","slug":"comissao-de-ensino-e-extensao","status":"publish","type":"page","link":"https:\/\/www.infraestruturameioambiente.sp.gov.br\/ipa\/comissao-de-ensino-e-extensao\/","title":{"rendered":"Comiss\u00e3o de Ensino e Extens\u00e3o"},"content":{"rendered":"<p>[vc_row][vc_column width=&#8221;2\/3&#8243;][vc_column_text]<img decoding=\"async\" loading=\"lazy\" class=\"alignleft size-wcfixedheight wp-image-1232\" src=\"https:\/\/smastr16.blob.core.windows.net\/2001\/sites\/261\/2022\/04\/conselho-ensino-e-extensao-site-ipa-1-1358x500.jpg\" alt=\"\" width=\"1358\" height=\"500\" srcset=\"https:\/\/www.infraestruturameioambiente.sp.gov.br\/ipa\/wp-content\/uploads\/sites\/261\/2022\/04\/conselho-ensino-e-extensao-site-ipa-1-1358x500.jpg 1358w, https:\/\/www.infraestruturameioambiente.sp.gov.br\/ipa\/wp-content\/uploads\/sites\/261\/2022\/04\/conselho-ensino-e-extensao-site-ipa-1-300x110.jpg 300w, https:\/\/www.infraestruturameioambiente.sp.gov.br\/ipa\/wp-content\/uploads\/sites\/261\/2022\/04\/conselho-ensino-e-extensao-site-ipa-1-1024x377.jpg 1024w, https:\/\/www.infraestruturameioambiente.sp.gov.br\/ipa\/wp-content\/uploads\/sites\/261\/2022\/04\/conselho-ensino-e-extensao-site-ipa-1-768x283.jpg 768w, https:\/\/www.infraestruturameioambiente.sp.gov.br\/ipa\/wp-content\/uploads\/sites\/261\/2022\/04\/conselho-ensino-e-extensao-site-ipa-1-1536x566.jpg 1536w, https:\/\/www.infraestruturameioambiente.sp.gov.br\/ipa\/wp-content\/uploads\/sites\/261\/2022\/04\/conselho-ensino-e-extensao-site-ipa-1-250x92.jpg 250w, https:\/\/www.infraestruturameioambiente.sp.gov.br\/ipa\/wp-content\/uploads\/sites\/261\/2022\/04\/conselho-ensino-e-extensao-site-ipa-1-550x203.jpg 550w, https:\/\/www.infraestruturameioambiente.sp.gov.br\/ipa\/wp-content\/uploads\/sites\/261\/2022\/04\/conselho-ensino-e-extensao-site-ipa-1-800x295.jpg 800w, https:\/\/www.infraestruturameioambiente.sp.gov.br\/ipa\/wp-content\/uploads\/sites\/261\/2022\/04\/conselho-ensino-e-extensao-site-ipa-1-489x180.jpg 489w, https:\/\/www.infraestruturameioambiente.sp.gov.br\/ipa\/wp-content\/uploads\/sites\/261\/2022\/04\/conselho-ensino-e-extensao-site-ipa-1-815x300.jpg 815w, https:\/\/www.infraestruturameioambiente.sp.gov.br\/ipa\/wp-content\/uploads\/sites\/261\/2022\/04\/conselho-ensino-e-extensao-site-ipa-1.jpg 1765w\" sizes=\"(max-width: 1358px) 100vw, 1358px\" \/><\/p>\n<p>&nbsp;<\/p>\n<p>A Comiss\u00e3o de Ensino e Extens\u00e3o do <strong>IPA \u2013 Instituto de Pesquisas Ambientais <\/strong>auxilia a Coordenadoria de Gest\u00e3o do Conhecimento, no desenvolvimento de pol\u00edticas e programas de ensino e de extens\u00e3o, contribuindo na defini\u00e7\u00e3o de metas, objetivos e direcionamento, sempre em harmonia com as linhas e temas de pesquisa desenvolvidos pelo instituto. Tamb\u00e9m orienta o Departamento de Gest\u00e3o de Acervos e o Departamento de Ensino e Extens\u00e3o na produ\u00e7\u00e3o de documentos, destinados ao cumprimento de exig\u00eancias dos \u00f3rg\u00e3os autorizadores e de fomento das atividades de ensino e extens\u00e3o, e apoia as Divis\u00f5es de P\u00f3s-gradua\u00e7\u00e3o <em>Stricto Sensu<\/em> e P\u00f3s-gradua\u00e7\u00e3o <em>Lato Sesu<\/em>, Capacita\u00e7\u00e3o e Treinamento na defini\u00e7\u00e3o de diretrizes de articula\u00e7\u00e3o entre pesquisa, ensino e extens\u00e3o.<\/p>\n<p>\u00c9 respons\u00e1vel pela classifica\u00e7\u00e3o de programas, cursos e demais atividades de ensino e extens\u00e3o do IPA, e tamb\u00e9m pela proposi\u00e7\u00e3o e revis\u00e3o peri\u00f3dica de indicadores, para avalia\u00e7\u00e3o do alcance de metas, objetivos e direcionamento dessas atividades.<\/p>\n<p>Atua tanto nos processos de sele\u00e7\u00e3o e de admiss\u00e3o de docentes e discentes, como em arranjos colaborativos com institui\u00e7\u00f5es nacionais e estrangeiras, para aprimoramento das atividades de ensino e extens\u00e3o no IPA.<\/p>\n<p>Esta comiss\u00e3o avalia e emite pareceres circunstanciados sobre contratos, conv\u00eanios e outras formas de colabora\u00e7\u00e3o com entidades externas, al\u00e9m de elaborar relat\u00f3rios anuais, com resultados alcan\u00e7ados no per\u00edodo e propostas de metas e objetivos futuros.<\/p>\n<p>Composi\u00e7\u00e3o:<\/p>\n<div class=\"x_elementToProof\" data-ogsc=\"rgb(0, 0, 0)\"><b data-ogsc=\"\" data-olk-copy-source=\"MessageBody\">Membros da Comiss\u00e3o de Ensino e Extens\u00e3o do IPA (Portaria IPA N\u00ba 002 de 09\/05\/2025)<\/b><\/div>\n<div class=\"x_elementToProof\" data-ogsc=\"rgb(0, 0, 0)\"><b data-ogsc=\"\">Membros natos:<\/b><\/div>\n<div class=\"x_elementToProof\" data-ogsc=\"rgb(0, 0, 0)\"><u data-ogsc=\"\">Coordenadoria de Gest\u00e3o do Conhecimento<\/u>:<\/div>\n<div class=\"x_elementToProof\" data-ogsc=\"rgb(0, 0, 0)\">Titular: Vanessa Rebou\u00e7as dos Santos<\/div>\n<div class=\"x_elementToProof\" data-ogsc=\"rgb(0, 0, 0)\">Suplente: Marisa Domingos<\/div>\n<div class=\"x_elementToProof\" data-ogsc=\"rgb(0, 0, 0)\"><u data-ogsc=\"\">Departamento de Ensino e Extens\u00e3o:<\/u><\/div>\n<div class=\"x_elementToProof\" data-ogsc=\"rgb(0, 0, 0)\">Titular: Catarina Carvalho Nievola<\/div>\n<div class=\"x_elementToProof\" data-ogsc=\"rgb(0, 0, 0)\">Suplente: Iracema Helena Schoenlein-Crusius<\/div>\n<div class=\"x_elementToProof\" data-ogsc=\"rgb(0, 0, 0)\"><u data-ogsc=\"\">Divis\u00e3o de P\u00f3s-Gradua\u00e7\u00e3o Stricto Sensu:<\/u><\/div>\n<div class=\"x_elementToProof\" data-ogsc=\"rgb(0, 0, 0)\">Titular: Carla Ferragut<\/div>\n<div class=\"x_elementToProof\" data-ogsc=\"rgb(0, 0, 0)\">Suplente: Ros\u00e2ngela Sim\u00e3o Bianchini<\/div>\n<div class=\"x_elementToProof\" data-ogsc=\"rgb(0, 0, 0)\"><u data-ogsc=\"\">Divis\u00e3o de P\u00f3s-Gradua\u00e7\u00e3o Lato Sensu, Capacita\u00e7\u00e3o e Treinamento:<\/u><\/div>\n<div class=\"x_elementToProof\" data-ogsc=\"rgb(0, 0, 0)\">Titular: Vera Maria Valle Vitali<\/div>\n<div class=\"x_elementToProof\" data-ogsc=\"rgb(0, 0, 0)\">Suplente: Mirian Cilene Spasiani Rinaldi<\/div>\n<div class=\"x_elementToProof\" data-ogsc=\"rgb(0, 0, 0)\"><u data-ogsc=\"\">Departamento de Inova\u00e7\u00e3o Tecnol\u00f3gica:<\/u><\/div>\n<div class=\"x_elementToProof\" data-ogsc=\"rgb(0, 0, 0)\">Titular: Emerson Alves da Silva<\/div>\n<div class=\"x_elementToProof\" data-ogsc=\"rgb(0, 0, 0)\">Suplente: Miguel Luiz Menezes Freitas<\/div>\n<div class=\"x_elementToProof\" data-ogsc=\"rgb(0, 0, 0)\"><b data-ogsc=\"\">Membros externos:<\/b><\/div>\n<div class=\"x_elementToProof\" data-ogsc=\"rgb(0, 0, 0)\">Titular: Suzana Ursi<\/div>\n<div class=\"x_elementToProof\" data-ogsc=\"rgb(0, 0, 0)\">Suplente: Val\u00e9ria Cassano<\/div>\n<div class=\"x_elementToProof\" data-ogsc=\"rgb(0, 0, 0)\">Titular: Aline Andr\u00e9ia Cavalari Corete<\/div>\n<div class=\"x_elementToProof\" data-ogsc=\"rgb(0, 0, 0)\">Suplente: Paulo Takeo Sano<\/div>\n<div class=\"x_elementToProof\" data-ogsc=\"rgb(0, 0, 0)\"><b data-ogsc=\"\">Secret\u00e1ria Executiva:<\/b>\u00a0Caroline Vivian Gruber<\/div>\n<div class=\"x_elementToProof\" data-ogsc=\"rgb(0, 0, 0)\">e-mail: <a href=\"mailto:cee.ipa@sp.gov.br\">cee.ipa@sp.gov.br<\/a><\/div>\n<p>&nbsp;<\/p>\n<table style=\"width: 100%;border-collapse: collapse;border-style: solid;border-color: #000000;height: 216px\">\n<tbody>\n<tr style=\"height: 24px\">\n<td style=\"width: 50%;border-style: solid;text-align: center;height: 24px\" colspan=\"2\"><strong>PORTARIAS<\/strong><\/td>\n<\/tr>\n<tr style=\"height: 24px\">\n<td style=\"border-style: solid;height: 24px;text-align: left\" colspan=\"2\"><a href=\"https:\/\/smastr16.blob.core.windows.net\/2001\/sites\/261\/2026\/02\/portaria-ipa-n-002-2025-membros-comissao-de-ensino-e-extensao.pdf\"><span data-olk-copy-source=\"MessageBody\">Portaria IPA n\u00ba 002-2025 &#8211; Membros da Comiss\u00e3o de Ensino e Extens\u00e3o<\/span><\/a><strong><br \/>\n<\/strong><\/td>\n<\/tr>\n<tr style=\"height: 24px\">\n<td style=\"border-style: solid;height: 24px;text-align: left\" colspan=\"2\"><a href=\"https:\/\/smastr16.blob.core.windows.net\/2001\/sites\/261\/2026\/02\/portaria-ipa-no-003-2025-regimento-comissao-de-ensino-e-extensao.pdf\">Portaria IPA n\u00ba 003-2025 &#8211; Regimento da Comiss\u00e3o de Ensino e Extens\u00e3o<\/a><\/td>\n<\/tr>\n<tr style=\"height: 24px\">\n<td style=\"border-style: solid;height: 24px;text-align: center\" colspan=\"2\"><strong>ATAS<\/strong><\/td>\n<\/tr>\n<tr style=\"height: 24px\">\n<td style=\"width: 50%;height: 24px;border-style: solid;text-align: center\"><strong>TIPO DE REUNI\u00c3O<\/strong><\/td>\n<td style=\"width: 50%;height: 24px;border-style: solid;text-align: center\"><strong>DATA<\/strong><\/td>\n<\/tr>\n<tr style=\"height: 24px\">\n<td style=\"width: 50%;height: 72px;border-style: solid;text-align: center\" rowspan=\"3\"><strong>Reuni\u00e3o Ordin\u00e1ria<\/strong><\/td>\n<td style=\"width: 50%;height: 24px;border-style: solid;text-align: left\"><a href=\"https:\/\/smastr16.blob.core.windows.net\/2001\/sites\/261\/2023\/01\/ata_e_anexos_1_reuniao_comissao_ensino_extensao_21_06_22.pdf\">1\u00aa &#8211; 21\/06\/2022<\/a>\u00a0(PDF)<\/td>\n<\/tr>\n<tr style=\"height: 24px\">\n<td style=\"width: 50%;height: 24px;border-style: solid\"><\/td>\n<\/tr>\n<tr style=\"height: 24px\">\n<td style=\"width: 50%;height: 24px;border-style: solid\"><\/td>\n<\/tr>\n<tr style=\"height: 24px\">\n<td style=\"width: 50%;height: 24px;border-style: solid;text-align: center\"><strong>Reuni\u00e3o Extraordin\u00e1ria<\/strong><\/td>\n<td style=\"width: 50%;height: 24px;border-style: solid\"><\/td>\n<\/tr>\n<\/tbody>\n<\/table>\n<p>[\/vc_column_text][\/vc_column][vc_column width=&#8221;1\/3&#8243;][vc_column_text]<\/p>\n<h4>Gest\u00e3o do Conhecimento<\/h4>\n<ul>\n<li><a href=\"https:\/\/www.infraestruturameioambiente.sp.gov.br\/ipa\/orgaos-colegiados\/conselho-editorial\/\">Comiss\u00e3o Editorial<\/a><\/li>\n<li><strong>Comiss\u00e3o de Ensino e Extens\u00e3o<\/strong><\/li>\n<\/ul>\n<p>[\/vc_column_text][\/vc_column][\/vc_row]<\/p>\n","protected":false},"excerpt":{"rendered":"<p>[vc_row][vc_column width=&#8221;2\/3&#8243;][vc_column_text] &nbsp; A Comiss\u00e3o de Ensino e Extens\u00e3o do IPA \u2013 Instituto de Pesquisas Ambientais auxilia a Coordenadoria de Gest\u00e3o do Conhecimento, no desenvolvimento de pol\u00edticas e programas de [&hellip;]<\/p>\n","protected":false},"author":184,"featured_media":0,"parent":0,"menu_order":0,"comment_status":"closed","ping_status":"closed","template":"","meta":[],"_links":{"self":[{"href":"https:\/\/www.infraestruturameioambiente.sp.gov.br\/ipa\/wp-json\/wp\/v2\/pages\/422"}],"collection":[{"href":"https:\/\/www.infraestruturameioambiente.sp.gov.br\/ipa\/wp-json\/wp\/v2\/pages"}],"about":[{"href":"https:\/\/www.infraestruturameioambiente.sp.gov.br\/ipa\/wp-json\/wp\/v2\/types\/page"}],"author":[{"embeddable":true,"href":"https:\/\/www.infraestruturameioambiente.sp.gov.br\/ipa\/wp-json\/wp\/v2\/users\/184"}],"replies":[{"embeddable":true,"href":"https:\/\/www.infraestruturameioambiente.sp.gov.br\/ipa\/wp-json\/wp\/v2\/comments?post=422"}],"version-history":[{"count":12,"href":"https:\/\/www.infraestruturameioambiente.sp.gov.br\/ipa\/wp-json\/wp\/v2\/pages\/422\/revisions"}],"predecessor-version":[{"id":9256,"href":"https:\/\/www.infraestruturameioambiente.sp.gov.br\/ipa\/wp-json\/wp\/v2\/pages\/422\/revisions\/9256"}],"wp:attachment":[{"href":"https:\/\/www.infraestruturameioambiente.sp.gov.br\/ipa\/wp-json\/wp\/v2\/media?parent=422"}],"curies":[{"name":"wp","href":"https:\/\/api.w.org\/{rel}","templated":true}]}}